INSERT INTO `wp_mcafeposts` (`ID`, `post_author`, `post_date`, `post_date_gmt`, `post_content`, `post_title`, `post_excerpt`, `post_status`, `comment_status`, `ping_status`, `post_password`, `post_name`, `to_ping`, `pinged`, `post_modified`, `post_modified_gmt`, `post_content_filtered`, `post_parent`, `guid`, `menu_order`, `post_type`, `post_mime_type`, `comment_count`) VALUES
(1179, 1, '2023-11-26 09:23:23', '2023-11-26 09:23:23', '<style>/*! elementor - v3.10.0 - 09-01-2023 */\n.elementor-heading-title{padding:0;margin:0;line-height:1}.elementor-widget-heading .elementor-heading-title[class*=elementor-size-]>a{color:inherit;font-size:inherit;line-height:inherit}.elementor-widget-heading .elementor-heading-title.elementor-size-small{font-size:15px}.elementor-widget-heading .elementor-heading-title.elementor-size-medium{font-size:19px}.elementor-widget-heading .elementor-heading-title.elementor-size-large{font-size:29px}.elementor-widget-heading .elementor-heading-title.elementor-size-xl{font-size:39px}.elementor-widget-heading .elementor-heading-title.elementor-size-xxl{font-size:59px}</style><h2>Brunch n Brew</h2>		\n			<link rel=\"stylesheet\" href=\"http://localhost/MetroCafe/wp-content/plugins/elementor/assets/css/widget-icon-box.min.css\">		\n				<h3>\n						Kiosk k117/50 wyong road, Tuggerah, NSW, Australia, 2259					\n				</h3>\n				<h3>\n						+61 2 4303 6962					\n				</h3>\n				<h3>\n						brunchandbrewwestfield@outlook.com					\n				</h3>\n													<a data-elementor-open-lightbox=\"\"  class=\'elementor-clickable\' href=\"http://localhost/MetroCafe\">\n					<img  src=\"http://localhost/MetroCafe/wp-content/uploads/2023/11/Untitled-design-31-1-300x300.png\" alt=\"\"/>\n							</a>\n			<h2>Follow Us </h2>		\n			<style>/*! elementor - v3.10.0 - 09-01-2023 */\n.elementor-widget-social-icons.elementor-grid-0 .elementor-widget-container,.elementor-widget-social-icons.elementor-grid-mobile-0 .elementor-widget-container,.elementor-widget-social-icons.elementor-grid-tablet-0 .elementor-widget-container{line-height:1;font-size:0}.elementor-widget-social-icons:not(.elementor-grid-0):not(.elementor-grid-tablet-0):not(.elementor-grid-mobile-0) .elementor-grid{display:inline-grid}.elementor-widget-social-icons .elementor-grid{grid-column-gap:var(--grid-column-gap,5px);grid-row-gap:var(--grid-row-gap,5px);grid-template-columns:var(--grid-template-columns);justify-content:var(--justify-content,center);justify-items:var(--justify-content,center)}.elementor-icon.elementor-social-icon{font-size:var(--icon-size,25px);line-height:var(--icon-size,25px);width:calc(var(--icon-size, 25px) + (2 * var(--icon-padding, .5em)));height:calc(var(--icon-size, 25px) + (2 * var(--icon-padding, .5em)))}.elementor-social-icon{--e-social-icon-icon-color:#fff;display:inline-flex;background-color:#818a91;align-items:center;justify-content:center;text-align:center;cursor:pointer}.elementor-social-icon i{color:var(--e-social-icon-icon-color)}.elementor-social-icon svg{fill:var(--e-social-icon-icon-color)}.elementor-social-icon:last-child{margin:0}.elementor-social-icon:hover{opacity:.9;color:#fff}.elementor-social-icon-android{background-color:#a4c639}.elementor-social-icon-apple{background-color:#999}.elementor-social-icon-behance{background-color:#1769ff}.elementor-social-icon-bitbucket{background-color:#205081}.elementor-social-icon-codepen{background-color:#000}.elementor-social-icon-delicious{background-color:#39f}.elementor-social-icon-deviantart{background-color:#05cc47}.elementor-social-icon-digg{background-color:#005be2}.elementor-social-icon-dribbble{background-color:#ea4c89}.elementor-social-icon-elementor{background-color:#d30c5c}.elementor-social-icon-envelope{background-color:#ea4335}.elementor-social-icon-facebook,.elementor-social-icon-facebook-f{background-color:#3b5998}.elementor-social-icon-flickr{background-color:#0063dc}.elementor-social-icon-foursquare{background-color:#2d5be3}.elementor-social-icon-free-code-camp,.elementor-social-icon-freecodecamp{background-color:#006400}.elementor-social-icon-github{background-color:#333}.elementor-social-icon-gitlab{background-color:#e24329}.elementor-social-icon-globe{background-color:#818a91}.elementor-social-icon-google-plus,.elementor-social-icon-google-plus-g{background-color:#dd4b39}.elementor-social-icon-houzz{background-color:#7ac142}.elementor-social-icon-instagram{background-color:#262626}.elementor-social-icon-jsfiddle{background-color:#487aa2}.elementor-social-icon-link{background-color:#818a91}.elementor-social-icon-linkedin,.elementor-social-icon-linkedin-in{background-color:#0077b5}.elementor-social-icon-medium{background-color:#00ab6b}.elementor-social-icon-meetup{background-color:#ec1c40}.elementor-social-icon-mixcloud{background-color:#273a4b}.elementor-social-icon-odnoklassniki{background-color:#f4731c}.elementor-social-icon-pinterest{background-color:#bd081c}.elementor-social-icon-product-hunt{background-color:#da552f}.elementor-social-icon-reddit{background-color:#ff4500}.elementor-social-icon-rss{background-color:#f26522}.elementor-social-icon-shopping-cart{background-color:#4caf50}.elementor-social-icon-skype{background-color:#00aff0}.elementor-social-icon-slideshare{background-color:#0077b5}.elementor-social-icon-snapchat{background-color:#fffc00}.elementor-social-icon-soundcloud{background-color:#f80}.elementor-social-icon-spotify{background-color:#2ebd59}.elementor-social-icon-stack-overflow{background-color:#fe7a15}.elementor-social-icon-steam{background-color:#00adee}.elementor-social-icon-stumbleupon{background-color:#eb4924}.elementor-social-icon-telegram{background-color:#2ca5e0}.elementor-social-icon-thumb-tack{background-color:#1aa1d8}.elementor-social-icon-tripadvisor{background-color:#589442}.elementor-social-icon-tumblr{background-color:#35465c}.elementor-social-icon-twitch{background-color:#6441a5}.elementor-social-icon-twitter{background-color:#1da1f2}.elementor-social-icon-viber{background-color:#665cac}.elementor-social-icon-vimeo{background-color:#1ab7ea}.elementor-social-icon-vk{background-color:#45668e}.elementor-social-icon-weibo{background-color:#dd2430}.elementor-social-icon-weixin{background-color:#31a918}.elementor-social-icon-whatsapp{background-color:#25d366}.elementor-social-icon-wordpress{background-color:#21759b}.elementor-social-icon-xing{background-color:#026466}.elementor-social-icon-yelp{background-color:#af0606}.elementor-social-icon-youtube{background-color:#cd201f}.elementor-social-icon-500px{background-color:#0099e5}.elementor-shape-rounded .elementor-icon.elementor-social-icon{border-radius:10%}.elementor-shape-circle .elementor-icon.elementor-social-icon{border-radius:50%}</style>		\n					<a href=\"https://www.facebook.com/profile.php?id=61553247686528\" target=\"_blank\" rel=\"noopener\">\n						Facebook\n											</a>\n					<a href=\"https://www.twitter.com/\" target=\"_blank\" rel=\"noopener\">\n						Twitter\n											</a>\n					<a href=\"https://www.youtube.com/\" target=\"_blank\" rel=\"noopener\">\n						Youtube\n											</a>\n					<a href=\"https://www.instagram.com/\" target=\"_blank\" rel=\"noopener\">\n						Instagram\n											</a>\n		© [hfe_current_year] [hfe_site_title] | Powered by [hfe_site_title]		\n			<link rel=\"stylesheet\" href=\"http://localhost/MetroCafe/wp-content/plugins/elementor/assets/css/widget-icon-list.min.css\">		<ul>\n							<li>\n											<a href=\"mailto:brunchandbrewwestfield@outlook.com\">\n											</a>\n									</li>\n								<li>\n											<a href=\"https://www.facebook.com/profile.php?id=61553247686528\">\n											</a>\n									</li>\n								<li>\n											<a href=\"https://www.instagram.com/\">\n											</a>\n									</li>\n						</ul>', 'Footer', '', 'inherit', 'closed', 'closed', '', '909-revision-v1', '', '', '2023-11-26 09:23:23', '2023-11-26 09:23:23', '', 909, 'http://localhost/MetroCafe/?p=1179', 0, 'revision', '', 0),
(1180, 1, '2023-11-26 09:23:23', '2023-11-26 09:23:23', '<style>/*! elementor - v3.10.0 - 09-01-2023 */\n.elementor-heading-title{padding:0;margin:0;line-height:1}.elementor-widget-heading .elementor-heading-title[class*=elementor-size-]>a{color:inherit;font-size:inherit;line-height:inherit}.elementor-widget-heading .elementor-heading-title.elementor-size-small{font-size:15px}.elementor-widget-heading .elementor-heading-title.elementor-size-medium{font-size:19px}.elementor-widget-heading .elementor-heading-title.elementor-size-large{font-size:29px}.elementor-widget-heading .elementor-heading-title.elementor-size-xl{font-size:39px}.elementor-widget-heading .elementor-heading-title.elementor-size-xxl{font-size:59px}</style><h2>Brunch n Brew</h2>		\n			<link rel=\"stylesheet\" href=\"http://localhost/MetroCafe/wp-content/plugins/elementor/assets/css/widget-icon-box.min.css\">		\n				<h3>\n						Kiosk k117/50 wyong road, Tuggerah, NSW, Australia, 2259					\n				</h3>\n				<h3>\n						+61 2 4303 6962					\n				</h3>\n				<h3>\n						brunchandbrewwestfield@outlook.com					\n				</h3>\n													<a data-elementor-open-lightbox=\"\"  class=\'elementor-clickable\' href=\"http://localhost/MetroCafe\">\n					<img  src=\"http://localhost/MetroCafe/wp-content/uploads/2023/11/Untitled-design-31-1-300x300.png\" alt=\"\"/>\n							</a>\n			<h2>Follow Us </h2>		\n			<style>/*! elementor - v3.10.0 - 09-01-2023 */\n.elementor-widget-social-icons.elementor-grid-0 .elementor-widget-container,.elementor-widget-social-icons.elementor-grid-mobile-0 .elementor-widget-container,.elementor-widget-social-icons.elementor-grid-tablet-0 .elementor-widget-container{line-height:1;font-size:0}.elementor-widget-social-icons:not(.elementor-grid-0):not(.elementor-grid-tablet-0):not(.elementor-grid-mobile-0) .elementor-grid{display:inline-grid}.elementor-widget-social-icons .elementor-grid{grid-column-gap:var(--grid-column-gap,5px);grid-row-gap:var(--grid-row-gap,5px);grid-template-columns:var(--grid-template-columns);justify-content:var(--justify-content,center);justify-items:var(--justify-content,center)}.elementor-icon.elementor-social-icon{font-size:var(--icon-size,25px);line-height:var(--icon-size,25px);width:calc(var(--icon-size, 25px) + (2 * var(--icon-padding, .5em)));height:calc(var(--icon-size, 25px) + (2 * var(--icon-padding, .5em)))}.elementor-social-icon{--e-social-icon-icon-color:#fff;display:inline-flex;background-color:#818a91;align-items:center;justify-content:center;text-align:center;cursor:pointer}.elementor-social-icon i{color:var(--e-social-icon-icon-color)}.elementor-social-icon svg{fill:var(--e-social-icon-icon-color)}.elementor-social-icon:last-child{margin:0}.elementor-social-icon:hover{opacity:.9;color:#fff}.elementor-social-icon-android{background-color:#a4c639}.elementor-social-icon-apple{background-color:#999}.elementor-social-icon-behance{background-color:#1769ff}.elementor-social-icon-bitbucket{background-color:#205081}.elementor-social-icon-codepen{background-color:#000}.elementor-social-icon-delicious{background-color:#39f}.elementor-social-icon-deviantart{background-color:#05cc47}.elementor-social-icon-digg{background-color:#005be2}.elementor-social-icon-dribbble{background-color:#ea4c89}.elementor-social-icon-elementor{background-color:#d30c5c}.elementor-social-icon-envelope{background-color:#ea4335}.elementor-social-icon-facebook,.elementor-social-icon-facebook-f{background-color:#3b5998}.elementor-social-icon-flickr{background-color:#0063dc}.elementor-social-icon-foursquare{background-color:#2d5be3}.elementor-social-icon-free-code-camp,.elementor-social-icon-freecodecamp{background-color:#006400}.elementor-social-icon-github{background-color:#333}.elementor-social-icon-gitlab{background-color:#e24329}.elementor-social-icon-globe{background-color:#818a91}.elementor-social-icon-google-plus,.elementor-social-icon-google-plus-g{background-color:#dd4b39}.elementor-social-icon-houzz{background-color:#7ac142}.elementor-social-icon-instagram{background-color:#262626}.elementor-social-icon-jsfiddle{background-color:#487aa2}.elementor-social-icon-link{background-color:#818a91}.elementor-social-icon-linkedin,.elementor-social-icon-linkedin-in{background-color:#0077b5}.elementor-social-icon-medium{background-color:#00ab6b}.elementor-social-icon-meetup{background-color:#ec1c40}.elementor-social-icon-mixcloud{background-color:#273a4b}.elementor-social-icon-odnoklassniki{background-color:#f4731c}.elementor-social-icon-pinterest{background-color:#bd081c}.elementor-social-icon-product-hunt{background-color:#da552f}.elementor-social-icon-reddit{background-color:#ff4500}.elementor-social-icon-rss{background-color:#f26522}.elementor-social-icon-shopping-cart{background-color:#4caf50}.elementor-social-icon-skype{background-color:#00aff0}.elementor-social-icon-slideshare{background-color:#0077b5}.elementor-social-icon-snapchat{background-color:#fffc00}.elementor-social-icon-soundcloud{background-color:#f80}.elementor-social-icon-spotify{background-color:#2ebd59}.elementor-social-icon-stack-overflow{background-color:#fe7a15}.elementor-social-icon-steam{background-color:#00adee}.elementor-social-icon-stumbleupon{background-color:#eb4924}.elementor-social-icon-telegram{background-color:#2ca5e0}.elementor-social-icon-thumb-tack{background-color:#1aa1d8}.elementor-social-icon-tripadvisor{background-color:#589442}.elementor-social-icon-tumblr{background-color:#35465c}.elementor-social-icon-twitch{background-color:#6441a5}.elementor-social-icon-twitter{background-color:#1da1f2}.elementor-social-icon-viber{background-color:#665cac}.elementor-social-icon-vimeo{background-color:#1ab7ea}.elementor-social-icon-vk{background-color:#45668e}.elementor-social-icon-weibo{background-color:#dd2430}.elementor-social-icon-weixin{background-color:#31a918}.elementor-social-icon-whatsapp{background-color:#25d366}.elementor-social-icon-wordpress{background-color:#21759b}.elementor-social-icon-xing{background-color:#026466}.elementor-social-icon-yelp{background-color:#af0606}.elementor-social-icon-youtube{background-color:#cd201f}.elementor-social-icon-500px{background-color:#0099e5}.elementor-shape-rounded .elementor-icon.elementor-social-icon{border-radius:10%}.elementor-shape-circle .elementor-icon.elementor-social-icon{border-radius:50%}</style>		\n					<a href=\"https://www.facebook.com/profile.php?id=61553247686528\" target=\"_blank\" rel=\"noopener\">\n						Facebook\n											</a>\n					<a href=\"https://www.twitter.com/\" target=\"_blank\" rel=\"noopener\">\n						Twitter\n											</a>\n					<a href=\"https://www.youtube.com/\" target=\"_blank\" rel=\"noopener\">\n						Youtube\n											</a>\n					<a href=\"https://www.instagram.com/\" target=\"_blank\" rel=\"noopener\">\n						Instagram\n											</a>\n		© [hfe_current_year] [hfe_site_title] | Powered by [hfe_site_title]		\n			<link rel=\"stylesheet\" href=\"http://localhost/MetroCafe/wp-content/plugins/elementor/assets/css/widget-icon-list.min.css\">		<ul>\n							<li>\n											<a href=\"mailto:brunchandbrewwestfield@outlook.com\">\n											</a>\n									</li>\n								<li>\n											<a href=\"https://www.facebook.com/profile.php?id=61553247686528\">\n											</a>\n									</li>\n								<li>\n											<a href=\"https://www.instagram.com/\">\n											</a>\n									</li>\n						</ul>', 'Footer', '', 'inherit', 'closed', 'closed', '', '909-revision-v1', '', '', '2023-11-26 09:23:23', '2023-11-26 09:23:23', '', 909, 'http://localhost/MetroCafe/?p=1180', 0, 'revision', '', 0),
(1181, 1, '2023-11-26 09:23:23', '2023-11-26 09:23:23', '<style>/*! elementor - v3.10.0 - 09-01-2023 */\n.elementor-heading-title{padding:0;margin:0;line-height:1}.elementor-widget-heading .elementor-heading-title[class*=elementor-size-]>a{color:inherit;font-size:inherit;line-height:inherit}.elementor-widget-heading .elementor-heading-title.elementor-size-small{font-size:15px}.elementor-widget-heading .elementor-heading-title.elementor-size-medium{font-size:19px}.elementor-widget-heading .elementor-heading-title.elementor-size-large{font-size:29px}.elementor-widget-heading .elementor-heading-title.elementor-size-xl{font-size:39px}.elementor-widget-heading .elementor-heading-title.elementor-size-xxl{font-size:59px}</style><h2>Brunch n Brew</h2>		\n			<link rel=\"stylesheet\" href=\"http://localhost/MetroCafe/wp-content/plugins/elementor/assets/css/widget-icon-box.min.css\">		\n				<h3>\n						Kiosk k117/50 wyong road, Tuggerah, NSW, Australia, 2259					\n				</h3>\n				<h3>\n						+61 2 4303 6962					\n				</h3>\n				<h3>\n						brunchandbrewwestfield@outlook.com					\n				</h3>\n													<a data-elementor-open-lightbox=\"\"  class=\'elementor-clickable\' href=\"http://localhost/MetroCafe\">\n					<img  src=\"http://localhost/MetroCafe/wp-content/uploads/2023/11/Untitled-design-31-1-300x300.png\" alt=\"\"/>\n							</a>\n			<h2>Follow Us </h2>		\n			<style>/*! elementor - v3.10.0 - 09-01-2023 */\n.elementor-widget-social-icons.elementor-grid-0 .elementor-widget-container,.elementor-widget-social-icons.elementor-grid-mobile-0 .elementor-widget-container,.elementor-widget-social-icons.elementor-grid-tablet-0 .elementor-widget-container{line-height:1;font-size:0}.elementor-widget-social-icons:not(.elementor-grid-0):not(.elementor-grid-tablet-0):not(.elementor-grid-mobile-0) .elementor-grid{display:inline-grid}.elementor-widget-social-icons .elementor-grid{grid-column-gap:var(--grid-column-gap,5px);grid-row-gap:var(--grid-row-gap,5px);grid-template-columns:var(--grid-template-columns);justify-content:var(--justify-content,center);justify-items:var(--justify-content,center)}.elementor-icon.elementor-social-icon{font-size:var(--icon-size,25px);line-height:var(--icon-size,25px);width:calc(var(--icon-size, 25px) + (2 * var(--icon-padding, .5em)));height:calc(var(--icon-size, 25px) + (2 * var(--icon-padding, .5em)))}.elementor-social-icon{--e-social-icon-icon-color:#fff;display:inline-flex;background-color:#818a91;align-items:center;justify-content:center;text-align:center;cursor:pointer}.elementor-social-icon i{color:var(--e-social-icon-icon-color)}.elementor-social-icon svg{fill:var(--e-social-icon-icon-color)}.elementor-social-icon:last-child{margin:0}.elementor-social-icon:hover{opacity:.9;color:#fff}.elementor-social-icon-android{background-color:#a4c639}.elementor-social-icon-apple{background-color:#999}.elementor-social-icon-behance{background-color:#1769ff}.elementor-social-icon-bitbucket{background-color:#205081}.elementor-social-icon-codepen{background-color:#000}.elementor-social-icon-delicious{background-color:#39f}.elementor-social-icon-deviantart{background-color:#05cc47}.elementor-social-icon-digg{background-color:#005be2}.elementor-social-icon-dribbble{background-color:#ea4c89}.elementor-social-icon-elementor{background-color:#d30c5c}.elementor-social-icon-envelope{background-color:#ea4335}.elementor-social-icon-facebook,.elementor-social-icon-facebook-f{background-color:#3b5998}.elementor-social-icon-flickr{background-color:#0063dc}.elementor-social-icon-foursquare{background-color:#2d5be3}.elementor-social-icon-free-code-camp,.elementor-social-icon-freecodecamp{background-color:#006400}.elementor-social-icon-github{background-color:#333}.elementor-social-icon-gitlab{background-color:#e24329}.elementor-social-icon-globe{background-color:#818a91}.elementor-social-icon-google-plus,.elementor-social-icon-google-plus-g{background-color:#dd4b39}.elementor-social-icon-houzz{background-color:#7ac142}.elementor-social-icon-instagram{background-color:#262626}.elementor-social-icon-jsfiddle{background-color:#487aa2}.elementor-social-icon-link{background-color:#818a91}.elementor-social-icon-linkedin,.elementor-social-icon-linkedin-in{background-color:#0077b5}.elementor-social-icon-medium{background-color:#00ab6b}.elementor-social-icon-meetup{background-color:#ec1c40}.elementor-social-icon-mixcloud{background-color:#273a4b}.elementor-social-icon-odnoklassniki{background-color:#f4731c}.elementor-social-icon-pinterest{background-color:#bd081c}.elementor-social-icon-product-hunt{background-color:#da552f}.elementor-social-icon-reddit{background-color:#ff4500}.elementor-social-icon-rss{background-color:#f26522}.elementor-social-icon-shopping-cart{background-color:#4caf50}.elementor-social-icon-skype{background-color:#00aff0}.elementor-social-icon-slideshare{background-color:#0077b5}.elementor-social-icon-snapchat{background-color:#fffc00}.elementor-social-icon-soundcloud{background-color:#f80}.elementor-social-icon-spotify{background-color:#2ebd59}.elementor-social-icon-stack-overflow{background-color:#fe7a15}.elementor-social-icon-steam{background-color:#00adee}.elementor-social-icon-stumbleupon{background-color:#eb4924}.elementor-social-icon-telegram{background-color:#2ca5e0}.elementor-social-icon-thumb-tack{background-color:#1aa1d8}.elementor-social-icon-tripadvisor{background-color:#589442}.elementor-social-icon-tumblr{background-color:#35465c}.elementor-social-icon-twitch{background-color:#6441a5}.elementor-social-icon-twitter{background-color:#1da1f2}.elementor-social-icon-viber{background-color:#665cac}.elementor-social-icon-vimeo{background-color:#1ab7ea}.elementor-social-icon-vk{background-color:#45668e}.elementor-social-icon-weibo{background-color:#dd2430}.elementor-social-icon-weixin{background-color:#31a918}.elementor-social-icon-whatsapp{background-color:#25d366}.elementor-social-icon-wordpress{background-color:#21759b}.elementor-social-icon-xing{background-color:#026466}.elementor-social-icon-yelp{background-color:#af0606}.elementor-social-icon-youtube{background-color:#cd201f}.elementor-social-icon-500px{background-color:#0099e5}.elementor-shape-rounded .elementor-icon.elementor-social-icon{border-radius:10%}.elementor-shape-circle .elementor-icon.elementor-social-icon{border-radius:50%}</style>		\n					<a href=\"https://www.facebook.com/profile.php?id=61553247686528\" target=\"_blank\" rel=\"noopener\">\n						Facebook\n											</a>\n					<a href=\"https://www.twitter.com/\" target=\"_blank\" rel=\"noopener\">\n						Twitter\n											</a>\n					<a href=\"https://www.youtube.com/\" target=\"_blank\" rel=\"noopener\">\n						Youtube\n											</a>\n					<a href=\"https://www.instagram.com/\" target=\"_blank\" rel=\"noopener\">\n						Instagram\n											</a>\n		© [hfe_current_year] [hfe_site_title] | Powered by [hfe_site_title]		\n			<link rel=\"stylesheet\" href=\"http://localhost/MetroCafe/wp-content/plugins/elementor/assets/css/widget-icon-list.min.css\">		<ul>\n							<li>\n											<a href=\"mailto:brunchandbrewwestfield@outlook.com\">\n											</a>\n									</li>\n								<li>\n											<a href=\"https://www.facebook.com/profile.php?id=61553247686528\">\n											</a>\n									</li>\n								<li>\n											<a href=\"https://www.instagram.com/\">\n											</a>\n									</li>\n						</ul>', 'Footer', '', 'inherit', 'closed', 'closed', '', '909-revision-v1', '', '', '2023-11-26 09:23:23', '2023-11-26 09:23:23', '', 909, 'http://localhost/MetroCafe/?p=1181', 0, 'revision', '', 0),
(1182, 1, '2023-11-26 09:25:28', '2023-11-26 09:25:28', '<style>/*! elementor - v3.10.0 - 09-01-2023 */\n.elementor-heading-title{padding:0;margin:0;line-height:1}.elementor-widget-heading .elementor-heading-title[class*=elementor-size-]>a{color:inherit;font-size:inherit;line-height:inherit}.elementor-widget-heading .elementor-heading-title.elementor-size-small{font-size:15px}.elementor-widget-heading .elementor-heading-title.elementor-size-medium{font-size:19px}.elementor-widget-heading .elementor-heading-title.elementor-size-large{font-size:29px}.elementor-widget-heading .elementor-heading-title.elementor-size-xl{font-size:39px}.elementor-widget-heading .elementor-heading-title.elementor-size-xxl{font-size:59px}</style><h2>Brunch n Brew</h2>		\n			<link rel=\"stylesheet\" href=\"http://localhost/MetroCafe/wp-content/plugins/elementor/assets/css/widget-icon-box.min.css\">		\n				<h3>\n						Kiosk k117/50 wyong road, Tuggerah, NSW, Australia, 2259					\n				</h3>\n				<h3>\n						+61 2 4303 6962					\n				</h3>\n				<h3>\n						brunchandbrewwestfield@outlook.com					\n				</h3>\n						<figure>\n													<a data-elementor-open-lightbox=\"\"  class=\'elementor-clickable\' href=\"http://localhost/MetroCafe\">\n					<img  src=\"http://localhost/MetroCafe/wp-content/uploads/2023/11/Untitled-design-31-1-300x300.png\" alt=\"\"/>\n							</a>\n						<figcaption>Brunch n Brew</figcaption>\n							</figure>\n			<h2>Follow Us </h2>		\n			<style>/*! elementor - v3.10.0 - 09-01-2023 */\n.elementor-widget-social-icons.elementor-grid-0 .elementor-widget-container,.elementor-widget-social-icons.elementor-grid-mobile-0 .elementor-widget-container,.elementor-widget-social-icons.elementor-grid-tablet-0 .elementor-widget-container{line-height:1;font-size:0}.elementor-widget-social-icons:not(.elementor-grid-0):not(.elementor-grid-tablet-0):not(.elementor-grid-mobile-0) .elementor-grid{display:inline-grid}.elementor-widget-social-icons .elementor-grid{grid-column-gap:var(--grid-column-gap,5px);grid-row-gap:var(--grid-row-gap,5px);grid-template-columns:var(--grid-template-columns);justify-content:var(--justify-content,center);justify-items:var(--justify-content,center)}.elementor-icon.elementor-social-icon{font-size:var(--icon-size,25px);line-height:var(--icon-size,25px);width:calc(var(--icon-size, 25px) + (2 * var(--icon-padding, .5em)));height:calc(var(--icon-size, 25px) + (2 * var(--icon-padding, .5em)))}.elementor-social-icon{--e-social-icon-icon-color:#fff;display:inline-flex;background-color:#818a91;align-items:center;justify-content:center;text-align:center;cursor:pointer}.elementor-social-icon i{color:var(--e-social-icon-icon-color)}.elementor-social-icon svg{fill:var(--e-social-icon-icon-color)}.elementor-social-icon:last-child{margin:0}.elementor-social-icon:hover{opacity:.9;color:#fff}.elementor-social-icon-android{background-color:#a4c639}.elementor-social-icon-apple{background-color:#999}.elementor-social-icon-behance{background-color:#1769ff}.elementor-social-icon-bitbucket{background-color:#205081}.elementor-social-icon-codepen{background-color:#000}.elementor-social-icon-delicious{background-color:#39f}.elementor-social-icon-deviantart{background-color:#05cc47}.elementor-social-icon-digg{background-color:#005be2}.elementor-social-icon-dribbble{background-color:#ea4c89}.elementor-social-icon-elementor{background-color:#d30c5c}.elementor-social-icon-envelope{background-color:#ea4335}.elementor-social-icon-facebook,.elementor-social-icon-facebook-f{background-color:#3b5998}.elementor-social-icon-flickr{background-color:#0063dc}.elementor-social-icon-foursquare{background-color:#2d5be3}.elementor-social-icon-free-code-camp,.elementor-social-icon-freecodecamp{background-color:#006400}.elementor-social-icon-github{background-color:#333}.elementor-social-icon-gitlab{background-color:#e24329}.elementor-social-icon-globe{background-color:#818a91}.elementor-social-icon-google-plus,.elementor-social-icon-google-plus-g{background-color:#dd4b39}.elementor-social-icon-houzz{background-color:#7ac142}.elementor-social-icon-instagram{background-color:#262626}.elementor-social-icon-jsfiddle{background-color:#487aa2}.elementor-social-icon-link{background-color:#818a91}.elementor-social-icon-linkedin,.elementor-social-icon-linkedin-in{background-color:#0077b5}.elementor-social-icon-medium{background-color:#00ab6b}.elementor-social-icon-meetup{background-color:#ec1c40}.elementor-social-icon-mixcloud{background-color:#273a4b}.elementor-social-icon-odnoklassniki{background-color:#f4731c}.elementor-social-icon-pinterest{background-color:#bd081c}.elementor-social-icon-product-hunt{background-color:#da552f}.elementor-social-icon-reddit{background-color:#ff4500}.elementor-social-icon-rss{background-color:#f26522}.elementor-social-icon-shopping-cart{background-color:#4caf50}.elementor-social-icon-skype{background-color:#00aff0}.elementor-social-icon-slideshare{background-color:#0077b5}.elementor-social-icon-snapchat{background-color:#fffc00}.elementor-social-icon-soundcloud{background-color:#f80}.elementor-social-icon-spotify{background-color:#2ebd59}.elementor-social-icon-stack-overflow{background-color:#fe7a15}.elementor-social-icon-steam{background-color:#00adee}.elementor-social-icon-stumbleupon{background-color:#eb4924}.elementor-social-icon-telegram{background-color:#2ca5e0}.elementor-social-icon-thumb-tack{background-color:#1aa1d8}.elementor-social-icon-tripadvisor{background-color:#589442}.elementor-social-icon-tumblr{background-color:#35465c}.elementor-social-icon-twitch{background-color:#6441a5}.elementor-social-icon-twitter{background-color:#1da1f2}.elementor-social-icon-viber{background-color:#665cac}.elementor-social-icon-vimeo{background-color:#1ab7ea}.elementor-social-icon-vk{background-color:#45668e}.elementor-social-icon-weibo{background-color:#dd2430}.elementor-social-icon-weixin{background-color:#31a918}.elementor-social-icon-whatsapp{background-color:#25d366}.elementor-social-icon-wordpress{background-color:#21759b}.elementor-social-icon-xing{background-color:#026466}.elementor-social-icon-yelp{background-color:#af0606}.elementor-social-icon-youtube{background-color:#cd201f}.elementor-social-icon-500px{background-color:#0099e5}.elementor-shape-rounded .elementor-icon.elementor-social-icon{border-radius:10%}.elementor-shape-circle .elementor-icon.elementor-social-icon{border-radius:50%}</style>		\n					<a href=\"https://www.facebook.com/profile.php?id=61553247686528\" target=\"_blank\" rel=\"noopener\">\n						Facebook\n											</a>\n					<a href=\"https://www.twitter.com/\" target=\"_blank\" rel=\"noopener\">\n						Twitter\n											</a>\n					<a href=\"https://www.youtube.com/\" target=\"_blank\" rel=\"noopener\">\n						Youtube\n											</a>\n					<a href=\"https://www.instagram.com/\" target=\"_blank\" rel=\"noopener\">\n						Instagram\n											</a>\n		© [hfe_current_year] [hfe_site_title] | Powered by [hfe_site_title]		\n			<link rel=\"stylesheet\" href=\"http://localhost/MetroCafe/wp-content/plugins/elementor/assets/css/widget-icon-list.min.css\">		<ul>\n							<li>\n											<a href=\"mailto:brunchandbrewwestfield@outlook.com\">\n											</a>\n									</li>\n								<li>\n											<a href=\"https://www.facebook.com/profile.php?id=61553247686528\">\n											</a>\n									</li>\n								<li>\n											<a href=\"https://www.instagram.com/\">\n											</a>\n									</li>\n						</ul>', 'Footer', '', 'inherit', 'closed', 'closed', '', '909-autosave-v1', '', '', '2023-11-26 09:25:28', '2023-11-26 09:25:28', '', 909, 'http://localhost/MetroCafe/?p=1182', 0, 'revision', '', 0),
(1183, 1, '2023-11-26 10:02:53', '2023-11-26 10:02:53', '', '21592938_6479642', '', 'inherit', 'open', 'closed', '', '21592938_6479642', '', '', '2023-11-26 10:02:53', '2023-11-26 10:02:53', '', 568, 'http://localhost/MetroCafe/wp-content/uploads/2023/11/21592938_6479642.jpg', 0, 'attachment', 'image/jpeg', 0),
(1184, 1, '2023-11-26 10:03:08', '2023-11-26 10:03:08', '<style>/*! elementor - v3.10.0 - 09-01-2023 */\n.elementor-heading-title{padding:0;margin:0;line-height:1}.elementor-widget-heading .elementor-heading-title[class*=elementor-size-]>a{color:inherit;font-size:inherit;line-height:inherit}.elementor-widget-heading .elementor-heading-title.elementor-size-small{font-size:15px}.elementor-widget-heading .elementor-heading-title.elementor-size-medium{font-size:19px}.elementor-widget-heading .elementor-heading-title.elementor-size-large{font-size:29px}.elementor-widget-heading .elementor-heading-title.elementor-size-xl{font-size:39px}.elementor-widget-heading .elementor-heading-title.elementor-size-xxl{font-size:59px}</style><h3>Best in Town</h3>		\n			<h1>Brunch n Brew</h1>		\n			<a href=\"http://localhost/MetroCafe/reservation/\" role=\"button\">\n						Book Table\n					</a>\n			<a href=\"http://localhost/MetroCafe/take-away/\" role=\"button\">\n						Take Away\n					</a>\n			<h2>Brunch n Brew</h2>		\n			<style>/*! elementor - v3.10.0 - 09-01-2023 */\n.elementor-widget-image{text-align:center}.elementor-widget-image a{display:inline-block}.elementor-widget-image a img[src$=\".svg\"]{width:48px}.elementor-widget-image img{vertical-align:middle;display:inline-block}</style>												<img width=\"200\" height=\"35\" src=\"http://localhost/MetroCafe/wp-content/uploads/2023/01/divider-free-img-1.png\" alt=\"\" loading=\"lazy\" />															\n			<h6>Our Delicious Story</h6>		\n		<p><strong>Lorem Ipsum</strong> is simply dummy text of the printing and typesetting industry. Lorem Ipsum has been the industry\'s standard dummy text ever since the 1500s, when an unknown printer took a galley of type and scrambled it to make a type specimen book. It has survived not only five centuries, but also the leap into electronic typesetting, remaining essentially unchanged.</p>		\n			<a href=\"http://localhost/MetroCafe/about-us/\" role=\"button\">\n						Read More\n					</a>\n															<img width=\"993\" height=\"1200\" src=\"http://localhost/MetroCafe/wp-content/uploads/2023/01/eeqbbemh9-c.jpg\" alt=\"baked pancakes\" loading=\"lazy\" />															\n															<img width=\"800\" height=\"1200\" src=\"http://localhost/MetroCafe/wp-content/uploads/2023/01/zuns99pgdg0.jpg\" alt=\"shallow focus photography of coffee late in mug on table\" loading=\"lazy\" />															\n			<h2>Our Menu</h2>		\n			<h6>Featured Delicious </h6>		\n															<img width=\"200\" height=\"35\" src=\"http://localhost/MetroCafe/wp-content/uploads/2023/01/divider-free-img-1.png\" alt=\"\" loading=\"lazy\" />															\n			<a href=\"http://localhost/MetroCafe/take-away/\" role=\"button\">\n						Menu\n					</a>\n			<style>/*! elementor - v3.10.0 - 09-01-2023 */\n.elementor-widget-divider{--divider-border-style:none;--divider-border-width:1px;--divider-color:#2c2c2c;--divider-icon-size:20px;--divider-element-spacing:10px;--divider-pattern-height:24px;--divider-pattern-size:20px;--divider-pattern-url:none;--divider-pattern-repeat:repeat-x}.elementor-widget-divider .elementor-divider{display:flex}.elementor-widget-divider .elementor-divider__text{font-size:15px;line-height:1;max-width:95%}.elementor-widget-divider .elementor-divider__element{margin:0 var(--divider-element-spacing);flex-shrink:0}.elementor-widget-divider .elementor-icon{font-size:var(--divider-icon-size)}.elementor-widget-divider .elementor-divider-separator{display:flex;margin:0;direction:ltr}.elementor-widget-divider--view-line_icon .elementor-divider-separator,.elementor-widget-divider--view-line_text .elementor-divider-separator{align-items:center}.elementor-widget-divider--view-line_icon .elementor-divider-separator:after,.elementor-widget-divider--view-line_icon .elementor-divider-separator:before,.elementor-widget-divider--view-line_text .elementor-divider-separator:after,.elementor-widget-divider--view-line_text .elementor-divider-separator:before{display:block;content:\"\";border-bottom:0;flex-grow:1;border-top:var(--divider-border-width) var(--divider-border-style) var(--divider-color)}.elementor-widget-divider--element-align-left .elementor-divider .elementor-divider-separator>.elementor-divider__svg:first-of-type{flex-grow:0;flex-shrink:100}.elementor-widget-divider--element-align-left .elementor-divider-separator:before{content:none}.elementor-widget-divider--element-align-left .elementor-divider__element{margin-left:0}.elementor-widget-divider--element-align-right .elementor-divider .elementor-divider-separator>.elementor-divider__svg:last-of-type{flex-grow:0;flex-shrink:100}.elementor-widget-divider--element-align-right .elementor-divider-separator:after{content:none}.elementor-widget-divider--element-align-right .elementor-divider__element{margin-right:0}.elementor-widget-divider:not(.elementor-widget-divider--view-line_text):not(.elementor-widget-divider--view-line_icon) .elementor-divider-separator{border-top:var(--divider-border-width) var(--divider-border-style) var(--divider-color)}.elementor-widget-divider--separator-type-pattern{--divider-border-style:none}.elementor-widget-divider--separator-type-pattern.elementor-widget-divider--view-line .elementor-divider-separator,.elementor-widget-divider--separator-type-pattern:not(.elementor-widget-divider--view-line) .elementor-divider-separator:after,.elementor-widget-divider--separator-type-pattern:not(.elementor-widget-divider--view-line) .elementor-divider-separator:before,.elementor-widget-divider--separator-type-pattern:not([class*=elementor-widget-divider--view]) .elementor-divider-separator{width:100%;min-height:var(--divider-pattern-height);-webkit-mask-size:var(--divider-pattern-size) 100%;mask-size:var(--divider-pattern-size) 100%;-webkit-mask-repeat:var(--divider-pattern-repeat);mask-repeat:var(--divider-pattern-repeat);background-color:var(--divider-color);-webkit-mask-image:var(--divider-pattern-url);mask-image:var(--divider-pattern-url)}.elementor-widget-divider--no-spacing{--divider-pattern-size:auto}.elementor-widget-divider--bg-round{--divider-pattern-repeat:round}.rtl .elementor-widget-divider .elementor-divider__text{direction:rtl}.e-con-inner>.elementor-widget-divider,.e-con>.elementor-widget-divider{width:var(--container-widget-width);--flex-grow:var(--container-widget-flex-grow)}</style>		\n															<img width=\"100\" height=\"100\" src=\"http://localhost/MetroCafe/wp-content/uploads/2023/01/icons8-clock-100.png\" alt=\"\" loading=\"lazy\" />															\n			<h2>OPENING HOURS</h2>		\n			<h2>Sunday - Thursday &nbsp; 16:00 - 22:00</h2>		\n															<img width=\"200\" height=\"35\" src=\"http://localhost/MetroCafe/wp-content/uploads/2023/01/divider-free-img-1.png\" alt=\"\" loading=\"lazy\" />															\n			<a href=\"http://localhost/MetroCafe/reservation/\" role=\"button\">\n						Book Table\n					</a>', 'Home', '', 'inherit', 'closed', 'closed', '', '568-revision-v1', '', '', '2023-11-26 10:03:08', '2023-11-26 10:03:08', '', 568, 'http://localhost/MetroCafe/?p=1184', 0, 'revision', '', 0),
(1185, 1, '2023-11-26 10:03:08', '2023-11-26 10:03:08', '<style>/*! elementor - v3.10.0 - 09-01-2023 */\n.elementor-heading-title{padding:0;margin:0;line-height:1}.elementor-widget-heading .elementor-heading-title[class*=elementor-size-]>a{color:inherit;font-size:inherit;line-height:inherit}.elementor-widget-heading .elementor-heading-title.elementor-size-small{font-size:15px}.elementor-widget-heading .elementor-heading-title.elementor-size-medium{font-size:19px}.elementor-widget-heading .elementor-heading-title.elementor-size-large{font-size:29px}.elementor-widget-heading .elementor-heading-title.elementor-size-xl{font-size:39px}.elementor-widget-heading .elementor-heading-title.elementor-size-xxl{font-size:59px}</style><h3>Best in Town</h3>		\n			<h1>Brunch n Brew</h1>		\n			<a href=\"http://localhost/MetroCafe/reservation/\" role=\"button\">\n						Book Table\n					</a>\n			<a href=\"http://localhost/MetroCafe/take-away/\" role=\"button\">\n						Take Away\n					</a>\n			<h2>Brunch n Brew</h2>		\n			<style>/*! elementor - v3.10.0 - 09-01-2023 */\n.elementor-widget-image{text-align:center}.elementor-widget-image a{display:inline-block}.elementor-widget-image a img[src$=\".svg\"]{width:48px}.elementor-widget-image img{vertical-align:middle;display:inline-block}</style>												<img width=\"200\" height=\"35\" src=\"http://localhost/MetroCafe/wp-content/uploads/2023/01/divider-free-img-1.png\" alt=\"\" loading=\"lazy\" />															\n			<h6>Our Delicious Story</h6>		\n		<p><strong>Lorem Ipsum</strong> is simply dummy text of the printing and typesetting industry. Lorem Ipsum has been the industry\'s standard dummy text ever since the 1500s, when an unknown printer took a galley of type and scrambled it to make a type specimen book. It has survived not only five centuries, but also the leap into electronic typesetting, remaining essentially unchanged.</p>		\n			<a href=\"http://localhost/MetroCafe/about-us/\" role=\"button\">\n						Read More\n					</a>\n															<img width=\"993\" height=\"1200\" src=\"http://localhost/MetroCafe/wp-content/uploads/2023/01/eeqbbemh9-c.jpg\" alt=\"baked pancakes\" loading=\"lazy\" />															\n															<img width=\"800\" height=\"1200\" src=\"http://localhost/MetroCafe/wp-content/uploads/2023/01/zuns99pgdg0.jpg\" alt=\"shallow focus photography of coffee late in mug on table\" loading=\"lazy\" />															\n			<h2>Our Menu</h2>		\n			<h6>Featured Delicious </h6>		\n															<img width=\"200\" height=\"35\" src=\"http://localhost/MetroCafe/wp-content/uploads/2023/01/divider-free-img-1.png\" alt=\"\" loading=\"lazy\" />															\n			<a href=\"http://localhost/MetroCafe/take-away/\" role=\"button\">\n						Menu\n					</a>\n			<style>/*! elementor - v3.10.0 - 09-01-2023 */\n.elementor-widget-divider{--divider-border-style:none;--divider-border-width:1px;--divider-color:#2c2c2c;--divider-icon-size:20px;--divider-element-spacing:10px;--divider-pattern-height:24px;--divider-pattern-size:20px;--divider-pattern-url:none;--divider-pattern-repeat:repeat-x}.elementor-widget-divider .elementor-divider{display:flex}.elementor-widget-divider .elementor-divider__text{font-size:15px;line-height:1;max-width:95%}.elementor-widget-divider .elementor-divider__element{margin:0 var(--divider-element-spacing);flex-shrink:0}.elementor-widget-divider .elementor-icon{font-size:var(--divider-icon-size)}.elementor-widget-divider .elementor-divider-separator{display:flex;margin:0;direction:ltr}.elementor-widget-divider--view-line_icon .elementor-divider-separator,.elementor-widget-divider--view-line_text .elementor-divider-separator{align-items:center}.elementor-widget-divider--view-line_icon .elementor-divider-separator:after,.elementor-widget-divider--view-line_icon .elementor-divider-separator:before,.elementor-widget-divider--view-line_text .elementor-divider-separator:after,.elementor-widget-divider--view-line_text .elementor-divider-separator:before{display:block;content:\"\";border-bottom:0;flex-grow:1;border-top:var(--divider-border-width) var(--divider-border-style) var(--divider-color)}.elementor-widget-divider--element-align-left .elementor-divider .elementor-divider-separator>.elementor-divider__svg:first-of-type{flex-grow:0;flex-shrink:100}.elementor-widget-divider--element-align-left .elementor-divider-separator:before{content:none}.elementor-widget-divider--element-align-left .elementor-divider__element{margin-left:0}.elementor-widget-divider--element-align-right .elementor-divider .elementor-divider-separator>.elementor-divider__svg:last-of-type{flex-grow:0;flex-shrink:100}.elementor-widget-divider--element-align-right .elementor-divider-separator:after{content:none}.elementor-widget-divider--element-align-right .elementor-divider__element{margin-right:0}.elementor-widget-divider:not(.elementor-widget-divider--view-line_text):not(.elementor-widget-divider--view-line_icon) .elementor-divider-separator{border-top:var(--divider-border-width) var(--divider-border-style) var(--divider-color)}.elementor-widget-divider--separator-type-pattern{--divider-border-style:none}.elementor-widget-divider--separator-type-pattern.elementor-widget-divider--view-line .elementor-divider-separator,.elementor-widget-divider--separator-type-pattern:not(.elementor-widget-divider--view-line) .elementor-divider-separator:after,.elementor-widget-divider--separator-type-pattern:not(.elementor-widget-divider--view-line) .elementor-divider-separator:before,.elementor-widget-divider--separator-type-pattern:not([class*=elementor-widget-divider--view]) .elementor-divider-separator{width:100%;min-height:var(--divider-pattern-height);-webkit-mask-size:var(--divider-pattern-size) 100%;mask-size:var(--divider-pattern-size) 100%;-webkit-mask-repeat:var(--divider-pattern-repeat);mask-repeat:var(--divider-pattern-repeat);background-color:var(--divider-color);-webkit-mask-image:var(--divider-pattern-url);mask-image:var(--divider-pattern-url)}.elementor-widget-divider--no-spacing{--divider-pattern-size:auto}.elementor-widget-divider--bg-round{--divider-pattern-repeat:round}.rtl .elementor-widget-divider .elementor-divider__text{direction:rtl}.e-con-inner>.elementor-widget-divider,.e-con>.elementor-widget-divider{width:var(--container-widget-width);--flex-grow:var(--container-widget-flex-grow)}</style>		\n															<img width=\"100\" height=\"100\" src=\"http://localhost/MetroCafe/wp-content/uploads/2023/01/icons8-clock-100.png\" alt=\"\" loading=\"lazy\" />															\n			<h2>OPENING HOURS</h2>		\n			<h2>Sunday - Thursday &nbsp; 16:00 - 22:00</h2>		\n															<img width=\"200\" height=\"35\" src=\"http://localhost/MetroCafe/wp-content/uploads/2023/01/divider-free-img-1.png\" alt=\"\" loading=\"lazy\" />															\n			<a href=\"http://localhost/MetroCafe/reservation/\" role=\"button\">\n						Book Table\n					</a>', 'Home', '', 'inherit', 'closed', 'closed', '', '568-revision-v1', '', '', '2023-11-26 10:03:08', '2023-11-26 10:03:08', '', 568, 'http://localhost/MetroCafe/?p=1185', 0, 'revision', '', 0);
INSERT INTO `wp_mcafeposts` (`ID`, `post_author`, `post_date`, `post_date_gmt`, `post_content`, `post_title`, `post_excerpt`, `post_status`, `comment_status`, `ping_status`, `post_password`, `post_name`, `to_ping`, `pinged`, `post_modified`, `post_modified_gmt`, `post_content_filtered`, `post_parent`, `guid`, `menu_order`, `post_type`, `post_mime_type`, `comment_count`) VALUES
(1186, 1, '2023-11-26 10:03:08', '2023-11-26 10:03:08', '<style>/*! elementor - v3.10.0 - 09-01-2023 */\n.elementor-heading-title{padding:0;margin:0;line-height:1}.elementor-widget-heading .elementor-heading-title[class*=elementor-size-]>a{color:inherit;font-size:inherit;line-height:inherit}.elementor-widget-heading .elementor-heading-title.elementor-size-small{font-size:15px}.elementor-widget-heading .elementor-heading-title.elementor-size-medium{font-size:19px}.elementor-widget-heading .elementor-heading-title.elementor-size-large{font-size:29px}.elementor-widget-heading .elementor-heading-title.elementor-size-xl{font-size:39px}.elementor-widget-heading .elementor-heading-title.elementor-size-xxl{font-size:59px}</style><h3>Best in Town</h3>		\n			<h1>Brunch n Brew</h1>		\n			<a href=\"http://localhost/MetroCafe/reservation/\" role=\"button\">\n						Book Table\n					</a>\n			<a href=\"http://localhost/MetroCafe/take-away/\" role=\"button\">\n						Take Away\n					</a>\n			<h2>Brunch n Brew</h2>		\n			<style>/*! elementor - v3.10.0 - 09-01-2023 */\n.elementor-widget-image{text-align:center}.elementor-widget-image a{display:inline-block}.elementor-widget-image a img[src$=\".svg\"]{width:48px}.elementor-widget-image img{vertical-align:middle;display:inline-block}</style>												<img width=\"200\" height=\"35\" src=\"http://localhost/MetroCafe/wp-content/uploads/2023/01/divider-free-img-1.png\" alt=\"\" loading=\"lazy\" />															\n			<h6>Our Delicious Story</h6>		\n		<p><strong>Lorem Ipsum</strong> is simply dummy text of the printing and typesetting industry. Lorem Ipsum has been the industry\'s standard dummy text ever since the 1500s, when an unknown printer took a galley of type and scrambled it to make a type specimen book. It has survived not only five centuries, but also the leap into electronic typesetting, remaining essentially unchanged.</p>		\n			<a href=\"http://localhost/MetroCafe/about-us/\" role=\"button\">\n						Read More\n					</a>\n															<img width=\"993\" height=\"1200\" src=\"http://localhost/MetroCafe/wp-content/uploads/2023/01/eeqbbemh9-c.jpg\" alt=\"baked pancakes\" loading=\"lazy\" />															\n															<img width=\"800\" height=\"1200\" src=\"http://localhost/MetroCafe/wp-content/uploads/2023/01/zuns99pgdg0.jpg\" alt=\"shallow focus photography of coffee late in mug on table\" loading=\"lazy\" />															\n			<h2>Our Menu</h2>		\n			<h6>Featured Delicious </h6>		\n															<img width=\"200\" height=\"35\" src=\"http://localhost/MetroCafe/wp-content/uploads/2023/01/divider-free-img-1.png\" alt=\"\" loading=\"lazy\" />															\n			<a href=\"http://localhost/MetroCafe/take-away/\" role=\"button\">\n						Menu\n					</a>\n			<style>/*! elementor - v3.10.0 - 09-01-2023 */\n.elementor-widget-divider{--divider-border-style:none;--divider-border-width:1px;--divider-color:#2c2c2c;--divider-icon-size:20px;--divider-element-spacing:10px;--divider-pattern-height:24px;--divider-pattern-size:20px;--divider-pattern-url:none;--divider-pattern-repeat:repeat-x}.elementor-widget-divider .elementor-divider{display:flex}.elementor-widget-divider .elementor-divider__text{font-size:15px;line-height:1;max-width:95%}.elementor-widget-divider .elementor-divider__element{margin:0 var(--divider-element-spacing);flex-shrink:0}.elementor-widget-divider .elementor-icon{font-size:var(--divider-icon-size)}.elementor-widget-divider .elementor-divider-separator{display:flex;margin:0;direction:ltr}.elementor-widget-divider--view-line_icon .elementor-divider-separator,.elementor-widget-divider--view-line_text .elementor-divider-separator{align-items:center}.elementor-widget-divider--view-line_icon .elementor-divider-separator:after,.elementor-widget-divider--view-line_icon .elementor-divider-separator:before,.elementor-widget-divider--view-line_text .elementor-divider-separator:after,.elementor-widget-divider--view-line_text .elementor-divider-separator:before{display:block;content:\"\";border-bottom:0;flex-grow:1;border-top:var(--divider-border-width) var(--divider-border-style) var(--divider-color)}.elementor-widget-divider--element-align-left .elementor-divider .elementor-divider-separator>.elementor-divider__svg:first-of-type{flex-grow:0;flex-shrink:100}.elementor-widget-divider--element-align-left .elementor-divider-separator:before{content:none}.elementor-widget-divider--element-align-left .elementor-divider__element{margin-left:0}.elementor-widget-divider--element-align-right .elementor-divider .elementor-divider-separator>.elementor-divider__svg:last-of-type{flex-grow:0;flex-shrink:100}.elementor-widget-divider--element-align-right .elementor-divider-separator:after{content:none}.elementor-widget-divider--element-align-right .elementor-divider__element{margin-right:0}.elementor-widget-divider:not(.elementor-widget-divider--view-line_text):not(.elementor-widget-divider--view-line_icon) .elementor-divider-separator{border-top:var(--divider-border-width) var(--divider-border-style) var(--divider-color)}.elementor-widget-divider--separator-type-pattern{--divider-border-style:none}.elementor-widget-divider--separator-type-pattern.elementor-widget-divider--view-line .elementor-divider-separator,.elementor-widget-divider--separator-type-pattern:not(.elementor-widget-divider--view-line) .elementor-divider-separator:after,.elementor-widget-divider--separator-type-pattern:not(.elementor-widget-divider--view-line) .elementor-divider-separator:before,.elementor-widget-divider--separator-type-pattern:not([class*=elementor-widget-divider--view]) .elementor-divider-separator{width:100%;min-height:var(--divider-pattern-height);-webkit-mask-size:var(--divider-pattern-size) 100%;mask-size:var(--divider-pattern-size) 100%;-webkit-mask-repeat:var(--divider-pattern-repeat);mask-repeat:var(--divider-pattern-repeat);background-color:var(--divider-color);-webkit-mask-image:var(--divider-pattern-url);mask-image:var(--divider-pattern-url)}.elementor-widget-divider--no-spacing{--divider-pattern-size:auto}.elementor-widget-divider--bg-round{--divider-pattern-repeat:round}.rtl .elementor-widget-divider .elementor-divider__text{direction:rtl}.e-con-inner>.elementor-widget-divider,.e-con>.elementor-widget-divider{width:var(--container-widget-width);--flex-grow:var(--container-widget-flex-grow)}</style>		\n															<img width=\"100\" height=\"100\" src=\"http://localhost/MetroCafe/wp-content/uploads/2023/01/icons8-clock-100.png\" alt=\"\" loading=\"lazy\" />															\n			<h2>OPENING HOURS</h2>		\n			<h2>Sunday - Thursday &nbsp; 16:00 - 22:00</h2>		\n															<img width=\"200\" height=\"35\" src=\"http://localhost/MetroCafe/wp-content/uploads/2023/01/divider-free-img-1.png\" alt=\"\" loading=\"lazy\" />															\n			<a href=\"http://localhost/MetroCafe/reservation/\" role=\"button\">\n						Book Table\n					</a>', 'Home', '', 'inherit', 'closed', 'closed', '', '568-revision-v1', '', '', '2023-11-26 10:03:08', '2023-11-26 10:03:08', '', 568, 'http://localhost/MetroCafe/?p=1186', 0, 'revision', '', 0),
(1187, 1, '2023-11-26 10:14:45', '2023-11-26 10:14:45', '', 'coffee-cup-sits-wooden-table-coffee-shop-with-man-sitting-background', '', 'inherit', 'open', 'closed', '', 'coffee-cup-sits-wooden-table-coffee-shop-with-man-sitting-background', '', '', '2023-11-26 10:14:45', '2023-11-26 10:14:45', '', 568, 'http://localhost/MetroCafe/wp-content/uploads/2023/11/coffee-cup-sits-wooden-table-coffee-shop-with-man-sitting-background.jpg', 0, 'attachment', 'image/jpeg', 0),
(1189, 1, '2023-11-26 10:16:32', '2023-11-26 10:16:32', '<style>/*! elementor - v3.10.0 - 09-01-2023 */\n.elementor-heading-title{padding:0;margin:0;line-height:1}.elementor-widget-heading .elementor-heading-title[class*=elementor-size-]>a{color:inherit;font-size:inherit;line-height:inherit}.elementor-widget-heading .elementor-heading-title.elementor-size-small{font-size:15px}.elementor-widget-heading .elementor-heading-title.elementor-size-medium{font-size:19px}.elementor-widget-heading .elementor-heading-title.elementor-size-large{font-size:29px}.elementor-widget-heading .elementor-heading-title.elementor-size-xl{font-size:39px}.elementor-widget-heading .elementor-heading-title.elementor-size-xxl{font-size:59px}</style><h3>Best in Town</h3>		\n			<h1>Brunch n Brew</h1>		\n			<a href=\"http://localhost/MetroCafe/reservation/\" role=\"button\">\n						Book Table\n					</a>\n			<a href=\"http://localhost/MetroCafe/take-away/\" role=\"button\">\n						Take Away\n					</a>\n			<h2>Brunch n Brew</h2>		\n			<style>/*! elementor - v3.10.0 - 09-01-2023 */\n.elementor-widget-image{text-align:center}.elementor-widget-image a{display:inline-block}.elementor-widget-image a img[src$=\".svg\"]{width:48px}.elementor-widget-image img{vertical-align:middle;display:inline-block}</style>												<img width=\"200\" height=\"35\" src=\"http://localhost/MetroCafe/wp-content/uploads/2023/01/divider-free-img-1.png\" alt=\"\" loading=\"lazy\" />															\n			<h6>Our Delicious Story</h6>		\n		<p><strong>Lorem Ipsum</strong> is simply dummy text of the printing and typesetting industry. Lorem Ipsum has been the industry\'s standard dummy text ever since the 1500s, when an unknown printer took a galley of type and scrambled it to make a type specimen book. It has survived not only five centuries, but also the leap into electronic typesetting, remaining essentially unchanged.</p>		\n			<a href=\"http://localhost/MetroCafe/about-us/\" role=\"button\">\n						Read More\n					</a>\n															<img width=\"993\" height=\"1200\" src=\"http://localhost/MetroCafe/wp-content/uploads/2023/01/eeqbbemh9-c.jpg\" alt=\"baked pancakes\" loading=\"lazy\" />															\n															<img width=\"800\" height=\"1200\" src=\"http://localhost/MetroCafe/wp-content/uploads/2023/01/zuns99pgdg0.jpg\" alt=\"shallow focus photography of coffee late in mug on table\" loading=\"lazy\" />															\n			<h2>Our Menu</h2>		\n			<h6>Featured Delicious </h6>		\n															<img width=\"200\" height=\"35\" src=\"http://localhost/MetroCafe/wp-content/uploads/2023/01/divider-free-img-1.png\" alt=\"\" loading=\"lazy\" />															\n			<a href=\"http://localhost/MetroCafe/take-away/\" role=\"button\">\n						Menu\n					</a>\n			<style>/*! elementor - v3.10.0 - 09-01-2023 */\n.elementor-widget-divider{--divider-border-style:none;--divider-border-width:1px;--divider-color:#2c2c2c;--divider-icon-size:20px;--divider-element-spacing:10px;--divider-pattern-height:24px;--divider-pattern-size:20px;--divider-pattern-url:none;--divider-pattern-repeat:repeat-x}.elementor-widget-divider .elementor-divider{display:flex}.elementor-widget-divider .elementor-divider__text{font-size:15px;line-height:1;max-width:95%}.elementor-widget-divider .elementor-divider__element{margin:0 var(--divider-element-spacing);flex-shrink:0}.elementor-widget-divider .elementor-icon{font-size:var(--divider-icon-size)}.elementor-widget-divider .elementor-divider-separator{display:flex;margin:0;direction:ltr}.elementor-widget-divider--view-line_icon .elementor-divider-separator,.elementor-widget-divider--view-line_text .elementor-divider-separator{align-items:center}.elementor-widget-divider--view-line_icon .elementor-divider-separator:after,.elementor-widget-divider--view-line_icon .elementor-divider-separator:before,.elementor-widget-divider--view-line_text .elementor-divider-separator:after,.elementor-widget-divider--view-line_text .elementor-divider-separator:before{display:block;content:\"\";border-bottom:0;flex-grow:1;border-top:var(--divider-border-width) var(--divider-border-style) var(--divider-color)}.elementor-widget-divider--element-align-left .elementor-divider .elementor-divider-separator>.elementor-divider__svg:first-of-type{flex-grow:0;flex-shrink:100}.elementor-widget-divider--element-align-left .elementor-divider-separator:before{content:none}.elementor-widget-divider--element-align-left .elementor-divider__element{margin-left:0}.elementor-widget-divider--element-align-right .elementor-divider .elementor-divider-separator>.elementor-divider__svg:last-of-type{flex-grow:0;flex-shrink:100}.elementor-widget-divider--element-align-right .elementor-divider-separator:after{content:none}.elementor-widget-divider--element-align-right .elementor-divider__element{margin-right:0}.elementor-widget-divider:not(.elementor-widget-divider--view-line_text):not(.elementor-widget-divider--view-line_icon) .elementor-divider-separator{border-top:var(--divider-border-width) var(--divider-border-style) var(--divider-color)}.elementor-widget-divider--separator-type-pattern{--divider-border-style:none}.elementor-widget-divider--separator-type-pattern.elementor-widget-divider--view-line .elementor-divider-separator,.elementor-widget-divider--separator-type-pattern:not(.elementor-widget-divider--view-line) .elementor-divider-separator:after,.elementor-widget-divider--separator-type-pattern:not(.elementor-widget-divider--view-line) .elementor-divider-separator:before,.elementor-widget-divider--separator-type-pattern:not([class*=elementor-widget-divider--view]) .elementor-divider-separator{width:100%;min-height:var(--divider-pattern-height);-webkit-mask-size:var(--divider-pattern-size) 100%;mask-size:var(--divider-pattern-size) 100%;-webkit-mask-repeat:var(--divider-pattern-repeat);mask-repeat:var(--divider-pattern-repeat);background-color:var(--divider-color);-webkit-mask-image:var(--divider-pattern-url);mask-image:var(--divider-pattern-url)}.elementor-widget-divider--no-spacing{--divider-pattern-size:auto}.elementor-widget-divider--bg-round{--divider-pattern-repeat:round}.rtl .elementor-widget-divider .elementor-divider__text{direction:rtl}.e-con-inner>.elementor-widget-divider,.e-con>.elementor-widget-divider{width:var(--container-widget-width);--flex-grow:var(--container-widget-flex-grow)}</style>		\n															<img width=\"100\" height=\"100\" src=\"http://localhost/MetroCafe/wp-content/uploads/2023/01/icons8-clock-100.png\" alt=\"\" loading=\"lazy\" />															\n			<h2>OPENING HOURS</h2>		\n			<h2>Sunday - Thursday &nbsp; 16:00 - 22:00</h2>		\n															<img width=\"200\" height=\"35\" src=\"http://localhost/MetroCafe/wp-content/uploads/2023/01/divider-free-img-1.png\" alt=\"\" loading=\"lazy\" />															\n			<a href=\"http://localhost/MetroCafe/reservation/\" role=\"button\">\n						Book Table\n					</a>', 'Home', '', 'inherit', 'closed', 'closed', '', '568-revision-v1', '', '', '2023-11-26 10:16:32', '2023-11-26 10:16:32', '', 568, 'http://localhost/MetroCafe/?p=1189', 0, 'revision', '', 0),
(1190, 1, '2023-11-26 10:16:32', '2023-11-26 10:16:32', '<style>/*! elementor - v3.10.0 - 09-01-2023 */\n.elementor-heading-title{padding:0;margin:0;line-height:1}.elementor-widget-heading .elementor-heading-title[class*=elementor-size-]>a{color:inherit;font-size:inherit;line-height:inherit}.elementor-widget-heading .elementor-heading-title.elementor-size-small{font-size:15px}.elementor-widget-heading .elementor-heading-title.elementor-size-medium{font-size:19px}.elementor-widget-heading .elementor-heading-title.elementor-size-large{font-size:29px}.elementor-widget-heading .elementor-heading-title.elementor-size-xl{font-size:39px}.elementor-widget-heading .elementor-heading-title.elementor-size-xxl{font-size:59px}</style><h3>Best in Town</h3>		\n			<h1>Brunch n Brew</h1>		\n			<a href=\"http://localhost/MetroCafe/reservation/\" role=\"button\">\n						Book Table\n					</a>\n			<a href=\"http://localhost/MetroCafe/take-away/\" role=\"button\">\n						Take Away\n					</a>\n			<h2>Brunch n Brew</h2>		\n			<style>/*! elementor - v3.10.0 - 09-01-2023 */\n.elementor-widget-image{text-align:center}.elementor-widget-image a{display:inline-block}.elementor-widget-image a img[src$=\".svg\"]{width:48px}.elementor-widget-image img{vertical-align:middle;display:inline-block}</style>												<img width=\"200\" height=\"35\" src=\"http://localhost/MetroCafe/wp-content/uploads/2023/01/divider-free-img-1.png\" alt=\"\" loading=\"lazy\" />															\n			<h6>Our Delicious Story</h6>		\n		<p><strong>Lorem Ipsum</strong> is simply dummy text of the printing and typesetting industry. Lorem Ipsum has been the industry\'s standard dummy text ever since the 1500s, when an unknown printer took a galley of type and scrambled it to make a type specimen book. It has survived not only five centuries, but also the leap into electronic typesetting, remaining essentially unchanged.</p>		\n			<a href=\"http://localhost/MetroCafe/about-us/\" role=\"button\">\n						Read More\n					</a>\n															<img width=\"993\" height=\"1200\" src=\"http://localhost/MetroCafe/wp-content/uploads/2023/01/eeqbbemh9-c.jpg\" alt=\"baked pancakes\" loading=\"lazy\" />															\n															<img width=\"800\" height=\"1200\" src=\"http://localhost/MetroCafe/wp-content/uploads/2023/01/zuns99pgdg0.jpg\" alt=\"shallow focus photography of coffee late in mug on table\" loading=\"lazy\" />															\n			<h2>Our Menu</h2>		\n			<h6>Featured Delicious </h6>		\n															<img width=\"200\" height=\"35\" src=\"http://localhost/MetroCafe/wp-content/uploads/2023/01/divider-free-img-1.png\" alt=\"\" loading=\"lazy\" />															\n			<a href=\"http://localhost/MetroCafe/take-away/\" role=\"button\">\n						Menu\n					</a>\n			<style>/*! elementor - v3.10.0 - 09-01-2023 */\n.elementor-widget-divider{--divider-border-style:none;--divider-border-width:1px;--divider-color:#2c2c2c;--divider-icon-size:20px;--divider-element-spacing:10px;--divider-pattern-height:24px;--divider-pattern-size:20px;--divider-pattern-url:none;--divider-pattern-repeat:repeat-x}.elementor-widget-divider .elementor-divider{display:flex}.elementor-widget-divider .elementor-divider__text{font-size:15px;line-height:1;max-width:95%}.elementor-widget-divider .elementor-divider__element{margin:0 var(--divider-element-spacing);flex-shrink:0}.elementor-widget-divider .elementor-icon{font-size:var(--divider-icon-size)}.elementor-widget-divider .elementor-divider-separator{display:flex;margin:0;direction:ltr}.elementor-widget-divider--view-line_icon .elementor-divider-separator,.elementor-widget-divider--view-line_text .elementor-divider-separator{align-items:center}.elementor-widget-divider--view-line_icon .elementor-divider-separator:after,.elementor-widget-divider--view-line_icon .elementor-divider-separator:before,.elementor-widget-divider--view-line_text .elementor-divider-separator:after,.elementor-widget-divider--view-line_text .elementor-divider-separator:before{display:block;content:\"\";border-bottom:0;flex-grow:1;border-top:var(--divider-border-width) var(--divider-border-style) var(--divider-color)}.elementor-widget-divider--element-align-left .elementor-divider .elementor-divider-separator>.elementor-divider__svg:first-of-type{flex-grow:0;flex-shrink:100}.elementor-widget-divider--element-align-left .elementor-divider-separator:before{content:none}.elementor-widget-divider--element-align-left .elementor-divider__element{margin-left:0}.elementor-widget-divider--element-align-right .elementor-divider .elementor-divider-separator>.elementor-divider__svg:last-of-type{flex-grow:0;flex-shrink:100}.elementor-widget-divider--element-align-right .elementor-divider-separator:after{content:none}.elementor-widget-divider--element-align-right .elementor-divider__element{margin-right:0}.elementor-widget-divider:not(.elementor-widget-divider--view-line_text):not(.elementor-widget-divider--view-line_icon) .elementor-divider-separator{border-top:var(--divider-border-width) var(--divider-border-style) var(--divider-color)}.elementor-widget-divider--separator-type-pattern{--divider-border-style:none}.elementor-widget-divider--separator-type-pattern.elementor-widget-divider--view-line .elementor-divider-separator,.elementor-widget-divider--separator-type-pattern:not(.elementor-widget-divider--view-line) .elementor-divider-separator:after,.elementor-widget-divider--separator-type-pattern:not(.elementor-widget-divider--view-line) .elementor-divider-separator:before,.elementor-widget-divider--separator-type-pattern:not([class*=elementor-widget-divider--view]) .elementor-divider-separator{width:100%;min-height:var(--divider-pattern-height);-webkit-mask-size:var(--divider-pattern-size) 100%;mask-size:var(--divider-pattern-size) 100%;-webkit-mask-repeat:var(--divider-pattern-repeat);mask-repeat:var(--divider-pattern-repeat);background-color:var(--divider-color);-webkit-mask-image:var(--divider-pattern-url);mask-image:var(--divider-pattern-url)}.elementor-widget-divider--no-spacing{--divider-pattern-size:auto}.elementor-widget-divider--bg-round{--divider-pattern-repeat:round}.rtl .elementor-widget-divider .elementor-divider__text{direction:rtl}.e-con-inner>.elementor-widget-divider,.e-con>.elementor-widget-divider{width:var(--container-widget-width);--flex-grow:var(--container-widget-flex-grow)}</style>		\n															<img width=\"100\" height=\"100\" src=\"http://localhost/MetroCafe/wp-content/uploads/2023/01/icons8-clock-100.png\" alt=\"\" loading=\"lazy\" />															\n			<h2>OPENING HOURS</h2>		\n			<h2>Sunday - Thursday &nbsp; 16:00 - 22:00</h2>		\n															<img width=\"200\" height=\"35\" src=\"http://localhost/MetroCafe/wp-content/uploads/2023/01/divider-free-img-1.png\" alt=\"\" loading=\"lazy\" />															\n			<a href=\"http://localhost/MetroCafe/reservation/\" role=\"button\">\n						Book Table\n					</a>', 'Home', '', 'inherit', 'closed', 'closed', '', '568-revision-v1', '', '', '2023-11-26 10:16:32', '2023-11-26 10:16:32', '', 568, 'http://localhost/MetroCafe/?p=1190', 0, 'revision', '', 0),
(1191, 1, '2023-11-26 10:16:33', '2023-11-26 10:16:33', '<style>/*! elementor - v3.10.0 - 09-01-2023 */\n.elementor-heading-title{padding:0;margin:0;line-height:1}.elementor-widget-heading .elementor-heading-title[class*=elementor-size-]>a{color:inherit;font-size:inherit;line-height:inherit}.elementor-widget-heading .elementor-heading-title.elementor-size-small{font-size:15px}.elementor-widget-heading .elementor-heading-title.elementor-size-medium{font-size:19px}.elementor-widget-heading .elementor-heading-title.elementor-size-large{font-size:29px}.elementor-widget-heading .elementor-heading-title.elementor-size-xl{font-size:39px}.elementor-widget-heading .elementor-heading-title.elementor-size-xxl{font-size:59px}</style><h3>Best in Town</h3>		\n			<h1>Brunch n Brew</h1>		\n			<a href=\"http://localhost/MetroCafe/reservation/\" role=\"button\">\n						Book Table\n					</a>\n			<a href=\"http://localhost/MetroCafe/take-away/\" role=\"button\">\n						Take Away\n					</a>\n			<h2>Brunch n Brew</h2>		\n			<style>/*! elementor - v3.10.0 - 09-01-2023 */\n.elementor-widget-image{text-align:center}.elementor-widget-image a{display:inline-block}.elementor-widget-image a img[src$=\".svg\"]{width:48px}.elementor-widget-image img{vertical-align:middle;display:inline-block}</style>												<img width=\"200\" height=\"35\" src=\"http://localhost/MetroCafe/wp-content/uploads/2023/01/divider-free-img-1.png\" alt=\"\" loading=\"lazy\" />															\n			<h6>Our Delicious Story</h6>		\n		<p><strong>Lorem Ipsum</strong> is simply dummy text of the printing and typesetting industry. Lorem Ipsum has been the industry\'s standard dummy text ever since the 1500s, when an unknown printer took a galley of type and scrambled it to make a type specimen book. It has survived not only five centuries, but also the leap into electronic typesetting, remaining essentially unchanged.</p>		\n			<a href=\"http://localhost/MetroCafe/about-us/\" role=\"button\">\n						Read More\n					</a>\n															<img width=\"993\" height=\"1200\" src=\"http://localhost/MetroCafe/wp-content/uploads/2023/01/eeqbbemh9-c.jpg\" alt=\"baked pancakes\" loading=\"lazy\" />															\n															<img width=\"800\" height=\"1200\" src=\"http://localhost/MetroCafe/wp-content/uploads/2023/01/zuns99pgdg0.jpg\" alt=\"shallow focus photography of coffee late in mug on table\" loading=\"lazy\" />															\n			<h2>Our Menu</h2>		\n			<h6>Featured Delicious </h6>		\n															<img width=\"200\" height=\"35\" src=\"http://localhost/MetroCafe/wp-content/uploads/2023/01/divider-free-img-1.png\" alt=\"\" loading=\"lazy\" />															\n			<a href=\"http://localhost/MetroCafe/take-away/\" role=\"button\">\n						Menu\n					</a>\n			<style>/*! elementor - v3.10.0 - 09-01-2023 */\n.elementor-widget-divider{--divider-border-style:none;--divider-border-width:1px;--divider-color:#2c2c2c;--divider-icon-size:20px;--divider-element-spacing:10px;--divider-pattern-height:24px;--divider-pattern-size:20px;--divider-pattern-url:none;--divider-pattern-repeat:repeat-x}.elementor-widget-divider .elementor-divider{display:flex}.elementor-widget-divider .elementor-divider__text{font-size:15px;line-height:1;max-width:95%}.elementor-widget-divider .elementor-divider__element{margin:0 var(--divider-element-spacing);flex-shrink:0}.elementor-widget-divider .elementor-icon{font-size:var(--divider-icon-size)}.elementor-widget-divider .elementor-divider-separator{display:flex;margin:0;direction:ltr}.elementor-widget-divider--view-line_icon .elementor-divider-separator,.elementor-widget-divider--view-line_text .elementor-divider-separator{align-items:center}.elementor-widget-divider--view-line_icon .elementor-divider-separator:after,.elementor-widget-divider--view-line_icon .elementor-divider-separator:before,.elementor-widget-divider--view-line_text .elementor-divider-separator:after,.elementor-widget-divider--view-line_text .elementor-divider-separator:before{display:block;content:\"\";border-bottom:0;flex-grow:1;border-top:var(--divider-border-width) var(--divider-border-style) var(--divider-color)}.elementor-widget-divider--element-align-left .elementor-divider .elementor-divider-separator>.elementor-divider__svg:first-of-type{flex-grow:0;flex-shrink:100}.elementor-widget-divider--element-align-left .elementor-divider-separator:before{content:none}.elementor-widget-divider--element-align-left .elementor-divider__element{margin-left:0}.elementor-widget-divider--element-align-right .elementor-divider .elementor-divider-separator>.elementor-divider__svg:last-of-type{flex-grow:0;flex-shrink:100}.elementor-widget-divider--element-align-right .elementor-divider-separator:after{content:none}.elementor-widget-divider--element-align-right .elementor-divider__element{margin-right:0}.elementor-widget-divider:not(.elementor-widget-divider--view-line_text):not(.elementor-widget-divider--view-line_icon) .elementor-divider-separator{border-top:var(--divider-border-width) var(--divider-border-style) var(--divider-color)}.elementor-widget-divider--separator-type-pattern{--divider-border-style:none}.elementor-widget-divider--separator-type-pattern.elementor-widget-divider--view-line .elementor-divider-separator,.elementor-widget-divider--separator-type-pattern:not(.elementor-widget-divider--view-line) .elementor-divider-separator:after,.elementor-widget-divider--separator-type-pattern:not(.elementor-widget-divider--view-line) .elementor-divider-separator:before,.elementor-widget-divider--separator-type-pattern:not([class*=elementor-widget-divider--view]) .elementor-divider-separator{width:100%;min-height:var(--divider-pattern-height);-webkit-mask-size:var(--divider-pattern-size) 100%;mask-size:var(--divider-pattern-size) 100%;-webkit-mask-repeat:var(--divider-pattern-repeat);mask-repeat:var(--divider-pattern-repeat);background-color:var(--divider-color);-webkit-mask-image:var(--divider-pattern-url);mask-image:var(--divider-pattern-url)}.elementor-widget-divider--no-spacing{--divider-pattern-size:auto}.elementor-widget-divider--bg-round{--divider-pattern-repeat:round}.rtl .elementor-widget-divider .elementor-divider__text{direction:rtl}.e-con-inner>.elementor-widget-divider,.e-con>.elementor-widget-divider{width:var(--container-widget-width);--flex-grow:var(--container-widget-flex-grow)}</style>		\n															<img width=\"100\" height=\"100\" src=\"http://localhost/MetroCafe/wp-content/uploads/2023/01/icons8-clock-100.png\" alt=\"\" loading=\"lazy\" />															\n			<h2>OPENING HOURS</h2>		\n			<h2>Sunday - Thursday &nbsp; 16:00 - 22:00</h2>		\n															<img width=\"200\" height=\"35\" src=\"http://localhost/MetroCafe/wp-content/uploads/2023/01/divider-free-img-1.png\" alt=\"\" loading=\"lazy\" />															\n			<a href=\"http://localhost/MetroCafe/reservation/\" role=\"button\">\n						Book Table\n					</a>', 'Home', '', 'inherit', 'closed', 'closed', '', '568-revision-v1', '', '', '2023-11-26 10:16:33', '2023-11-26 10:16:33', '', 568, 'http://localhost/MetroCafe/?p=1191', 0, 'revision', '', 0),
(1192, 1, '2023-11-26 10:20:23', '2023-11-26 10:20:23', '', 'viber_image_2023-11-26_16-04-38-188', '', 'inherit', 'open', 'closed', '', 'viber_image_2023-11-26_16-04-38-188', '', '', '2023-11-26 10:20:23', '2023-11-26 10:20:23', '', 568, 'http://localhost/MetroCafe/wp-content/uploads/2023/11/viber_image_2023-11-26_16-04-38-188.jpg', 0, 'attachment', 'image/jpeg', 0),
(1193, 1, '2023-11-26 10:20:33', '2023-11-26 10:20:33', '<style>/*! elementor - v3.10.0 - 09-01-2023 */\n.elementor-heading-title{padding:0;margin:0;line-height:1}.elementor-widget-heading .elementor-heading-title[class*=elementor-size-]>a{color:inherit;font-size:inherit;line-height:inherit}.elementor-widget-heading .elementor-heading-title.elementor-size-small{font-size:15px}.elementor-widget-heading .elementor-heading-title.elementor-size-medium{font-size:19px}.elementor-widget-heading .elementor-heading-title.elementor-size-large{font-size:29px}.elementor-widget-heading .elementor-heading-title.elementor-size-xl{font-size:39px}.elementor-widget-heading .elementor-heading-title.elementor-size-xxl{font-size:59px}</style><h3>Best in Town</h3>		\n			<h1>Brunch n Brew</h1>		\n			<a href=\"http://localhost/MetroCafe/reservation/\" role=\"button\">\n						Book Table\n					</a>\n			<a href=\"http://localhost/MetroCafe/take-away/\" role=\"button\">\n						Take Away\n					</a>\n			<h2>Brunch n Brew</h2>		\n			<style>/*! elementor - v3.10.0 - 09-01-2023 */\n.elementor-widget-image{text-align:center}.elementor-widget-image a{display:inline-block}.elementor-widget-image a img[src$=\".svg\"]{width:48px}.elementor-widget-image img{vertical-align:middle;display:inline-block}</style>												<img width=\"200\" height=\"35\" src=\"http://localhost/MetroCafe/wp-content/uploads/2023/01/divider-free-img-1.png\" alt=\"\" loading=\"lazy\" />															\n			<h6>Our Delicious Story</h6>		\n		<p><strong>Lorem Ipsum</strong> is simply dummy text of the printing and typesetting industry. Lorem Ipsum has been the industry\'s standard dummy text ever since the 1500s, when an unknown printer took a galley of type and scrambled it to make a type specimen book. It has survived not only five centuries, but also the leap into electronic typesetting, remaining essentially unchanged.</p>		\n			<a href=\"http://localhost/MetroCafe/about-us/\" role=\"button\">\n						Read More\n					</a>\n															<img width=\"993\" height=\"1200\" src=\"http://localhost/MetroCafe/wp-content/uploads/2023/01/eeqbbemh9-c.jpg\" alt=\"baked pancakes\" loading=\"lazy\" />															\n															<img width=\"800\" height=\"1200\" src=\"http://localhost/MetroCafe/wp-content/uploads/2023/01/zuns99pgdg0.jpg\" alt=\"shallow focus photography of coffee late in mug on table\" loading=\"lazy\" />															\n			<h2>Our Menu</h2>		\n			<h6>Featured Delicious </h6>		\n															<img width=\"200\" height=\"35\" src=\"http://localhost/MetroCafe/wp-content/uploads/2023/01/divider-free-img-1.png\" alt=\"\" loading=\"lazy\" />															\n			<a href=\"http://localhost/MetroCafe/take-away/\" role=\"button\">\n						Menu\n					</a>\n			<style>/*! elementor - v3.10.0 - 09-01-2023 */\n.elementor-widget-divider{--divider-border-style:none;--divider-border-width:1px;--divider-color:#2c2c2c;--divider-icon-size:20px;--divider-element-spacing:10px;--divider-pattern-height:24px;--divider-pattern-size:20px;--divider-pattern-url:none;--divider-pattern-repeat:repeat-x}.elementor-widget-divider .elementor-divider{display:flex}.elementor-widget-divider .elementor-divider__text{font-size:15px;line-height:1;max-width:95%}.elementor-widget-divider .elementor-divider__element{margin:0 var(--divider-element-spacing);flex-shrink:0}.elementor-widget-divider .elementor-icon{font-size:var(--divider-icon-size)}.elementor-widget-divider .elementor-divider-separator{display:flex;margin:0;direction:ltr}.elementor-widget-divider--view-line_icon .elementor-divider-separator,.elementor-widget-divider--view-line_text .elementor-divider-separator{align-items:center}.elementor-widget-divider--view-line_icon .elementor-divider-separator:after,.elementor-widget-divider--view-line_icon .elementor-divider-separator:before,.elementor-widget-divider--view-line_text .elementor-divider-separator:after,.elementor-widget-divider--view-line_text .elementor-divider-separator:before{display:block;content:\"\";border-bottom:0;flex-grow:1;border-top:var(--divider-border-width) var(--divider-border-style) var(--divider-color)}.elementor-widget-divider--element-align-left .elementor-divider .elementor-divider-separator>.elementor-divider__svg:first-of-type{flex-grow:0;flex-shrink:100}.elementor-widget-divider--element-align-left .elementor-divider-separator:before{content:none}.elementor-widget-divider--element-align-left .elementor-divider__element{margin-left:0}.elementor-widget-divider--element-align-right .elementor-divider .elementor-divider-separator>.elementor-divider__svg:last-of-type{flex-grow:0;flex-shrink:100}.elementor-widget-divider--element-align-right .elementor-divider-separator:after{content:none}.elementor-widget-divider--element-align-right .elementor-divider__element{margin-right:0}.elementor-widget-divider:not(.elementor-widget-divider--view-line_text):not(.elementor-widget-divider--view-line_icon) .elementor-divider-separator{border-top:var(--divider-border-width) var(--divider-border-style) var(--divider-color)}.elementor-widget-divider--separator-type-pattern{--divider-border-style:none}.elementor-widget-divider--separator-type-pattern.elementor-widget-divider--view-line .elementor-divider-separator,.elementor-widget-divider--separator-type-pattern:not(.elementor-widget-divider--view-line) .elementor-divider-separator:after,.elementor-widget-divider--separator-type-pattern:not(.elementor-widget-divider--view-line) .elementor-divider-separator:before,.elementor-widget-divider--separator-type-pattern:not([class*=elementor-widget-divider--view]) .elementor-divider-separator{width:100%;min-height:var(--divider-pattern-height);-webkit-mask-size:var(--divider-pattern-size) 100%;mask-size:var(--divider-pattern-size) 100%;-webkit-mask-repeat:var(--divider-pattern-repeat);mask-repeat:var(--divider-pattern-repeat);background-color:var(--divider-color);-webkit-mask-image:var(--divider-pattern-url);mask-image:var(--divider-pattern-url)}.elementor-widget-divider--no-spacing{--divider-pattern-size:auto}.elementor-widget-divider--bg-round{--divider-pattern-repeat:round}.rtl .elementor-widget-divider .elementor-divider__text{direction:rtl}.e-con-inner>.elementor-widget-divider,.e-con>.elementor-widget-divider{width:var(--container-widget-width);--flex-grow:var(--container-widget-flex-grow)}</style>		\n															<img width=\"100\" height=\"100\" src=\"http://localhost/MetroCafe/wp-content/uploads/2023/01/icons8-clock-100.png\" alt=\"\" loading=\"lazy\" />															\n			<h2>OPENING HOURS</h2>		\n			<h2>Sunday - Thursday &nbsp; 16:00 - 22:00</h2>		\n															<img width=\"200\" height=\"35\" src=\"http://localhost/MetroCafe/wp-content/uploads/2023/01/divider-free-img-1.png\" alt=\"\" loading=\"lazy\" />															\n			<a href=\"http://localhost/MetroCafe/reservation/\" role=\"button\">\n						Book Table\n					</a>', 'Home', '', 'inherit', 'closed', 'closed', '', '568-revision-v1', '', '', '2023-11-26 10:20:33', '2023-11-26 10:20:33', '', 568, 'http://localhost/MetroCafe/?p=1193', 0, 'revision', '', 0),
(1194, 1, '2023-11-26 10:20:34', '2023-11-26 10:20:34', '<style>/*! elementor - v3.10.0 - 09-01-2023 */\n.elementor-heading-title{padding:0;margin:0;line-height:1}.elementor-widget-heading .elementor-heading-title[class*=elementor-size-]>a{color:inherit;font-size:inherit;line-height:inherit}.elementor-widget-heading .elementor-heading-title.elementor-size-small{font-size:15px}.elementor-widget-heading .elementor-heading-title.elementor-size-medium{font-size:19px}.elementor-widget-heading .elementor-heading-title.elementor-size-large{font-size:29px}.elementor-widget-heading .elementor-heading-title.elementor-size-xl{font-size:39px}.elementor-widget-heading .elementor-heading-title.elementor-size-xxl{font-size:59px}</style><h3>Best in Town</h3>		\n			<h1>Brunch n Brew</h1>		\n			<a href=\"http://localhost/MetroCafe/reservation/\" role=\"button\">\n						Book Table\n					</a>\n			<a href=\"http://localhost/MetroCafe/take-away/\" role=\"button\">\n						Take Away\n					</a>\n			<h2>Brunch n Brew</h2>		\n			<style>/*! elementor - v3.10.0 - 09-01-2023 */\n.elementor-widget-image{text-align:center}.elementor-widget-image a{display:inline-block}.elementor-widget-image a img[src$=\".svg\"]{width:48px}.elementor-widget-image img{vertical-align:middle;display:inline-block}</style>												<img width=\"200\" height=\"35\" src=\"http://localhost/MetroCafe/wp-content/uploads/2023/01/divider-free-img-1.png\" alt=\"\" loading=\"lazy\" />															\n			<h6>Our Delicious Story</h6>		\n		<p><strong>Lorem Ipsum</strong> is simply dummy text of the printing and typesetting industry. Lorem Ipsum has been the industry\'s standard dummy text ever since the 1500s, when an unknown printer took a galley of type and scrambled it to make a type specimen book. It has survived not only five centuries, but also the leap into electronic typesetting, remaining essentially unchanged.</p>		\n			<a href=\"http://localhost/MetroCafe/about-us/\" role=\"button\">\n						Read More\n					</a>\n															<img width=\"993\" height=\"1200\" src=\"http://localhost/MetroCafe/wp-content/uploads/2023/01/eeqbbemh9-c.jpg\" alt=\"baked pancakes\" loading=\"lazy\" />															\n															<img width=\"800\" height=\"1200\" src=\"http://localhost/MetroCafe/wp-content/uploads/2023/01/zuns99pgdg0.jpg\" alt=\"shallow focus photography of coffee late in mug on table\" loading=\"lazy\" />															\n			<h2>Our Menu</h2>		\n			<h6>Featured Delicious </h6>		\n															<img width=\"200\" height=\"35\" src=\"http://localhost/MetroCafe/wp-content/uploads/2023/01/divider-free-img-1.png\" alt=\"\" loading=\"lazy\" />															\n			<a href=\"http://localhost/MetroCafe/take-away/\" role=\"button\">\n						Menu\n					</a>\n			<style>/*! elementor - v3.10.0 - 09-01-2023 */\n.elementor-widget-divider{--divider-border-style:none;--divider-border-width:1px;--divider-color:#2c2c2c;--divider-icon-size:20px;--divider-element-spacing:10px;--divider-pattern-height:24px;--divider-pattern-size:20px;--divider-pattern-url:none;--divider-pattern-repeat:repeat-x}.elementor-widget-divider .elementor-divider{display:flex}.elementor-widget-divider .elementor-divider__text{font-size:15px;line-height:1;max-width:95%}.elementor-widget-divider .elementor-divider__element{margin:0 var(--divider-element-spacing);flex-shrink:0}.elementor-widget-divider .elementor-icon{font-size:var(--divider-icon-size)}.elementor-widget-divider .elementor-divider-separator{display:flex;margin:0;direction:ltr}.elementor-widget-divider--view-line_icon .elementor-divider-separator,.elementor-widget-divider--view-line_text .elementor-divider-separator{align-items:center}.elementor-widget-divider--view-line_icon .elementor-divider-separator:after,.elementor-widget-divider--view-line_icon .elementor-divider-separator:before,.elementor-widget-divider--view-line_text .elementor-divider-separator:after,.elementor-widget-divider--view-line_text .elementor-divider-separator:before{display:block;content:\"\";border-bottom:0;flex-grow:1;border-top:var(--divider-border-width) var(--divider-border-style) var(--divider-color)}.elementor-widget-divider--element-align-left .elementor-divider .elementor-divider-separator>.elementor-divider__svg:first-of-type{flex-grow:0;flex-shrink:100}.elementor-widget-divider--element-align-left .elementor-divider-separator:before{content:none}.elementor-widget-divider--element-align-left .elementor-divider__element{margin-left:0}.elementor-widget-divider--element-align-right .elementor-divider .elementor-divider-separator>.elementor-divider__svg:last-of-type{flex-grow:0;flex-shrink:100}.elementor-widget-divider--element-align-right .elementor-divider-separator:after{content:none}.elementor-widget-divider--element-align-right .elementor-divider__element{margin-right:0}.elementor-widget-divider:not(.elementor-widget-divider--view-line_text):not(.elementor-widget-divider--view-line_icon) .elementor-divider-separator{border-top:var(--divider-border-width) var(--divider-border-style) var(--divider-color)}.elementor-widget-divider--separator-type-pattern{--divider-border-style:none}.elementor-widget-divider--separator-type-pattern.elementor-widget-divider--view-line .elementor-divider-separator,.elementor-widget-divider--separator-type-pattern:not(.elementor-widget-divider--view-line) .elementor-divider-separator:after,.elementor-widget-divider--separator-type-pattern:not(.elementor-widget-divider--view-line) .elementor-divider-separator:before,.elementor-widget-divider--separator-type-pattern:not([class*=elementor-widget-divider--view]) .elementor-divider-separator{width:100%;min-height:var(--divider-pattern-height);-webkit-mask-size:var(--divider-pattern-size) 100%;mask-size:var(--divider-pattern-size) 100%;-webkit-mask-repeat:var(--divider-pattern-repeat);mask-repeat:var(--divider-pattern-repeat);background-color:var(--divider-color);-webkit-mask-image:var(--divider-pattern-url);mask-image:var(--divider-pattern-url)}.elementor-widget-divider--no-spacing{--divider-pattern-size:auto}.elementor-widget-divider--bg-round{--divider-pattern-repeat:round}.rtl .elementor-widget-divider .elementor-divider__text{direction:rtl}.e-con-inner>.elementor-widget-divider,.e-con>.elementor-widget-divider{width:var(--container-widget-width);--flex-grow:var(--container-widget-flex-grow)}</style>		\n															<img width=\"100\" height=\"100\" src=\"http://localhost/MetroCafe/wp-content/uploads/2023/01/icons8-clock-100.png\" alt=\"\" loading=\"lazy\" />															\n			<h2>OPENING HOURS</h2>		\n			<h2>Sunday - Thursday &nbsp; 16:00 - 22:00</h2>		\n															<img width=\"200\" height=\"35\" src=\"http://localhost/MetroCafe/wp-content/uploads/2023/01/divider-free-img-1.png\" alt=\"\" loading=\"lazy\" />															\n			<a href=\"http://localhost/MetroCafe/reservation/\" role=\"button\">\n						Book Table\n					</a>', 'Home', '', 'inherit', 'closed', 'closed', '', '568-revision-v1', '', '', '2023-11-26 10:20:34', '2023-11-26 10:20:34', '', 568, 'http://localhost/MetroCafe/?p=1194', 0, 'revision', '', 0);
INSERT INTO `wp_mcafeposts` (`ID`, `post_author`, `post_date`, `post_date_gmt`, `post_content`, `post_title`, `post_excerpt`, `post_status`, `comment_status`, `ping_status`, `post_password`, `post_name`, `to_ping`, `pinged`, `post_modified`, `post_modified_gmt`, `post_content_filtered`, `post_parent`, `guid`, `menu_order`, `post_type`, `post_mime_type`, `comment_count`) VALUES
(1195, 1, '2023-11-26 10:20:34', '2023-11-26 10:20:34', '<style>/*! elementor - v3.10.0 - 09-01-2023 */\n.elementor-heading-title{padding:0;margin:0;line-height:1}.elementor-widget-heading .elementor-heading-title[class*=elementor-size-]>a{color:inherit;font-size:inherit;line-height:inherit}.elementor-widget-heading .elementor-heading-title.elementor-size-small{font-size:15px}.elementor-widget-heading .elementor-heading-title.elementor-size-medium{font-size:19px}.elementor-widget-heading .elementor-heading-title.elementor-size-large{font-size:29px}.elementor-widget-heading .elementor-heading-title.elementor-size-xl{font-size:39px}.elementor-widget-heading .elementor-heading-title.elementor-size-xxl{font-size:59px}</style><h3>Best in Town</h3>		\n			<h1>Brunch n Brew</h1>		\n			<a href=\"http://localhost/MetroCafe/reservation/\" role=\"button\">\n						Book Table\n					</a>\n			<a href=\"http://localhost/MetroCafe/take-away/\" role=\"button\">\n						Take Away\n					</a>\n			<h2>Brunch n Brew</h2>		\n			<style>/*! elementor - v3.10.0 - 09-01-2023 */\n.elementor-widget-image{text-align:center}.elementor-widget-image a{display:inline-block}.elementor-widget-image a img[src$=\".svg\"]{width:48px}.elementor-widget-image img{vertical-align:middle;display:inline-block}</style>												<img width=\"200\" height=\"35\" src=\"http://localhost/MetroCafe/wp-content/uploads/2023/01/divider-free-img-1.png\" alt=\"\" loading=\"lazy\" />															\n			<h6>Our Delicious Story</h6>		\n		<p><strong>Lorem Ipsum</strong> is simply dummy text of the printing and typesetting industry. Lorem Ipsum has been the industry\'s standard dummy text ever since the 1500s, when an unknown printer took a galley of type and scrambled it to make a type specimen book. It has survived not only five centuries, but also the leap into electronic typesetting, remaining essentially unchanged.</p>		\n			<a href=\"http://localhost/MetroCafe/about-us/\" role=\"button\">\n						Read More\n					</a>\n															<img width=\"993\" height=\"1200\" src=\"http://localhost/MetroCafe/wp-content/uploads/2023/01/eeqbbemh9-c.jpg\" alt=\"baked pancakes\" loading=\"lazy\" />															\n															<img width=\"800\" height=\"1200\" src=\"http://localhost/MetroCafe/wp-content/uploads/2023/01/zuns99pgdg0.jpg\" alt=\"shallow focus photography of coffee late in mug on table\" loading=\"lazy\" />															\n			<h2>Our Menu</h2>		\n			<h6>Featured Delicious </h6>		\n															<img width=\"200\" height=\"35\" src=\"http://localhost/MetroCafe/wp-content/uploads/2023/01/divider-free-img-1.png\" alt=\"\" loading=\"lazy\" />															\n			<a href=\"http://localhost/MetroCafe/take-away/\" role=\"button\">\n						Menu\n					</a>\n			<style>/*! elementor - v3.10.0 - 09-01-2023 */\n.elementor-widget-divider{--divider-border-style:none;--divider-border-width:1px;--divider-color:#2c2c2c;--divider-icon-size:20px;--divider-element-spacing:10px;--divider-pattern-height:24px;--divider-pattern-size:20px;--divider-pattern-url:none;--divider-pattern-repeat:repeat-x}.elementor-widget-divider .elementor-divider{display:flex}.elementor-widget-divider .elementor-divider__text{font-size:15px;line-height:1;max-width:95%}.elementor-widget-divider .elementor-divider__element{margin:0 var(--divider-element-spacing);flex-shrink:0}.elementor-widget-divider .elementor-icon{font-size:var(--divider-icon-size)}.elementor-widget-divider .elementor-divider-separator{display:flex;margin:0;direction:ltr}.elementor-widget-divider--view-line_icon .elementor-divider-separator,.elementor-widget-divider--view-line_text .elementor-divider-separator{align-items:center}.elementor-widget-divider--view-line_icon .elementor-divider-separator:after,.elementor-widget-divider--view-line_icon .elementor-divider-separator:before,.elementor-widget-divider--view-line_text .elementor-divider-separator:after,.elementor-widget-divider--view-line_text .elementor-divider-separator:before{display:block;content:\"\";border-bottom:0;flex-grow:1;border-top:var(--divider-border-width) var(--divider-border-style) var(--divider-color)}.elementor-widget-divider--element-align-left .elementor-divider .elementor-divider-separator>.elementor-divider__svg:first-of-type{flex-grow:0;flex-shrink:100}.elementor-widget-divider--element-align-left .elementor-divider-separator:before{content:none}.elementor-widget-divider--element-align-left .elementor-divider__element{margin-left:0}.elementor-widget-divider--element-align-right .elementor-divider .elementor-divider-separator>.elementor-divider__svg:last-of-type{flex-grow:0;flex-shrink:100}.elementor-widget-divider--element-align-right .elementor-divider-separator:after{content:none}.elementor-widget-divider--element-align-right .elementor-divider__element{margin-right:0}.elementor-widget-divider:not(.elementor-widget-divider--view-line_text):not(.elementor-widget-divider--view-line_icon) .elementor-divider-separator{border-top:var(--divider-border-width) var(--divider-border-style) var(--divider-color)}.elementor-widget-divider--separator-type-pattern{--divider-border-style:none}.elementor-widget-divider--separator-type-pattern.elementor-widget-divider--view-line .elementor-divider-separator,.elementor-widget-divider--separator-type-pattern:not(.elementor-widget-divider--view-line) .elementor-divider-separator:after,.elementor-widget-divider--separator-type-pattern:not(.elementor-widget-divider--view-line) .elementor-divider-separator:before,.elementor-widget-divider--separator-type-pattern:not([class*=elementor-widget-divider--view]) .elementor-divider-separator{width:100%;min-height:var(--divider-pattern-height);-webkit-mask-size:var(--divider-pattern-size) 100%;mask-size:var(--divider-pattern-size) 100%;-webkit-mask-repeat:var(--divider-pattern-repeat);mask-repeat:var(--divider-pattern-repeat);background-color:var(--divider-color);-webkit-mask-image:var(--divider-pattern-url);mask-image:var(--divider-pattern-url)}.elementor-widget-divider--no-spacing{--divider-pattern-size:auto}.elementor-widget-divider--bg-round{--divider-pattern-repeat:round}.rtl .elementor-widget-divider .elementor-divider__text{direction:rtl}.e-con-inner>.elementor-widget-divider,.e-con>.elementor-widget-divider{width:var(--container-widget-width);--flex-grow:var(--container-widget-flex-grow)}</style>		\n															<img width=\"100\" height=\"100\" src=\"http://localhost/MetroCafe/wp-content/uploads/2023/01/icons8-clock-100.png\" alt=\"\" loading=\"lazy\" />															\n			<h2>OPENING HOURS</h2>		\n			<h2>Sunday - Thursday &nbsp; 16:00 - 22:00</h2>		\n															<img width=\"200\" height=\"35\" src=\"http://localhost/MetroCafe/wp-content/uploads/2023/01/divider-free-img-1.png\" alt=\"\" loading=\"lazy\" />															\n			<a href=\"http://localhost/MetroCafe/reservation/\" role=\"button\">\n						Book Table\n					</a>', 'Home', '', 'inherit', 'closed', 'closed', '', '568-revision-v1', '', '', '2023-11-26 10:20:34', '2023-11-26 10:20:34', '', 568, 'http://localhost/MetroCafe/?p=1195', 0, 'revision', '', 0),
(1196, 1, '2023-11-26 10:28:59', '2023-11-26 10:28:59', '', 'meditrranean-omelette-loaded-with-pesto--red-pepper--feta--semi-dried-tomato--spinach-artichoke--mushroom---cheese-on-toast-portrait-photo', '', 'inherit', 'open', 'closed', '', 'meditrranean-omelette-loaded-with-pesto-red-pepper-feta-semi-dried-tomato-spinach-artichoke-mushroom-cheese-on-toast-portrait-photo', '', '', '2023-11-26 10:28:59', '2023-11-26 10:28:59', '', 568, 'http://localhost/MetroCafe/wp-content/uploads/2023/11/meditrranean-omelette-loaded-with-pesto-red-pepper-feta-semi-dried-tomato-spinach-artichoke-mushroom-cheese-on-toast-portrait-photo.png', 0, 'attachment', 'image/png', 0),
(1198, 1, '2023-11-26 10:30:40', '2023-11-26 10:30:40', '', 'meditrranean-omelette-loaded-with-pesto--red-pepper--feta--semi-dried-tomato--spinach-artichoke--mushroom---cheese-on-toast-potrait-image', '', 'inherit', 'open', 'closed', '', 'meditrranean-omelette-loaded-with-pesto-red-pepper-feta-semi-dried-tomato-spinach-artichoke-mushroom-cheese-on-toast-potrait-image', '', '', '2023-11-26 10:30:40', '2023-11-26 10:30:40', '', 568, 'http://localhost/MetroCafe/wp-content/uploads/2023/11/meditrranean-omelette-loaded-with-pesto-red-pepper-feta-semi-dried-tomato-spinach-artichoke-mushroom-cheese-on-toast-potrait-image.png', 0, 'attachment', 'image/png', 0),
(1199, 1, '2023-11-26 10:32:53', '2023-11-26 10:32:53', '', 'hot-coffee-with-coffee-beans-coffee-seeds-tree-background', '', 'inherit', 'open', 'closed', '', 'hot-coffee-with-coffee-beans-coffee-seeds-tree-background', '', '', '2023-11-26 10:32:53', '2023-11-26 10:32:53', '', 568, 'http://localhost/MetroCafe/wp-content/uploads/2023/11/hot-coffee-with-coffee-beans-coffee-seeds-tree-background.jpg', 0, 'attachment', 'image/jpeg', 0),
(1200, 1, '2023-11-26 10:34:15', '2023-11-26 10:34:15', '', '10813', '', 'inherit', 'open', 'closed', '', '10813', '', '', '2023-11-26 10:34:15', '2023-11-26 10:34:15', '', 568, 'http://localhost/MetroCafe/wp-content/uploads/2023/11/10813.jpg', 0, 'attachment', 'image/jpeg', 0),
(1201, 1, '2023-11-26 10:36:12', '2023-11-26 10:36:12', '', 'viber_image_2023-11-26_16-20-35-861', '', 'inherit', 'open', 'closed', '', 'viber_image_2023-11-26_16-20-35-861', '', '', '2023-11-26 10:36:12', '2023-11-26 10:36:12', '', 568, 'http://localhost/MetroCafe/wp-content/uploads/2023/11/viber_image_2023-11-26_16-20-35-861.jpg', 0, 'attachment', 'image/jpeg', 0),
(1202, 1, '2023-11-26 10:36:27', '2023-11-26 10:36:27', '<style>/*! elementor - v3.10.0 - 09-01-2023 */\n.elementor-heading-title{padding:0;margin:0;line-height:1}.elementor-widget-heading .elementor-heading-title[class*=elementor-size-]>a{color:inherit;font-size:inherit;line-height:inherit}.elementor-widget-heading .elementor-heading-title.elementor-size-small{font-size:15px}.elementor-widget-heading .elementor-heading-title.elementor-size-medium{font-size:19px}.elementor-widget-heading .elementor-heading-title.elementor-size-large{font-size:29px}.elementor-widget-heading .elementor-heading-title.elementor-size-xl{font-size:39px}.elementor-widget-heading .elementor-heading-title.elementor-size-xxl{font-size:59px}</style><h3>Best in Town</h3>		\n			<h1>Brunch n Brew</h1>		\n			<a href=\"http://localhost/MetroCafe/reservation/\" role=\"button\">\n						Book Table\n					</a>\n			<a href=\"http://localhost/MetroCafe/take-away/\" role=\"button\">\n						Take Away\n					</a>\n			<h2>Brunch n Brew</h2>		\n			<style>/*! elementor - v3.10.0 - 09-01-2023 */\n.elementor-widget-image{text-align:center}.elementor-widget-image a{display:inline-block}.elementor-widget-image a img[src$=\".svg\"]{width:48px}.elementor-widget-image img{vertical-align:middle;display:inline-block}</style>												<img width=\"200\" height=\"35\" src=\"http://localhost/MetroCafe/wp-content/uploads/2023/01/divider-free-img-1.png\" alt=\"\" loading=\"lazy\" />															\n			<h6>Our Delicious Story</h6>		\n		<p><strong>Lorem Ipsum</strong> is simply dummy text of the printing and typesetting industry. Lorem Ipsum has been the industry\'s standard dummy text ever since the 1500s, when an unknown printer took a galley of type and scrambled it to make a type specimen book. It has survived not only five centuries, but also the leap into electronic typesetting, remaining essentially unchanged.</p>		\n			<a href=\"http://localhost/MetroCafe/about-us/\" role=\"button\">\n						Read More\n					</a>\n															<img width=\"993\" height=\"1200\" src=\"http://localhost/MetroCafe/wp-content/uploads/2023/01/eeqbbemh9-c.jpg\" alt=\"baked pancakes\" loading=\"lazy\" />															\n															<img width=\"800\" height=\"1200\" src=\"http://localhost/MetroCafe/wp-content/uploads/2023/01/zuns99pgdg0.jpg\" alt=\"shallow focus photography of coffee late in mug on table\" loading=\"lazy\" />															\n			<h2>Our Menu</h2>		\n			<h6>Featured Delicious </h6>		\n															<img width=\"200\" height=\"35\" src=\"http://localhost/MetroCafe/wp-content/uploads/2023/01/divider-free-img-1.png\" alt=\"\" loading=\"lazy\" />															\n			<a href=\"http://localhost/MetroCafe/take-away/\" role=\"button\">\n						Menu\n					</a>\n			<style>/*! elementor - v3.10.0 - 09-01-2023 */\n.elementor-widget-divider{--divider-border-style:none;--divider-border-width:1px;--divider-color:#2c2c2c;--divider-icon-size:20px;--divider-element-spacing:10px;--divider-pattern-height:24px;--divider-pattern-size:20px;--divider-pattern-url:none;--divider-pattern-repeat:repeat-x}.elementor-widget-divider .elementor-divider{display:flex}.elementor-widget-divider .elementor-divider__text{font-size:15px;line-height:1;max-width:95%}.elementor-widget-divider .elementor-divider__element{margin:0 var(--divider-element-spacing);flex-shrink:0}.elementor-widget-divider .elementor-icon{font-size:var(--divider-icon-size)}.elementor-widget-divider .elementor-divider-separator{display:flex;margin:0;direction:ltr}.elementor-widget-divider--view-line_icon .elementor-divider-separator,.elementor-widget-divider--view-line_text .elementor-divider-separator{align-items:center}.elementor-widget-divider--view-line_icon .elementor-divider-separator:after,.elementor-widget-divider--view-line_icon .elementor-divider-separator:before,.elementor-widget-divider--view-line_text .elementor-divider-separator:after,.elementor-widget-divider--view-line_text .elementor-divider-separator:before{display:block;content:\"\";border-bottom:0;flex-grow:1;border-top:var(--divider-border-width) var(--divider-border-style) var(--divider-color)}.elementor-widget-divider--element-align-left .elementor-divider .elementor-divider-separator>.elementor-divider__svg:first-of-type{flex-grow:0;flex-shrink:100}.elementor-widget-divider--element-align-left .elementor-divider-separator:before{content:none}.elementor-widget-divider--element-align-left .elementor-divider__element{margin-left:0}.elementor-widget-divider--element-align-right .elementor-divider .elementor-divider-separator>.elementor-divider__svg:last-of-type{flex-grow:0;flex-shrink:100}.elementor-widget-divider--element-align-right .elementor-divider-separator:after{content:none}.elementor-widget-divider--element-align-right .elementor-divider__element{margin-right:0}.elementor-widget-divider:not(.elementor-widget-divider--view-line_text):not(.elementor-widget-divider--view-line_icon) .elementor-divider-separator{border-top:var(--divider-border-width) var(--divider-border-style) var(--divider-color)}.elementor-widget-divider--separator-type-pattern{--divider-border-style:none}.elementor-widget-divider--separator-type-pattern.elementor-widget-divider--view-line .elementor-divider-separator,.elementor-widget-divider--separator-type-pattern:not(.elementor-widget-divider--view-line) .elementor-divider-separator:after,.elementor-widget-divider--separator-type-pattern:not(.elementor-widget-divider--view-line) .elementor-divider-separator:before,.elementor-widget-divider--separator-type-pattern:not([class*=elementor-widget-divider--view]) .elementor-divider-separator{width:100%;min-height:var(--divider-pattern-height);-webkit-mask-size:var(--divider-pattern-size) 100%;mask-size:var(--divider-pattern-size) 100%;-webkit-mask-repeat:var(--divider-pattern-repeat);mask-repeat:var(--divider-pattern-repeat);background-color:var(--divider-color);-webkit-mask-image:var(--divider-pattern-url);mask-image:var(--divider-pattern-url)}.elementor-widget-divider--no-spacing{--divider-pattern-size:auto}.elementor-widget-divider--bg-round{--divider-pattern-repeat:round}.rtl .elementor-widget-divider .elementor-divider__text{direction:rtl}.e-con-inner>.elementor-widget-divider,.e-con>.elementor-widget-divider{width:var(--container-widget-width);--flex-grow:var(--container-widget-flex-grow)}</style>		\n															<img width=\"100\" height=\"100\" src=\"http://localhost/MetroCafe/wp-content/uploads/2023/01/icons8-clock-100.png\" alt=\"\" loading=\"lazy\" />															\n			<h2>OPENING HOURS</h2>		\n			<h2>Sunday - Thursday &nbsp; 16:00 - 22:00</h2>		\n															<img width=\"200\" height=\"35\" src=\"http://localhost/MetroCafe/wp-content/uploads/2023/01/divider-free-img-1.png\" alt=\"\" loading=\"lazy\" />															\n			<a href=\"http://localhost/MetroCafe/reservation/\" role=\"button\">\n						Book Table\n					</a>', 'Home', '', 'inherit', 'closed', 'closed', '', '568-revision-v1', '', '', '2023-11-26 10:36:27', '2023-11-26 10:36:27', '', 568, 'http://localhost/MetroCafe/?p=1202', 0, 'revision', '', 0),
(1203, 1, '2023-11-26 10:36:27', '2023-11-26 10:36:27', '<style>/*! elementor - v3.10.0 - 09-01-2023 */\n.elementor-heading-title{padding:0;margin:0;line-height:1}.elementor-widget-heading .elementor-heading-title[class*=elementor-size-]>a{color:inherit;font-size:inherit;line-height:inherit}.elementor-widget-heading .elementor-heading-title.elementor-size-small{font-size:15px}.elementor-widget-heading .elementor-heading-title.elementor-size-medium{font-size:19px}.elementor-widget-heading .elementor-heading-title.elementor-size-large{font-size:29px}.elementor-widget-heading .elementor-heading-title.elementor-size-xl{font-size:39px}.elementor-widget-heading .elementor-heading-title.elementor-size-xxl{font-size:59px}</style><h3>Best in Town</h3>		\n			<h1>Brunch n Brew</h1>		\n			<a href=\"http://localhost/MetroCafe/reservation/\" role=\"button\">\n						Book Table\n					</a>\n			<a href=\"http://localhost/MetroCafe/take-away/\" role=\"button\">\n						Take Away\n					</a>\n			<h2>Brunch n Brew</h2>		\n			<style>/*! elementor - v3.10.0 - 09-01-2023 */\n.elementor-widget-image{text-align:center}.elementor-widget-image a{display:inline-block}.elementor-widget-image a img[src$=\".svg\"]{width:48px}.elementor-widget-image img{vertical-align:middle;display:inline-block}</style>												<img width=\"200\" height=\"35\" src=\"http://localhost/MetroCafe/wp-content/uploads/2023/01/divider-free-img-1.png\" alt=\"\" loading=\"lazy\" />															\n			<h6>Our Delicious Story</h6>		\n		<p><strong>Lorem Ipsum</strong> is simply dummy text of the printing and typesetting industry. Lorem Ipsum has been the industry\'s standard dummy text ever since the 1500s, when an unknown printer took a galley of type and scrambled it to make a type specimen book. It has survived not only five centuries, but also the leap into electronic typesetting, remaining essentially unchanged.</p>		\n			<a href=\"http://localhost/MetroCafe/about-us/\" role=\"button\">\n						Read More\n					</a>\n															<img width=\"993\" height=\"1200\" src=\"http://localhost/MetroCafe/wp-content/uploads/2023/01/eeqbbemh9-c.jpg\" alt=\"baked pancakes\" loading=\"lazy\" />															\n															<img width=\"800\" height=\"1200\" src=\"http://localhost/MetroCafe/wp-content/uploads/2023/01/zuns99pgdg0.jpg\" alt=\"shallow focus photography of coffee late in mug on table\" loading=\"lazy\" />															\n			<h2>Our Menu</h2>		\n			<h6>Featured Delicious </h6>		\n															<img width=\"200\" height=\"35\" src=\"http://localhost/MetroCafe/wp-content/uploads/2023/01/divider-free-img-1.png\" alt=\"\" loading=\"lazy\" />															\n			<a href=\"http://localhost/MetroCafe/take-away/\" role=\"button\">\n						Menu\n					</a>\n			<style>/*! elementor - v3.10.0 - 09-01-2023 */\n.elementor-widget-divider{--divider-border-style:none;--divider-border-width:1px;--divider-color:#2c2c2c;--divider-icon-size:20px;--divider-element-spacing:10px;--divider-pattern-height:24px;--divider-pattern-size:20px;--divider-pattern-url:none;--divider-pattern-repeat:repeat-x}.elementor-widget-divider .elementor-divider{display:flex}.elementor-widget-divider .elementor-divider__text{font-size:15px;line-height:1;max-width:95%}.elementor-widget-divider .elementor-divider__element{margin:0 var(--divider-element-spacing);flex-shrink:0}.elementor-widget-divider .elementor-icon{font-size:var(--divider-icon-size)}.elementor-widget-divider .elementor-divider-separator{display:flex;margin:0;direction:ltr}.elementor-widget-divider--view-line_icon .elementor-divider-separator,.elementor-widget-divider--view-line_text .elementor-divider-separator{align-items:center}.elementor-widget-divider--view-line_icon .elementor-divider-separator:after,.elementor-widget-divider--view-line_icon .elementor-divider-separator:before,.elementor-widget-divider--view-line_text .elementor-divider-separator:after,.elementor-widget-divider--view-line_text .elementor-divider-separator:before{display:block;content:\"\";border-bottom:0;flex-grow:1;border-top:var(--divider-border-width) var(--divider-border-style) var(--divider-color)}.elementor-widget-divider--element-align-left .elementor-divider .elementor-divider-separator>.elementor-divider__svg:first-of-type{flex-grow:0;flex-shrink:100}.elementor-widget-divider--element-align-left .elementor-divider-separator:before{content:none}.elementor-widget-divider--element-align-left .elementor-divider__element{margin-left:0}.elementor-widget-divider--element-align-right .elementor-divider .elementor-divider-separator>.elementor-divider__svg:last-of-type{flex-grow:0;flex-shrink:100}.elementor-widget-divider--element-align-right .elementor-divider-separator:after{content:none}.elementor-widget-divider--element-align-right .elementor-divider__element{margin-right:0}.elementor-widget-divider:not(.elementor-widget-divider--view-line_text):not(.elementor-widget-divider--view-line_icon) .elementor-divider-separator{border-top:var(--divider-border-width) var(--divider-border-style) var(--divider-color)}.elementor-widget-divider--separator-type-pattern{--divider-border-style:none}.elementor-widget-divider--separator-type-pattern.elementor-widget-divider--view-line .elementor-divider-separator,.elementor-widget-divider--separator-type-pattern:not(.elementor-widget-divider--view-line) .elementor-divider-separator:after,.elementor-widget-divider--separator-type-pattern:not(.elementor-widget-divider--view-line) .elementor-divider-separator:before,.elementor-widget-divider--separator-type-pattern:not([class*=elementor-widget-divider--view]) .elementor-divider-separator{width:100%;min-height:var(--divider-pattern-height);-webkit-mask-size:var(--divider-pattern-size) 100%;mask-size:var(--divider-pattern-size) 100%;-webkit-mask-repeat:var(--divider-pattern-repeat);mask-repeat:var(--divider-pattern-repeat);background-color:var(--divider-color);-webkit-mask-image:var(--divider-pattern-url);mask-image:var(--divider-pattern-url)}.elementor-widget-divider--no-spacing{--divider-pattern-size:auto}.elementor-widget-divider--bg-round{--divider-pattern-repeat:round}.rtl .elementor-widget-divider .elementor-divider__text{direction:rtl}.e-con-inner>.elementor-widget-divider,.e-con>.elementor-widget-divider{width:var(--container-widget-width);--flex-grow:var(--container-widget-flex-grow)}</style>		\n															<img width=\"100\" height=\"100\" src=\"http://localhost/MetroCafe/wp-content/uploads/2023/01/icons8-clock-100.png\" alt=\"\" loading=\"lazy\" />															\n			<h2>OPENING HOURS</h2>		\n			<h2>Sunday - Thursday &nbsp; 16:00 - 22:00</h2>		\n															<img width=\"200\" height=\"35\" src=\"http://localhost/MetroCafe/wp-content/uploads/2023/01/divider-free-img-1.png\" alt=\"\" loading=\"lazy\" />															\n			<a href=\"http://localhost/MetroCafe/reservation/\" role=\"button\">\n						Book Table\n					</a>', 'Home', '', 'inherit', 'closed', 'closed', '', '568-revision-v1', '', '', '2023-11-26 10:36:27', '2023-11-26 10:36:27', '', 568, 'http://localhost/MetroCafe/?p=1203', 0, 'revision', '', 0),
(1204, 1, '2023-11-26 10:36:28', '2023-11-26 10:36:28', '<style>/*! elementor - v3.10.0 - 09-01-2023 */\n.elementor-heading-title{padding:0;margin:0;line-height:1}.elementor-widget-heading .elementor-heading-title[class*=elementor-size-]>a{color:inherit;font-size:inherit;line-height:inherit}.elementor-widget-heading .elementor-heading-title.elementor-size-small{font-size:15px}.elementor-widget-heading .elementor-heading-title.elementor-size-medium{font-size:19px}.elementor-widget-heading .elementor-heading-title.elementor-size-large{font-size:29px}.elementor-widget-heading .elementor-heading-title.elementor-size-xl{font-size:39px}.elementor-widget-heading .elementor-heading-title.elementor-size-xxl{font-size:59px}</style><h3>Best in Town</h3>		\n			<h1>Brunch n Brew</h1>		\n			<a href=\"http://localhost/MetroCafe/reservation/\" role=\"button\">\n						Book Table\n					</a>\n			<a href=\"http://localhost/MetroCafe/take-away/\" role=\"button\">\n						Take Away\n					</a>\n			<h2>Brunch n Brew</h2>		\n			<style>/*! elementor - v3.10.0 - 09-01-2023 */\n.elementor-widget-image{text-align:center}.elementor-widget-image a{display:inline-block}.elementor-widget-image a img[src$=\".svg\"]{width:48px}.elementor-widget-image img{vertical-align:middle;display:inline-block}</style>												<img width=\"200\" height=\"35\" src=\"http://localhost/MetroCafe/wp-content/uploads/2023/01/divider-free-img-1.png\" alt=\"\" loading=\"lazy\" />															\n			<h6>Our Delicious Story</h6>		\n		<p><strong>Lorem Ipsum</strong> is simply dummy text of the printing and typesetting industry. Lorem Ipsum has been the industry\'s standard dummy text ever since the 1500s, when an unknown printer took a galley of type and scrambled it to make a type specimen book. It has survived not only five centuries, but also the leap into electronic typesetting, remaining essentially unchanged.</p>		\n			<a href=\"http://localhost/MetroCafe/about-us/\" role=\"button\">\n						Read More\n					</a>\n															<img width=\"3072\" height=\"5376\" src=\"http://localhost/MetroCafe/wp-content/uploads/2023/11/meditrranean-omelette-loaded-with-pesto-red-pepper-feta-semi-dried-tomato-spinach-artichoke-mushroom-cheese-on-toast-potrait-image.png\" alt=\"\" loading=\"lazy\" srcset=\"http://localhost/MetroCafe/wp-content/uploads/2023/11/meditrranean-omelette-loaded-with-pesto-red-pepper-feta-semi-dried-tomato-spinach-artichoke-mushroom-cheese-on-toast-potrait-image.png 3072w, http://localhost/MetroCafe/wp-content/uploads/2023/11/meditrranean-omelette-loaded-with-pesto-red-pepper-feta-semi-dried-tomato-spinach-artichoke-mushroom-cheese-on-toast-potrait-image-171x300.png 171w, http://localhost/MetroCafe/wp-content/uploads/2023/11/meditrranean-omelette-loaded-with-pesto-red-pepper-feta-semi-dried-tomato-spinach-artichoke-mushroom-cheese-on-toast-potrait-image-585x1024.png 585w, http://localhost/MetroCafe/wp-content/uploads/2023/11/meditrranean-omelette-loaded-with-pesto-red-pepper-feta-semi-dried-tomato-spinach-artichoke-mushroom-cheese-on-toast-potrait-image-768x1344.png 768w, http://localhost/MetroCafe/wp-content/uploads/2023/11/meditrranean-omelette-loaded-with-pesto-red-pepper-feta-semi-dried-tomato-spinach-artichoke-mushroom-cheese-on-toast-potrait-image-878x1536.png 878w, http://localhost/MetroCafe/wp-content/uploads/2023/11/meditrranean-omelette-loaded-with-pesto-red-pepper-feta-semi-dried-tomato-spinach-artichoke-mushroom-cheese-on-toast-potrait-image-1170x2048.png 1170w, http://localhost/MetroCafe/wp-content/uploads/2023/11/meditrranean-omelette-loaded-with-pesto-red-pepper-feta-semi-dried-tomato-spinach-artichoke-mushroom-cheese-on-toast-potrait-image-600x1050.png 600w\" sizes=\"(max-width: 3072px) 100vw, 3072px\" />															\n															<img width=\"800\" height=\"1200\" src=\"http://localhost/MetroCafe/wp-content/uploads/2023/01/zuns99pgdg0.jpg\" alt=\"shallow focus photography of coffee late in mug on table\" loading=\"lazy\" />															\n			<h2>Our Menu</h2>		\n			<h6>Featured Delicious </h6>		\n															<img width=\"200\" height=\"35\" src=\"http://localhost/MetroCafe/wp-content/uploads/2023/01/divider-free-img-1.png\" alt=\"\" loading=\"lazy\" />															\n			<a href=\"http://localhost/MetroCafe/take-away/\" role=\"button\">\n						Menu\n					</a>\n			<style>/*! elementor - v3.10.0 - 09-01-2023 */\n.elementor-widget-divider{--divider-border-style:none;--divider-border-width:1px;--divider-color:#2c2c2c;--divider-icon-size:20px;--divider-element-spacing:10px;--divider-pattern-height:24px;--divider-pattern-size:20px;--divider-pattern-url:none;--divider-pattern-repeat:repeat-x}.elementor-widget-divider .elementor-divider{display:flex}.elementor-widget-divider .elementor-divider__text{font-size:15px;line-height:1;max-width:95%}.elementor-widget-divider .elementor-divider__element{margin:0 var(--divider-element-spacing);flex-shrink:0}.elementor-widget-divider .elementor-icon{font-size:var(--divider-icon-size)}.elementor-widget-divider .elementor-divider-separator{display:flex;margin:0;direction:ltr}.elementor-widget-divider--view-line_icon .elementor-divider-separator,.elementor-widget-divider--view-line_text .elementor-divider-separator{align-items:center}.elementor-widget-divider--view-line_icon .elementor-divider-separator:after,.elementor-widget-divider--view-line_icon .elementor-divider-separator:before,.elementor-widget-divider--view-line_text .elementor-divider-separator:after,.elementor-widget-divider--view-line_text .elementor-divider-separator:before{display:block;content:\"\";border-bottom:0;flex-grow:1;border-top:var(--divider-border-width) var(--divider-border-style) var(--divider-color)}.elementor-widget-divider--element-align-left .elementor-divider .elementor-divider-separator>.elementor-divider__svg:first-of-type{flex-grow:0;flex-shrink:100}.elementor-widget-divider--element-align-left .elementor-divider-separator:before{content:none}.elementor-widget-divider--element-align-left .elementor-divider__element{margin-left:0}.elementor-widget-divider--element-align-right .elementor-divider .elementor-divider-separator>.elementor-divider__svg:last-of-type{flex-grow:0;flex-shrink:100}.elementor-widget-divider--element-align-right .elementor-divider-separator:after{content:none}.elementor-widget-divider--element-align-right .elementor-divider__element{margin-right:0}.elementor-widget-divider:not(.elementor-widget-divider--view-line_text):not(.elementor-widget-divider--view-line_icon) .elementor-divider-separator{border-top:var(--divider-border-width) var(--divider-border-style) var(--divider-color)}.elementor-widget-divider--separator-type-pattern{--divider-border-style:none}.elementor-widget-divider--separator-type-pattern.elementor-widget-divider--view-line .elementor-divider-separator,.elementor-widget-divider--separator-type-pattern:not(.elementor-widget-divider--view-line) .elementor-divider-separator:after,.elementor-widget-divider--separator-type-pattern:not(.elementor-widget-divider--view-line) .elementor-divider-separator:before,.elementor-widget-divider--separator-type-pattern:not([class*=elementor-widget-divider--view]) .elementor-divider-separator{width:100%;min-height:var(--divider-pattern-height);-webkit-mask-size:var(--divider-pattern-size) 100%;mask-size:var(--divider-pattern-size) 100%;-webkit-mask-repeat:var(--divider-pattern-repeat);mask-repeat:var(--divider-pattern-repeat);background-color:var(--divider-color);-webkit-mask-image:var(--divider-pattern-url);mask-image:var(--divider-pattern-url)}.elementor-widget-divider--no-spacing{--divider-pattern-size:auto}.elementor-widget-divider--bg-round{--divider-pattern-repeat:round}.rtl .elementor-widget-divider .elementor-divider__text{direction:rtl}.e-con-inner>.elementor-widget-divider,.e-con>.elementor-widget-divider{width:var(--container-widget-width);--flex-grow:var(--container-widget-flex-grow)}</style>		\n															<img width=\"100\" height=\"100\" src=\"http://localhost/MetroCafe/wp-content/uploads/2023/01/icons8-clock-100.png\" alt=\"\" loading=\"lazy\" />															\n			<h2>OPENING HOURS</h2>		\n			<h2>Sunday - Thursday &nbsp; 16:00 - 22:00</h2>		\n															<img width=\"200\" height=\"35\" src=\"http://localhost/MetroCafe/wp-content/uploads/2023/01/divider-free-img-1.png\" alt=\"\" loading=\"lazy\" />															\n			<a href=\"http://localhost/MetroCafe/reservation/\" role=\"button\">\n						Book Table\n					</a>', 'Home', '', 'inherit', 'closed', 'closed', '', '568-revision-v1', '', '', '2023-11-26 10:36:28', '2023-11-26 10:36:28', '', 568, 'http://localhost/MetroCafe/?p=1204', 0, 'revision', '', 0);

-- --------------------------------------------------------

--
-- Table structure for table `wp_mcafetermmeta`
--

CREATE TABLE `wp_mcafetermmeta` (
  `meta_id` bigint(20) UNSIGNED NOT NULL,
  `term_id` bigint(20) UNSIGNED NOT NULL DEFAULT 0,
  `meta_key` varchar(255) DEFAULT NULL,
  `meta_value` longtext DEFAULT NULL
) ENGINE=InnoDB DEFAULT CHARSET=utf8mb4 COLLATE=utf8mb4_unicode_520_ci;

--
-- Dumping data for table `wp_mcafetermmeta`
--

INSERT INTO `wp_mcafetermmeta` (`meta_id`, `term_id`, `meta_key`, `meta_value`) VALUES
(1, 2, '_astra_sites_imported_term', '1'),
(2, 3, '_astra_sites_imported_term', '1'),
(3, 19, 'order', '0'),
(4, 19, 'display_type', ''),
(5, 19, 'thumbnail_id', '0'),
(6, 20, 'order', '0'),
(7, 20, 'display_type', ''),
(8, 20, 'thumbnail_id', '0'),
(9, 19, 'product_count_product_cat', '1'),
(10, 20, 'product_count_product_cat', '1'),
(11, 17, 'product_count_product_cat', '0');

-- --------------------------------------------------------

--
-- Table structure for table `wp_mcafeterms`
--

CREATE TABLE `wp_mcafeterms` (
  `term_id` bigint(20) UNSIGNED NOT NULL,
  `name` varchar(200) NOT NULL DEFAULT '',
  `slug` varchar(200) NOT NULL DEFAULT '',
  `term_group` bigint(10) NOT NULL DEFAULT 0
) ENGINE=InnoDB DEFAULT CHARSET=utf8mb4 COLLATE=utf8mb4_unicode_520_ci;

--
-- Dumping data for table `wp_mcafeterms`
--

INSERT INTO `wp_mcafeterms` (`term_id`, `name`, `slug`, `term_group`) VALUES
(1, 'Uncategorized', 'uncategorized', 0),
(2, 'page', 'page', 0),
(3, 'Main Menu', 'main-menu', 0),
(4, 'simple', 'simple', 0),
(5, 'grouped', 'grouped', 0),
(6, 'variable', 'variable', 0),
(7, 'external', 'external', 0),
(8, 'exclude-from-search', 'exclude-from-search', 0),
(9, 'exclude-from-catalog', 'exclude-from-catalog', 0),
(10, 'featured', 'featured', 0),
(11, 'outofstock', 'outofstock', 0),
(12, 'rated-1', 'rated-1', 0),
(13, 'rated-2', 'rated-2', 0),
(14, 'rated-3', 'rated-3', 0),
(15, 'rated-4', 'rated-4', 0),
(16, 'rated-5', 'rated-5', 0),
(17, 'Uncategorized', 'uncategorized', 0),
(18, 'astra', 'astra', 0),
(19, 'Burger', 'burger', 0),
(20, 'Salads', 'salads', 0);

-- --------------------------------------------------------

--
-- Table structure for table `wp_mcafeterm_relationships`
--

CREATE TABLE `wp_mcafeterm_relationships` (
  `object_id` bigint(20) UNSIGNED NOT NULL DEFAULT 0,
  `term_taxonomy_id` bigint(20) UNSIGNED NOT NULL DEFAULT 0,
  `term_order` int(11) NOT NULL DEFAULT 0
) ENGINE=InnoDB DEFAULT CHARSET=utf8mb4 COLLATE=utf8mb4_unicode_520_ci;

--
-- Dumping data for table `wp_mcafeterm_relationships`
--

INSERT INTO `wp_mcafeterm_relationships` (`object_id`, `term_taxonomy_id`, `term_order`) VALUES
(1, 1, 0),
(40, 3, 0),
(42, 3, 0),
(43, 3, 0),
(1024, 18, 0),
(1034, 4, 0),
(1034, 19, 0),
(1035, 4, 0),
(1035, 20, 0),
(1048, 3, 0),
(1050, 3, 0),
(1118, 3, 0);

-- --------------------------------------------------------

--
-- Table structure for table `wp_mcafeterm_taxonomy`
--

CREATE TABLE `wp_mcafeterm_taxonomy` (
  `term_taxonomy_id` bigint(20) UNSIGNED NOT NULL,
  `term_id` bigint(20) UNSIGNED NOT NULL DEFAULT 0,
  `taxonomy` varchar(32) NOT NULL DEFAULT '',
  `description` longtext NOT NULL,
  `parent` bigint(20) UNSIGNED NOT NULL DEFAULT 0,
  `count` bigint(20) NOT NULL DEFAULT 0
) ENGINE=InnoDB DEFAULT CHARSET=utf8mb4 COLLATE=utf8mb4_unicode_520_ci;

--
-- Dumping data for table `wp_mcafeterm_taxonomy`
--

INSERT INTO `wp_mcafeterm_taxonomy` (`term_taxonomy_id`, `term_id`, `taxonomy`, `description`, `parent`, `count`) VALUES
(1, 1, 'category', '', 0, 1),
(2, 2, 'elementor_library_type', '', 0, 0),
(3, 3, 'nav_menu', '', 0, 6),
(4, 4, 'product_type', '', 0, 2),
(5, 5, 'product_type', '', 0, 0),
(6, 6, 'product_type', '', 0, 0),
(7, 7, 'product_type', '', 0, 0),
(8, 8, 'product_visibility', '', 0, 0),
(9, 9, 'product_visibility', '', 0, 0),
(10, 10, 'product_visibility', '', 0, 0),
(11, 11, 'product_visibility', '', 0, 0),
(12, 12, 'product_visibility', '', 0, 0),
(13, 13, 'product_visibility', '', 0, 0),
(14, 14, 'product_visibility', '', 0, 0),
(15, 15, 'product_visibility', '', 0, 0),
(16, 16, 'product_visibility', '', 0, 0),
(17, 17, 'product_cat', '', 0, 0),
(18, 18, 'wp_theme', '', 0, 1),
(19, 19, 'product_cat', '', 0, 1),
(20, 20, 'product_cat', '', 0, 1);

-- --------------------------------------------------------

--
-- Table structure for table `wp_mcafeusermeta`
--

CREATE TABLE `wp_mcafeusermeta` (
  `umeta_id` bigint(20) UNSIGNED NOT NULL,
  `user_id` bigint(20) UNSIGNED NOT NULL DEFAULT 0,
  `meta_key` varchar(255) DEFAULT NULL,
  `meta_value` longtext DEFAULT NULL
) ENGINE=InnoDB DEFAULT CHARSET=utf8mb4 COLLATE=utf8mb4_unicode_520_ci;

--
-- Dumping data for table `wp_mcafeusermeta`
--

INSERT INTO `wp_mcafeusermeta` (`umeta_id`, `user_id`, `meta_key`, `meta_value`) VALUES
(1, 1, 'nickname', 'Admin'),
(2, 1, 'first_name', 'Yogesh'),
(3, 1, 'last_name', 'Suwal'),
(4, 1, 'description', ''),
(5, 1, 'rich_editing', 'true'),
(6, 1, 'syntax_highlighting', 'true'),
(7, 1, 'comment_shortcuts', 'false'),
(8, 1, 'admin_color', 'fresh'),
(9, 1, 'use_ssl', '0'),
(10, 1, 'show_admin_bar_front', 'true'),
(11, 1, 'locale', ''),
(12, 1, 'wp_mcafecapabilities', 'a:1:{s:13:\"administrator\";b:1;}'),
(13, 1, 'wp_mcafeuser_level', '10'),
(14, 1, 'dismissed_wp_pointers', ''),
(15, 1, 'show_welcome_panel', '0'),
(16, 1, 'session_tokens', 'a:1:{s:64:\"2fd926aa3c99f940807c9967293c54fc670ccf1e88fdfeb7282bf25b4f5eda71\";a:4:{s:10:\"expiration\";i:1701154785;s:2:\"ip\";s:3:\"::1\";s:2:\"ua\";s:111:\"Mozilla/5.0 (Windows NT 10.0; Win64; x64) AppleWebKit/537.36 (KHTML, like Gecko) Chrome/108.0.0.0 Safari/537.36\";s:5:\"login\";i:1700981985;}}'),
(17, 1, 'wp_mcafedashboard_quick_press_last_post_id', '1154'),
(18, 1, 'closedpostboxes_dashboard', 'a:0:{}'),
(19, 1, 'metaboxhidden_dashboard', 'a:4:{i:0;s:19:\"dashboard_right_now\";i:1;s:18:\"dashboard_activity\";i:2;s:21:\"dashboard_quick_press\";i:3;s:17:\"dashboard_primary\";}'),
(20, 1, 'wp_mcafeuser-settings', 'libraryContent=browse&editor=tinymce&hidetb=1'),
(21, 1, 'wp_mcafeuser-settings-time', '1674109973'),
(22, 1, 'wp_mcafepersisted_preferences', 'a:4:{s:22:\"core/customize-widgets\";a:1:{s:12:\"welcomeGuide\";b:0;}s:9:\"_modified\";s:24:\"2023-01-22T06:24:10.516Z\";s:17:\"core/edit-widgets\";a:2:{s:26:\"isComplementaryAreaVisible\";b:1;s:12:\"welcomeGuide\";b:0;}s:14:\"core/edit-post\";a:3:{s:26:\"isComplementaryAreaVisible\";b:1;s:12:\"welcomeGuide\";b:0;s:10:\"openPanels\";a:2:{i:0;s:11:\"post-status\";i:1;s:16:\"discussion-panel\";}}}'),
(23, 1, 'nav_menu_recently_edited', '3'),
(24, 1, 'managenav-menuscolumnshidden', 'a:5:{i:0;s:11:\"link-target\";i:1;s:15:\"title-attribute\";i:2;s:11:\"css-classes\";i:3;s:3:\"xfn\";i:4;s:11:\"description\";}'),
(25, 1, 'metaboxhidden_nav-menus', 'a:3:{i:0;s:28:\"add-post-type-e-landing-page\";i:1;s:12:\"add-post_tag\";i:2;s:15:\"add-post_format\";}'),
(26, 1, 'astra-sites-5-start-notice', 'notice-dismissed'),
(27, 1, 'hfe-popup', 'dismissed'),
(28, 1, 'header-footer-elementor-rating', 'delayed-notice'),
(29, 1, '_woocommerce_tracks_anon_id', 'woo:hwJ6YEXb9fjCBYnUBfN7y+8h'),
(30, 1, 'wc_last_active', '1700956800'),
(31, 1, 'dismissed_no_secure_connection_notice', '1'),
(32, 1, 'meta-box-order_product', 'a:3:{s:4:\"side\";s:84:\"submitdiv,postimagediv,woocommerce-product-images,product_catdiv,tagsdiv-product_tag\";s:6:\"normal\";s:55:\"woocommerce-product-data,postcustom,slugdiv,postexcerpt\";s:8:\"advanced\";s:0:\"\";}'),
(33, 1, 'last_update', '1674368654'),
(35, 1, 'astra-upgrade-pro-wc', 'notice-dismissed'),
(36, 1, 'elementor_admin_notices', 'a:1:{s:19:\"woocommerce_promote\";s:4:\"true\";}'),
(37, 1, 'billing_first_name', 'Yogesh'),
(38, 1, 'billing_last_name', 'Suwal'),
(39, 1, 'billing_company', 'Tech Deals Nepal'),
(40, 1, 'billing_address_1', 'Banepa-06, Gairi Marg'),
(41, 1, 'billing_city', 'Banepa'),
(42, 1, 'billing_state', 'BAG'),
(43, 1, 'billing_postcode', '45210'),
(44, 1, 'billing_country', 'NP'),
(45, 1, 'billing_email', 'honeysuwal88@gmail.com'),
(46, 1, 'billing_phone', '9860653358'),
(47, 1, 'shipping_first_name', 'Yogesh'),
(48, 1, 'shipping_last_name', 'Suwal'),
(49, 1, 'shipping_company', 'Tech Deals Nepal'),
(50, 1, 'shipping_address_1', 'Banepa-06, Gairi Marg'),
(51, 1, 'shipping_city', 'Banepa'),
(52, 1, 'shipping_state', 'BAG'),
(53, 1, 'shipping_postcode', '45210'),
(54, 1, 'shipping_country', 'NP'),
(55, 1, 'shipping_method', 'a:1:{i:0;s:15:\"free_shipping:1\";}'),
(56, 1, 'woocommerce_admin_task_list_tracked_started_tasks', '{\"tax\":1,\"marketing\":1}'),
(58, 1, '_woocommerce_persistent_cart_1', 'a:1:{s:4:\"cart\";a:1:{s:32:\"bdb106a0560c4e46ccc488ef010af787\";a:6:{s:3:\"key\";s:32:\"bdb106a0560c4e46ccc488ef010af787\";s:10:\"product_id\";i:1034;s:12:\"variation_id\";i:0;s:9:\"variation\";a:0:{}s:8:\"quantity\";i:1;s:9:\"data_hash\";s:32:\"b5c1d5ca8bae6d4896cf1807cdf763f0\";}}}');

-- --------------------------------------------------------

--
-- Table structure for table `wp_mcafeusers`
--

CREATE TABLE `wp_mcafeusers` (
  `ID` bigint(20) UNSIGNED NOT NULL,
  `user_login` varchar(60) NOT NULL DEFAULT '',
  `user_pass` varchar(255) NOT NULL DEFAULT '',
  `user_nicename` varchar(50) NOT NULL DEFAULT '',
  `user_email` varchar(100) NOT NULL DEFAULT '',
  `user_url` varchar(100) NOT NULL DEFAULT '',
  `user_registered` datetime NOT NULL DEFAULT '0000-00-00 00:00:00',
  `user_activation_key` varchar(255) NOT NULL DEFAULT '',
  `user_status` int(11) NOT NULL DEFAULT 0,
  `display_name` varchar(250) NOT NULL DEFAULT ''
) ENGINE=InnoDB DEFAULT CHARSET=utf8mb4 COLLATE=utf8mb4_unicode_520_ci;

--
-- Dumping data for table `wp_mcafeusers`
--

INSERT INTO `wp_mcafeusers` (`ID`, `user_login`, `user_pass`, `user_nicename`, `user_email`, `user_url`, `user_registered`, `user_activation_key`, `user_status`, `display_name`) VALUES
(1, 'Admin', '$P$B56.6LDSKaddgUj6h0.vtETEcXrVRy/', 'admin', 'admin@metrocafe.com', 'http://localhost/MetroCafe', '2023-01-16 14:32:56', '', 0, 'Admin');

-- --------------------------------------------------------

--
-- Table structure for table `wp_mcafewc_admin_notes`
--

CREATE TABLE `wp_mcafewc_admin_notes` (
  `note_id` bigint(20) UNSIGNED NOT NULL,
  `name` varchar(255) NOT NULL,
  `type` varchar(20) NOT NULL,
  `locale` varchar(20) NOT NULL,
  `title` longtext NOT NULL,
  `content` longtext NOT NULL,
  `content_data` longtext DEFAULT NULL,
  `status` varchar(200) NOT NULL,
  `source` varchar(200) NOT NULL,
  `date_created` datetime NOT NULL DEFAULT '0000-00-00 00:00:00',
  `date_reminder` datetime DEFAULT NULL,
  `is_snoozable` tinyint(1) NOT NULL DEFAULT 0,
  `layout` varchar(20) NOT NULL DEFAULT '',
  `image` varchar(200) DEFAULT NULL,
  `is_deleted` tinyint(1) NOT NULL DEFAULT 0,
  `is_read` tinyint(1) NOT NULL DEFAULT 0,
  `icon` varchar(200) NOT NULL DEFAULT 'info'
) ENGINE=InnoDB DEFAULT CHARSET=utf8mb4 COLLATE=utf8mb4_unicode_520_ci;

--
-- Dumping data for table `wp_mcafewc_admin_notes`
--

INSERT INTO `wp_mcafewc_admin_notes` (`note_id`, `name`, `type`, `locale`, `title`, `content`, `content_data`, `status`, `source`, `date_created`, `date_reminder`, `is_snoozable`, `layout`, `image`, `is_deleted`, `is_read`, `icon`) VALUES
(1, 'wc-refund-returns-page', 'info', 'en_US', 'Setup a Refund and Returns Policy page to boost your store\'s credibility.', 'We have created a sample draft Refund and Returns Policy page for you. Please have a look and update it to fit your store.', '{}', 'unactioned', 'woocommerce-core', '2023-01-20 06:28:35', NULL, 0, 'plain', '', 0, 1, 'info'),
(2, 'new_in_app_marketplace_2021', 'info', 'en_US', 'Customize your store with extensions', 'Check out our NEW Extensions tab to see our favorite extensions for customizing your store, and discover the most popular extensions in the WooCommerce Marketplace.', '{}', 'unactioned', 'woocommerce.com', '2023-01-20 06:28:35', NULL, 0, 'plain', '', 0, 0, 'info'),
(3, 'wayflyer_bnpl_q4_2021', 'marketing', 'en_US', 'Grow your business with funding through Wayflyer', 'Fast, flexible financing to boost cash flow and help your business grow – one fee, no interest rates, penalties, equity, or personal guarantees. Based on your store’s performance, Wayflyer provides funding and analytical insights to invest in your business.', '{}', 'pending', 'woocommerce.com', '2023-01-20 06:28:35', NULL, 0, 'plain', '', 0, 0, 'info'),
(4, 'wc_shipping_mobile_app_usps_q4_2021', 'marketing', 'en_US', 'Print and manage your shipping labels with WooCommerce Shipping and the WooCommerce Mobile App', 'Save time by printing, purchasing, refunding, and tracking shipping labels generated by <a href=\"https://woo.com/woocommerce-shipping/\">WooCommerce Shipping</a> – all directly from your mobile device!', '{}', 'pending', 'woocommerce.com', '2023-01-20 06:28:35', NULL, 0, 'plain', '', 0, 0, 'info'),
(5, 'woocommerce-services', 'info', 'en_US', 'WooCommerce Shipping & Tax', 'WooCommerce Shipping &amp; Tax helps get your store \"ready to sell\" as quickly as possible. You create your products. We take care of tax calculation, payment processing, and shipping label printing! Learn more about the extension that you just installed.', '{}', 'pending', 'woocommerce.com', '2023-01-20 06:28:35', NULL, 0, 'plain', '', 0, 0, 'info'),
(6, 'your-first-product', 'info', 'en_US', 'Your first product', 'That’s huge! You’re well on your way to building a successful online store — now it’s time to think about how you’ll fulfill your orders.<br /><br />Read our shipping guide to learn best practices and options for putting together your shipping strategy. And for WooCommerce stores in the United States, you can print discounted shipping labels via USPS with <a href=\"https://href.li/?https://woo.com/shipping\" target=\"_blank\">WooCommerce Shipping</a>.', '{}', 'unactioned', 'woocommerce.com', '2023-01-22 05:28:40', NULL, 0, 'plain', '', 0, 0, 'info'),
(7, 'wc-admin-optimizing-the-checkout-flow', 'info', 'en_US', 'Optimizing the checkout flow', 'It’s crucial to get your store’s checkout as smooth as possible to avoid losing sales. Let’s take a look at how you can optimize the checkout experience for your shoppers.', '{}', 'unactioned', 'woocommerce.com', '2023-11-26 06:57:52', NULL, 0, 'plain', '', 0, 0, 'info'),
(8, 'wc-payments-qualitative-feedback', 'info', 'en_US', 'WooCommerce Payments setup - let us know what you think', 'Congrats on enabling WooCommerce Payments for your store. Please share your feedback in this 2 minute survey to help us improve the setup process.', '{}', 'pending', 'woocommerce.com', '2023-01-20 06:28:35', NULL, 0, 'plain', '', 0, 0, 'info'),
(9, 'share-your-feedback-on-paypal', 'info', 'en_US', 'Share your feedback on PayPal', 'Share your feedback in this 2 minute survey about how we can make the process of accepting payments more useful for your store.', '{}', 'pending', 'woocommerce.com', '2023-01-20 06:28:35', NULL, 0, 'plain', '', 0, 0, 'info'),
(10, 'google_listings_and_ads_install', 'marketing', 'en_US', 'Drive traffic and sales with Google', 'Reach online shoppers to drive traffic and sales for your store by showcasing products across Google, for free or with ads.', '{}', 'pending', 'woocommerce.com', '2023-01-20 06:28:35', NULL, 0, 'plain', '', 0, 0, 'info'),
(11, 'wc-subscriptions-security-update-3-0-15', 'info', 'en_US', 'WooCommerce Subscriptions security update!', 'We recently released an important security update to WooCommerce Subscriptions. To ensure your site’s data is protected, please upgrade <strong>WooCommerce Subscriptions to version 3.0.15</strong> or later.<br /><br />Click the button below to view and update to the latest Subscriptions version, or log in to <a href=\"https://woo.com/my-dashboard\">WooCommerce.com Dashboard</a> and navigate to your <strong>Downloads</strong> page.<br /><br />We recommend always using the latest version of WooCommerce Subscriptions, and other software running on your site, to ensure maximum security.<br /><br />If you have any questions we are here to help — just <a href=\"https://woo.com/my-account/create-a-ticket/\">open a ticket</a>.', '{}', 'pending', 'woocommerce.com', '2023-01-20 06:28:35', NULL, 0, 'plain', '', 0, 0, 'info'),
(12, 'woocommerce-core-update-5-4-0', 'info', 'en_US', 'Update to WooCommerce 5.4.1 now', 'WooCommerce 5.4.1 addresses a checkout issue discovered in WooCommerce 5.4. We recommend upgrading to WooCommerce 5.4.1 as soon as possible.', '{}', 'pending', 'woocommerce.com', '2023-01-20 06:28:35', NULL, 0, 'plain', '', 0, 0, 'info'),
(13, 'wcpay-promo-2020-11', 'marketing', 'en_US', 'wcpay-promo-2020-11', 'wcpay-promo-2020-11', '{}', 'pending', 'woocommerce.com', '2023-01-20 06:28:35', NULL, 0, 'plain', '', 0, 0, 'info'),
(14, 'wcpay-promo-2020-12', 'marketing', 'en_US', 'wcpay-promo-2020-12', 'wcpay-promo-2020-12', '{}', 'pending', 'woocommerce.com', '2023-01-20 06:28:35', NULL, 0, 'plain', '', 0, 0, 'info'),
(15, 'ppxo-pps-upgrade-paypal-payments-1', 'info', 'en_US', 'Get the latest PayPal extension for WooCommerce', 'Heads up! There’s a new PayPal on the block!<br /><br />Now is a great time to upgrade to our latest <a href=\"https://woo.com/products/woocommerce-paypal-payments/\" target=\"_blank\">PayPal extension</a> to continue to receive support and updates with PayPal.<br /><br />Get access to a full suite of PayPal payment methods, extensive currency and country coverage, and pay later options with the all-new PayPal extension for WooCommerce.', '{}', 'pending', 'woocommerce.com', '2023-01-20 06:28:35', NULL, 0, 'plain', '', 0, 0, 'info'),
(16, 'ppxo-pps-upgrade-paypal-payments-2', 'info', 'en_US', 'Upgrade your PayPal experience!', 'Get access to a full suite of PayPal payment methods, extensive currency and country coverage, offer subscription and recurring payments, and the new PayPal pay later options.<br /><br />Start using our <a href=\"https://woo.com/products/woocommerce-paypal-payments/\" target=\"_blank\">latest PayPal today</a> to continue to receive support and updates.', '{}', 'pending', 'woocommerce.com', '2023-01-20 06:28:35', NULL, 0, 'plain', '', 0, 0, 'info'),
(17, 'woocommerce-core-sqli-july-2021-need-to-update', 'update', 'en_US', 'Action required: Critical vulnerabilities in WooCommerce', 'In response to a critical vulnerability identified on July 13, 2021, we are working with the WordPress Plugins Team to deploy software updates to stores running WooCommerce (versions 3.3 to 5.5) and the WooCommerce Blocks feature plugin (versions 2.5 to 5.5).<br /><br />Our investigation into this vulnerability is ongoing, but <strong>we wanted to let you know now about the importance of updating immediately</strong>.<br /><br />For more information on which actions you should take, as well as answers to FAQs, please urgently review our blog post detailing this issue.', '{}', 'pending', 'woocommerce.com', '2023-01-20 06:28:35', NULL, 0, 'plain', '', 0, 0, 'info'),
(18, 'woocommerce-blocks-sqli-july-2021-need-to-update', 'update', 'en_US', 'Action required: Critical vulnerabilities in WooCommerce Blocks', 'In response to a critical vulnerability identified on July 13, 2021, we are working with the WordPress Plugins Team to deploy software updates to stores running WooCommerce (versions 3.3 to 5.5) and the WooCommerce Blocks feature plugin (versions 2.5 to 5.5).<br /><br />Our investigation into this vulnerability is ongoing, but <strong>we wanted to let you know now about the importance of updating immediately</strong>.<br /><br />For more information on which actions you should take, as well as answers to FAQs, please urgently review our blog post detailing this issue.', '{}', 'pending', 'woocommerce.com', '2023-01-20 06:28:35', NULL, 0, 'plain', '', 0, 0, 'info'),
(19, 'woocommerce-core-sqli-july-2021-store-patched', 'update', 'en_US', 'Solved: Critical vulnerabilities patched in WooCommerce', 'In response to a critical vulnerability identified on July 13, 2021, we worked with the WordPress Plugins Team to deploy software updates to stores running WooCommerce (versions 3.3 to 5.5) and the WooCommerce Blocks feature plugin (versions 2.5 to 5.5).<br /><br /><strong>Your store has been updated to the latest secure version(s)</strong>. For more information and answers to FAQs, please review our blog post detailing this issue.', '{}', 'pending', 'woocommerce.com', '2023-01-20 06:28:35', NULL, 0, 'plain', '', 0, 0, 'info'),
(20, 'woocommerce-blocks-sqli-july-2021-store-patched', 'update', 'en_US', 'Solved: Critical vulnerabilities patched in WooCommerce Blocks', 'In response to a critical vulnerability identified on July 13, 2021, we worked with the WordPress Plugins Team to deploy software updates to stores running WooCommerce (versions 3.3 to 5.5) and the WooCommerce Blocks feature plugin (versions 2.5 to 5.5).<br /><br /><strong>Your store has been updated to the latest secure version(s)</strong>. For more information and answers to FAQs, please review our blog post detailing this issue.', '{}', 'pending', 'woocommerce.com', '2023-01-20 06:28:35', NULL, 0, 'plain', '', 0, 0, 'info'),
(21, 'habit-moment-survey', 'marketing', 'en_US', 'We’re all ears! Share your experience so far with WooCommerce', 'We’d love your input to shape the future of WooCommerce together. Feel free to share any feedback, ideas or suggestions that you have.', '{}', 'pending', 'woocommerce.com', '2023-01-20 06:28:35', NULL, 0, 'plain', '', 0, 0, 'info'),
(22, 'woocommerce-core-paypal-march-2022-updated', 'update', 'en_US', 'Security auto-update of WooCommerce', '<strong>Your store has been updated to the latest secure version of WooCommerce</strong>. We worked with WordPress to deploy PayPal Standard security updates for stores running WooCommerce (version 3.5 to 6.3). It’s recommended to disable PayPal Standard, and use <a href=\"https://woo.com/products/woocommerce-paypal-payments/\" target=\"_blank\">PayPal Payments</a> to accept PayPal.', '{}', 'pending', 'woocommerce.com', '2023-01-20 06:28:35', NULL, 0, 'plain', '', 0, 0, 'info'),
(23, 'woocommerce-core-paypal-march-2022-updated-nopp', 'update', 'en_US', 'Security auto-update of WooCommerce', '<strong>Your store has been updated to the latest secure version of WooCommerce</strong>. We worked with WordPress to deploy security updates related to PayPal Standard payment gateway for stores running WooCommerce (version 3.5 to 6.3).', '{}', 'pending', 'woocommerce.com', '2023-01-20 06:28:35', NULL, 0, 'plain', '', 0, 0, 'info'),
(24, 'pinterest_03_2022_update', 'marketing', 'en_US', 'Your Pinterest for WooCommerce plugin is out of date!', 'Update to the latest version of Pinterest for WooCommerce to continue using this plugin and keep your store connected with Pinterest. To update, visit <strong>Plugins &gt; Installed Plugins</strong>, and click on “update now” under Pinterest for WooCommerce.', '{}', 'pending', 'woocommerce.com', '2023-01-20 06:28:35', NULL, 0, 'plain', '', 0, 0, 'info'),
(25, 'store_setup_survey_survey_q2_2022', 'survey', 'en_US', 'How is your store setup going?', 'Our goal is to make sure you have all the right tools to start setting up your store in the smoothest way possible.\r\nWe’d love to know if we hit our mark and how we can improve. To collect your thoughts, we made a 2-minute survey.', '{}', 'pending', 'woocommerce.com', '2023-01-20 06:28:35', NULL, 0, 'plain', '', 0, 0, 'info'),
(26, 'wc-admin-wisepad3', 'marketing', 'en_US', 'Take your business on the go in Canada with WooCommerce In-Person Payments', 'Quickly create new orders, accept payment in person for orders placed online, and automatically sync your inventory – no matter where your business takes you. With WooCommerce In-Person Payments and the WisePad 3 card reader, you can bring the power of your store anywhere.', '{}', 'pending', 'woocommerce.com', '2023-01-20 06:28:35', NULL, 0, 'plain', '', 0, 0, 'info'),
(27, 'woocommerce-payments-august-2022-need-to-update', 'update', 'en_US', 'Action required: Please update WooCommerce Payments', 'An updated secure version of WooCommerce Payments is available – please ensure that you’re using the latest patch version. For more information on what action you need to take, please review the article below.', '{}', 'pending', 'woocommerce.com', '2023-01-20 06:28:35', NULL, 0, 'plain', '', 0, 0, 'info'),
(28, 'woocommerce-payments-august-2022-store-patched', 'update', 'en_US', 'WooCommerce Payments has been automatically updated', 'You’re now running the latest secure version of WooCommerce Payments. We’ve worked with the WordPress Plugins team to deploy a security update to stores running WooCommerce Payments (version 3.9 to 4.5). For further information, please review the article below.', '{}', 'pending', 'woocommerce.com', '2023-01-20 06:28:35', NULL, 0, 'plain', '', 0, 0, 'info'),
(29, 'woocommerce_admin_deprecation_q4_2022', 'info', 'en_US', 'WooCommerce Admin is part of WooCommerce!', 'To make sure your store continues to run smoothly, check that WooCommerce is up-to-date – at least version 6.5 – and then disable the WooCommerce Admin plugin.', '{}', 'pending', 'woocommerce.com', '2023-01-20 06:28:35', NULL, 0, 'plain', '', 0, 0, 'info'),
(30, 'paypal_paylater_g3_q4_22', 'marketing', 'en_US', 'Turn browsers into buyers with Pay Later', 'Add PayPal at checkout, plus give customers a buy now, pay later option from the name they trust. With Pay in 4 &amp; Pay Monthly, available in PayPal Payments, you get paid up front while letting customers spread their payments over time. Boost your average order value and convert more sales – at no extra cost to you.', '{}', 'pending', 'woocommerce.com', '2023-01-20 06:28:35', NULL, 0, 'plain', '', 0, 0, 'info'),
(31, 'paypal_paylater_g2_q4_22', 'marketing', 'en_US', 'Upgrade to PayPal Payments to offer Pay Later at checkout', 'PayPal Pay Later is included in PayPal Payments at no additional cost to you. Customers can spread their payments over time while you get paid up front. \r\nThere’s never been a better time to upgrade your PayPal plugin. Simply download it and connect with a PayPal Business account.', '{}', 'pending', 'woocommerce.com', '2023-01-20 06:28:35', NULL, 0, 'plain', '', 0, 0, 'info'),
(32, 'google_listings_ads_custom_attribute_mapping_q4_2022', 'marketing', 'en_US', 'Our latest improvement to the Google Listings & Ads extension: Attribute Mapping', 'You spoke, we listened. This new feature enables you to easily upload your products, customize your product attributes in one place, and target shoppers with more relevant ads. Extend how far your ad dollars go with each campaign.', '{}', 'pending', 'woocommerce.com', '2023-01-20 06:28:36', NULL, 0, 'plain', '', 0, 0, 'info'),
(33, 'needs-update-eway-payment-gateway-rin-2022-12-20', 'update', 'en_US', 'Security vulnerability patched in WooCommerce Eway Gateway', 'In response to a potential vulnerability identified in WooCommerce Eway Gateway versions 3.1.0 to 3.5.0, we’ve worked to deploy security fixes and have released an updated version.\r\nNo external exploits have been detected, but we recommend you update to your latest supported version 3.1.26, 3.2.3, 3.3.1, 3.4.6, or 3.5.1', '{}', 'pending', 'woocommerce.com', '2023-01-20 06:28:36', NULL, 0, 'plain', '', 0, 0, 'info'),
(34, 'updated-eway-payment-gateway-rin-2022-12-20', 'update', 'en_US', 'WooCommerce Eway Gateway has been automatically updated', 'Your store is now running the latest secure version of WooCommerce Eway Gateway. We worked with the WordPress Plugins team to deploy a software update to stores running WooCommerce Eway Gateway (versions 3.1.0 to 3.5.0) in response to a security vulnerability that was discovered.', '{}', 'pending', 'woocommerce.com', '2023-01-20 06:28:36', NULL, 0, 'plain', '', 0, 0, 'info'),
(35, 'storeediting_feedback_jan_2023', 'marketing', 'en_US', 'Tell us what you need to customize your store!', 'We need your feedback. Please spare a few minutes to share your input on what is most important to you when designing and customizing your storefront to help us build the features you need.', '{}', 'pending', 'woocommerce.com', '2023-01-20 06:28:36', NULL, 0, 'plain', '', 0, 0, 'info'),
(36, 'ecomm-wc-navigation-survey-2023', 'info', 'en_US', 'Navigating WooCommerce on WordPress.com', 'We are improving the WooCommerce navigation on WordPress.com and would love your help to make it better! Please share your experience with us in this 2-minute survey.', '{}', 'pending', 'woocommerce.com', '2023-01-20 06:28:36', NULL, 0, 'plain', '', 0, 0, 'info'),
(37, 'wc-admin-wc-helper-connection', 'info', 'en_US', 'Connect to WooCommerce.com', 'Connect to get important product notifications and updates.', '{}', 'unactioned', 'woocommerce-admin', '2023-01-20 06:28:37', NULL, 0, 'plain', '', 0, 1, 'info'),
(38, 'wc-admin-launch-checklist', 'info', 'en_US', 'Ready to launch your store?', 'To make sure you never get that sinking \"what did I forget\" feeling, we\'ve put together the essential pre-launch checklist.', '{}', 'unactioned', 'woocommerce-admin', '2023-01-20 06:48:52', NULL, 0, 'plain', '', 0, 0, 'info'),
(39, 'wc-admin-choosing-a-theme', 'marketing', 'en_US', 'Choosing a theme?', 'Check out the themes that are compatible with WooCommerce and choose one aligned with your brand and business needs.', '{}', 'unactioned', 'woocommerce-admin', '2023-01-22 05:28:38', NULL, 0, 'plain', '', 0, 0, 'info'),
(40, 'wc-admin-customizing-product-catalog', 'info', 'en_US', 'How to customize your product catalog', 'You want your product catalog and images to look great and align with your brand. This guide will give you all the tips you need to get your products looking great in your store.', '{}', 'unactioned', 'woocommerce-admin', '2023-01-22 05:28:39', NULL, 0, 'plain', '', 0, 0, 'info'),
(41, 'wc-admin-mobile-app', 'info', 'en_US', 'Install Woo mobile app', 'Install the WooCommerce mobile app to manage orders, receive sales notifications, and view key metrics — wherever you are.', '{}', 'unactioned', 'woocommerce-admin', '2023-01-22 06:49:50', NULL, 0, 'plain', '', 0, 0, 'info'),
(42, 'wc-admin-manage-orders-on-the-go', 'info', 'en_US', 'Manage your orders on the go', 'Look for orders, customer info, and process refunds in one click with the Woo app.', '{}', 'unactioned', 'woocommerce-admin', '2023-11-26 06:57:51', NULL, 0, 'plain', '', 0, 0, 'info'),
(43, 'wc-admin-performance-on-mobile', 'info', 'en_US', 'Track your store performance on mobile', 'Monitor your sales and high performing products with the Woo app.', '{}', 'unactioned', 'woocommerce-admin', '2023-11-26 06:57:51', NULL, 0, 'plain', '', 0, 0, 'info'),
(44, 'woopay-beta-merchantrecruitment-04MAY23', 'info', 'en_US', 'Increase conversions with WooPay — our fastest checkout yet', 'WooPay, a new express checkout feature built into WooCommerce Payments, is now available —and we’re inviting you to be one of the first to try it. \r\n<br><br>\r\nBoost conversions by offering your customers a simple, secure way to pay with a single click.\r\n<br><br>\r\nGet started in seconds.', '{}', 'pending', 'woocommerce.com', '2023-11-26 06:57:52', NULL, 0, 'plain', '', 0, 0, 'info'),
(45, 'woocommerce-wcpay-march-2023-update-needed', 'update', 'en_US', 'Action required: Security update for WooCommerce Payments', '<strong>Your store requires a security update for WooCommerce Payments</strong>. Please update to the latest version of WooCommerce Payments immediately to address a potential vulnerability discovered on March 22. For more information on how to update, visit this WooCommerce Developer Blog Post.', '{}', 'pending', 'woocommerce.com', '2023-11-26 06:57:52', NULL, 0, 'plain', '', 0, 0, 'info'),
(46, 'tap_to_pay_iphone_q2_2023_no_wcpay', 'marketing', 'en_US', 'Accept in-person contactless payments on your iPhone', 'Tap to Pay on iPhone and WooCommerce Payments is quick, secure, and simple to set up — no extra terminals or card readers are needed. Accept contactless debit and credit cards, Apple Pay, and other NFC digital wallets in person.', '{}', 'pending', 'woocommerce.com', '2023-11-26 06:57:52', NULL, 0, 'plain', '', 0, 0, 'info'),
(47, 'woocommerce-WCPreOrders-april-2023-update-needed', 'update', 'en_US', 'Action required: Security update of WooCommerce Pre-Orders extension', '<strong>Your store requires a security update for the WooCommerce Pre-Orders extension</strong>. Please update the WooCommerce Pre-Orders extension immediately to address a potential vulnerability discovered on April 11.', '{}', 'pending', 'woocommerce.com', '2023-11-26 06:57:52', NULL, 0, 'plain', '', 0, 0, 'info'),
(48, 'woopay-beta-merchantrecruitment-update-04MAY23', 'info', 'en_US', 'Increase conversions with WooPay — our fastest checkout yet', 'WooPay, a new express checkout feature built into WooCommerce Payments, is now available — and you’re invited to try it. \r\n<br /><br />\r\nBoost conversions by offering your customers a simple, secure way to pay with a single click.\r\n<br /><br />\r\nUpdate WooCommerce Payments to get started.', '{}', 'pending', 'woocommerce.com', '2023-11-26 06:57:52', NULL, 0, 'plain', '', 0, 0, 'info'),
(49, 'woopay-beta-existingmerchants-noaction-27APR23', 'info', 'en_US', 'WooPay is back!', 'Thanks for previously trying WooPay, the express checkout feature built into WooCommerce Payments. We’re excited to announce that WooPay availability has resumed. No action is required on your part.\r\n<br /><br />\r\nYou can now continue boosting conversions by offering your customers a simple, secure way to pay with a single click.', '{}', 'pending', 'woocommerce.com', '2023-11-26 06:57:52', NULL, 0, 'plain', '', 0, 0, 'info'),
(50, 'woopay-beta-existingmerchants-update-27APR23', 'info', 'en_US', 'WooPay is back!', 'Thanks for previously trying WooPay, the express checkout feature built into WooCommerce Payments. We’re excited to announce that WooPay availability has resumed.\r\n<br /><br />\r\n\r\nUpdate to the latest WooCommerce Payments version to continue boosting conversions by offering your customers a simple, secure way to pay with a single click.', '{}', 'pending', 'woocommerce.com', '2023-11-26 06:57:52', NULL, 0, 'plain', '', 0, 0, 'info'),
(51, 'woopay-beta-merchantrecruitment-short-04MAY23', 'info', 'en_US', 'Increase conversions with WooPay — our fastest checkout yet', 'Be one of the first to try WooPay, a new express checkout feature for WooCommerce Payments. \r\n<br><br>\r\nBoost conversions by letting customers pay with a single click.', '{}', 'pending', 'woocommerce.com', '2023-11-26 06:57:52', NULL, 0, 'plain', '', 0, 0, 'info'),
(52, 'woopay-beta-merchantrecruitment-short-update-04MAY23', 'info', 'en_US', 'Increase conversions with WooPay — our fastest checkout yet', 'Be one of the first to try WooPay, our new express checkout feature. <br>Boost conversions by letting customers pay with a single click. <br><br>Update to the latest version of WooCommerce Payments to get started.', '{}', 'pending', 'woocommerce.com', '2023-11-26 06:57:52', NULL, 0, 'plain', '', 0, 0, 'info'),
(53, 'woopay-beta-merchantrecruitment-short-06MAY23-TESTA', 'info', 'en_US', 'Increase conversions with WooPay — our fastest checkout yet', 'Be one of the first to try WooPay, a new express checkout feature for WooCommerce Payments. \r\n<br><br>\r\nBoost conversions by letting customers pay with a single click.', '{}', 'pending', 'woocommerce.com', '2023-11-26 06:57:52', NULL, 0, 'plain', '', 0, 0, 'info'),
(54, 'woopay-beta-merchantrecruitment-short-06MAY23-TESTB', 'info', 'en_US', 'Increase conversions with WooPay — our fastest checkout yet', 'Be one of the first to try WooPay, a new express checkout feature for WooCommerce Payments. \r\n<br><br>\r\nBoost conversions by letting customers pay with a single click.', '{}', 'pending', 'woocommerce.com', '2023-11-26 06:57:52', NULL, 0, 'plain', '', 0, 0, 'info'),
(55, 'woopay-beta-merchantrecruitment-short-06MAY23-TESTC', 'info', 'en_US', 'Increase conversions with WooPay — our fastest checkout yet', 'Be one of the first to try WooPay, a new express checkout feature for WooCommerce Payments. \r\n<br><br>\r\nBoost conversions by letting customers pay with a single click.', '{}', 'pending', 'woocommerce.com', '2023-11-26 06:57:52', NULL, 0, 'plain', '', 0, 0, 'info'),
(56, 'woopay-beta-merchantrecruitment-short-06MAY23-TESTD', 'info', 'en_US', 'Increase conversions with WooPay — our fastest checkout yet', 'Be one of the first to try WooPay, a new express checkout feature for WooCommerce Payments. \r\n<br><br>\r\nBoost conversions by letting customers pay with a single click.', '{}', 'pending', 'woocommerce.com', '2023-11-26 06:57:52', NULL, 0, 'plain', '', 0, 0, 'info'),
(57, 'woopay-beta-merchantrecruitment-short-09MAY23', 'info', 'en_US', 'Increase conversions with WooPay — our fastest checkout yet', 'Be one of the first to try WooPay, a new express checkout feature for WooCommerce Payments. \r\n<br><br>\r\nBoost conversions by letting customers pay with a single click.', '{}', 'pending', 'woocommerce.com', '2023-11-26 06:57:52', NULL, 0, 'plain', '', 0, 0, 'info'),
(58, 'woopay-beta-merchantrecruitment-short-update-09MAY23', 'info', 'en_US', 'Increase conversions with WooPay — our fastest checkout yet', 'Be one of the first to try WooPay, our new express checkout feature. <br>Boost conversions by letting customers pay with a single click. <br><br>Update to the latest version of WooCommerce Payments to get started.', '{}', 'pending', 'woocommerce.com', '2023-11-26 06:57:52', NULL, 0, 'plain', '', 0, 0, 'info'),
(59, 'woocommerce-WCstripe-May-2023-updated-needed', 'update', 'en_US', 'Action required: Security update of WooCommerce Stripe plugin', '<strong>Your store requires a security update for the WooCommerce Stripe plugin</strong>. Please update the WooCommerce Stripe plugin immediately to address a potential vulnerability.', '{}', 'pending', 'woocommerce.com', '2023-11-26 06:57:52', NULL, 0, 'plain', '', 0, 0, 'info'),
(60, 'woocommerce-WCPayments-June-2023-updated-needed', 'update', 'en_US', 'Action required: Security update of WooCommerce Payments', '<strong>Your store requires a security update for the WooCommerce Payments plugin</strong>. Please update the WooCommerce Payments plugin immediately to address a potential vulnerability.', '{}', 'pending', 'woocommerce.com', '2023-11-26 06:57:52', NULL, 0, 'plain', '', 0, 0, 'info'),
(61, 'woocommerce-WCSubscriptions-June-2023-updated-needed', 'marketing', 'en_US', 'Action required: Security update of WooCommerce Subscriptions', '<strong>Your store requires a security update for the WooCommerce Subscriptions plugin</strong>. Please update the WooCommerce Subscriptions plugin immediately to address a potential vulnerability.', '{}', 'pending', 'woocommerce.com', '2023-11-26 06:57:52', NULL, 0, 'plain', '', 0, 0, 'info'),
(62, 'woocommerce-WCReturnsWarranty-June-2023-updated-needed', 'update', 'en_US', 'Action required: Security update of WooCommerce Returns and Warranty Requests extension', '<strong>Your store requires a security update for the Returns and Warranty Requests extension</strong>.  Please update to the latest version of the WooCommerce Returns and Warranty Requests extension immediately to address a potential vulnerability discovered on May 31.', '{}', 'pending', 'woocommerce.com', '2023-11-26 06:57:52', NULL, 0, 'plain', '', 0, 0, 'info'),
(63, 'woocommerce-WCOPC-June-2023-updated-needed', 'update', 'en_US', 'Action required: Security update of WooCommerce One Page Checkout', '<strong>Your shop requires a security update to address a vulnerability in the WooCommerce One Page Checkout extension</strong>. The fix for this vulnerability was released for this extension on June 13th. Please update immediately.', '{}', 'pending', 'woocommerce.com', '2023-11-26 06:57:52', NULL, 0, 'plain', '', 0, 0, 'info'),
(64, 'woocommerce-WCGC-July-2023-update-needed', 'update', 'en_US', 'Action required: Security update of WooCommerce GoCardless Extension', '<strong>Your shop requires a security update to address a vulnerability in the WooCommerce GoCardless extension</strong>. The fix for this vulnerability was released on July 4th. Please update immediately.', '{}', 'pending', 'woocommerce.com', '2023-11-26 06:57:52', NULL, 0, 'plain', '', 0, 0, 'info'),
(65, 'woocommerce-shipping-fedex-api-outage-2023-07-16', 'warning', 'en_US', 'Scheduled FedEx API outage — July 2023', 'On July 16 there will be a full outage of the FedEx API from 04:00 to 08:00 AM UTC. Due to planned maintenance by FedEx, you\'ll be unable to provide FedEx shipping rates during this time. Follow the link below for more information and recommendations on how to minimize impact.', '{}', 'pending', 'woocommerce.com', '2023-11-26 06:57:52', NULL, 0, 'plain', '', 0, 0, 'info'),
(66, 'wcship-2023-07-hazmat-update-needed', 'update', 'en_US', 'Action required: USPS HAZMAT compliance update for WooCommerce Shipping & Tax extension', '<strong>Your store requires an update for the WooCommerce Shipping extension</strong>. Please update to the latest version of the WooCommerce Shipping &amp; Tax extension immediately to ensure compliance with new USPS HAZMAT rules currently in effect.', '{}', 'pending', 'woocommerce.com', '2023-11-26 06:57:52', NULL, 0, 'plain', '', 0, 0, 'info'),
(67, 'woocommerce-WCStripe-Aug-2023-update-needed', 'update', 'en_US', 'Action required: Security update for WooCommerce Stripe plugin', '<strong>Your shop requires an important security update for the  WooCommerce Stripe plugin</strong>. The fix for this vulnerability was released on July 31. Please update immediately.', '{}', 'pending', 'woocommerce.com', '2023-11-26 06:57:52', NULL, 0, 'plain', '', 0, 0, 'info'),
(68, 'woocommerce-WCStripe-Aug-2023-security-updated', 'update', 'en_US', 'Security update of WooCommerce Stripe plugin', '<strong>Your store has been updated to the latest secure version of the WooCommerce Stripe plugin</strong>. This update was released on July 31.', '{}', 'pending', 'woocommerce.com', '2023-11-26 06:57:52', NULL, 0, 'plain', '', 0, 0, 'info'),
(69, 'woocommerce-WooPayments-Aug-2023-update-needed', 'update', 'en_US', 'Action required: Security update for WooPayments (WooCommerce Payments) plugin', '<strong>Your shop requires an important security update for the WooPayments (WooCommerce Payments) extension</strong>. The fix for this vulnerability was released on July 31. Please update immediately.', '{}', 'pending', 'woocommerce.com', '2023-11-26 06:57:52', NULL, 0, 'plain', '', 0, 0, 'info'),
(70, 'woocommerce-WooPayments-Aug-2023-security-updated', 'update', 'en_US', 'Security update of WooPayments (WooCommerce Payments) plugin', '<strong>Your store has been updated to the more secure version of WooPayments (WooCommerce Payments)</strong>. This update was released on July 31.', '{}', 'pending', 'woocommerce.com', '2023-11-26 06:57:52', NULL, 0, 'plain', '', 0, 0, 'info'),
(71, 'avalara_q3-2023_noAvaTax', 'marketing', 'en_US', 'Automatically calculate VAT in real time', 'Take the effort out of determining tax rates and sell confidently across borders with automated tax management from Avalara AvaTax— including built-in VAT calculation when you sell into or across the EU and UK. Save time and stay compliant when you let Avalara do the heavy lifting.', '{}', 'pending', 'woocommerce.com', '2023-11-26 06:57:52', NULL, 0, 'plain', '', 0, 0, 'info'),
(72, 'woo-activation-survey-blockers-22AUG23', 'info', 'en_US', 'How can we help you get that first sale?', 'Your feedback is vital. Please take a minute to share your experience of setting up your new store and whether anything is preventing you from making those first few sales. Together, we can make Woo even better!', '{}', 'pending', 'woocommerce.com', '2023-11-26 06:57:52', NULL, 0, 'plain', '', 0, 0, 'info'),
(73, 'woocommerce-usermeta-Sept2023-productvendors', 'update', 'en_US', 'Your store requires a security update', '<strong>Your shop needs an update to address a vulnerability in WooCommerce.</strong> The fix was released on Sept 15. Please update WooCommerce to the latest version immediately. <a href=\"https://developer.woocommerce.com/2023/09/16/woocommerce-vulnerability-reintroduced-from-7-0-1/\" />Read our developer update</a> for more information.', '{}', 'pending', 'woocommerce.com', '2023-11-26 06:57:52', NULL, 0, 'plain', '', 0, 0, 'info'),
(74, 'woocommerce-STRIPE-Oct-2023-update-needed', 'update', 'en_US', 'Action required: Security update for WooCommerce Stripe Gateway', '<strong>Your shop requires a security update to address a vulnerability in the WooCommerce Stripe Gateway</strong>. The fix for this vulnerability was released on October 17. Please update immediately.', '{}', 'pending', 'woocommerce.com', '2023-11-26 06:57:52', NULL, 0, 'plain', '', 0, 0, 'info');

-- --------------------------------------------------------

--
-- Table structure for table `wp_mcafewc_admin_note_actions`
--

CREATE TABLE `wp_mcafewc_admin_note_actions` (
  `action_id` bigint(20) UNSIGNED NOT NULL,
  `note_id` bigint(20) UNSIGNED NOT NULL,
  `name` varchar(255) NOT NULL,
  `label` varchar(255) NOT NULL,
  `query` longtext NOT NULL,
  `status` varchar(255) NOT NULL,
  `actioned_text` varchar(255) NOT NULL,
  `nonce_action` varchar(255) DEFAULT NULL,
  `nonce_name` varchar(255) DEFAULT NULL
) ENGINE=InnoDB DEFAULT CHARSET=utf8mb4 COLLATE=utf8mb4_unicode_520_ci;

--
-- Dumping data for table `wp_mcafewc_admin_note_actions`
--

INSERT INTO `wp_mcafewc_admin_note_actions` (`action_id`, `note_id`, `name`, `label`, `query`, `status`, `actioned_text`, `nonce_action`, `nonce_name`) VALUES
(1, 1, 'notify-refund-returns-page', 'Edit page', 'http://localhost/MetroCafe/wp-admin/post.php?post=1022&action=edit', 'actioned', '', NULL, NULL),
(45, 37, 'connect', 'Connect', '?page=wc-addons&section=helper', 'unactioned', '', NULL, NULL),
(132, 38, 'learn-more', 'Learn more', 'https://woocommerce.com/posts/pre-launch-checklist-the-essentials/?utm_source=inbox&utm_medium=product', 'actioned', '', NULL, NULL),
(219, 39, 'visit-the-theme-marketplace', 'Visit the theme marketplace', 'https://woocommerce.com/product-category/themes/?utm_source=inbox&utm_medium=product', 'actioned', '', NULL, NULL),
(220, 40, 'day-after-first-product', 'Learn more', 'https://woocommerce.com/document/woocommerce-customizer/?utm_source=inbox&utm_medium=product', 'actioned', '', NULL, NULL),
(307, 41, 'learn-more', 'Learn more', 'https://woocommerce.com/mobile/?utm_medium=product', 'actioned', '', NULL, NULL),
(351, 2, 'browse_extensions', 'Browse extensions', 'http://192.168.0.102/MetroCafe/wp-admin/admin.php?page=wc-addons', 'unactioned', '', NULL, NULL),
(379, 26, 'wc-admin-wisepad3', 'Grow my business offline', 'https://woocommerce.com/products/wisepad3-card-reader/?utm_source=inbox_note&utm_medium=product&utm_campaign=wc-admin-wisepad3', 'actioned', '', NULL, NULL),
(384, 29, 'woocommerce_admin_deprecation_q4_2022', 'Deactivate WooCommerce Admin', 'http://192.168.0.102/MetroCafe/wp-admin/plugins.php', 'actioned', '', NULL, NULL),
(385, 30, 'paypal_paylater_g3_q4_22', 'Install PayPal Payments', 'https://woocommerce.com/products/woocommerce-paypal-payments/?utm_source=inbox_note&utm_medium=product&utm_campaign=paypal_paylater_g3_q4_22', 'unactioned', '', NULL, NULL),
(386, 31, 'paypal_paylater_g2_q4_22', 'Install PayPal Payments', 'https://woocommerce.com/products/woocommerce-paypal-payments/?utm_source=inbox_note&utm_medium=product&utm_campaign=paypal_paylater_g2_q4_22', 'unactioned', '', NULL, NULL),
(387, 32, 'google_listings_ads_custom_attribute_mapping_q4_2022', 'Learn more', 'https://woocommerce.com/document/google-listings-and-ads/?utm_source=inbox_note&utm_medium=product&utm_campaign=google_listings_ads_custom_attribute_mapping_q4_2022#attribute-mapping', 'actioned', '', NULL, NULL),
(392, 35, 'storeediting_feedback_jan_2023', 'Share your input', 'https://t.maze.co/135212793', 'actioned', '', NULL, NULL),
(394, 42, 'learn-more', 'Learn more', 'https://woocommerce.com/mobile/?utm_source=inbox&utm_medium=product', 'actioned', '', NULL, NULL),
(395, 43, 'learn-more', 'Learn more', 'https://woocommerce.com/mobile/?utm_source=inbox&utm_medium=product', 'actioned', '', NULL, NULL),
(396, 3, 'wayflyer_bnpl_q4_2021', 'Level up with funding', 'https://woo.com/products/wayflyer/?utm_source=inbox_note&utm_medium=product&utm_campaign=wayflyer_bnpl_q4_2021', 'actioned', '', NULL, NULL),
(397, 4, 'wc_shipping_mobile_app_usps_q4_2021', 'Get WooCommerce Shipping', 'https://woo.com/woocommerce-shipping/?utm_source=inbox_note&utm_medium=product&utm_campaign=wc_shipping_mobile_app_usps_q4_2021', 'actioned', '', NULL, NULL),
(398, 5, 'learn-more', 'Learn more', 'https://docs.woocommerce.com/document/woocommerce-shipping-and-tax/?utm_source=inbox', 'unactioned', '', NULL, NULL),
(399, 6, 'learn-more', 'Learn more', 'https://woo.com/posts/ecommerce-shipping-solutions-guide/?utm_source=inbox_note&utm_medium=product&utm_campaign=learn-more', 'actioned', '', NULL, NULL),
(400, 7, 'optimizing-the-checkout-flow', 'Learn more', 'https://woo.com/posts/optimizing-woocommerce-checkout?utm_source=inbox_note&utm_medium=product&utm_campaign=optimizing-the-checkout-flow', 'actioned', '', NULL, NULL),
(401, 8, 'qualitative-feedback-from-new-users', 'Share feedback', 'https://automattic.survey.fm/wc-pay-new', 'actioned', '', NULL, NULL),
(402, 9, 'share-feedback', 'Share feedback', 'http://automattic.survey.fm/paypal-feedback', 'unactioned', '', NULL, NULL),
(403, 10, 'get-started', 'Get started', 'https://woo.com/products/google-listings-and-ads?utm_source=inbox_note&utm_medium=product&utm_campaign=get-started', 'actioned', '', NULL, NULL),
(404, 11, 'update-wc-subscriptions-3-0-15', 'View latest version', 'http://localhost/MetroCafe/wp-admin/&page=wc-addons&section=helper', 'actioned', '', NULL, NULL),
(405, 12, 'update-wc-core-5-4-0', 'How to update WooCommerce', 'https://docs.woocommerce.com/document/how-to-update-woocommerce/', 'actioned', '', NULL, NULL),
(406, 15, 'ppxo-pps-install-paypal-payments-1', 'View upgrade guide', 'https://docs.woocommerce.com/document/woocommerce-paypal-payments/paypal-payments-upgrade-guide/', 'actioned', '', NULL, NULL),
(407, 16, 'ppxo-pps-install-paypal-payments-2', 'View upgrade guide', 'https://docs.woocommerce.com/document/woocommerce-paypal-payments/paypal-payments-upgrade-guide/', 'actioned', '', NULL, NULL),
(408, 17, 'learn-more', 'Learn more', 'https://woo.com/posts/critical-vulnerability-detected-july-2021/?utm_source=inbox_note&utm_medium=product&utm_campaign=learn-more', 'unactioned', '', NULL, NULL),
(409, 17, 'dismiss', 'Dismiss', '', 'actioned', '', NULL, NULL),
(410, 18, 'learn-more', 'Learn more', 'https://woo.com/posts/critical-vulnerability-detected-july-2021/?utm_source=inbox_note&utm_medium=product&utm_campaign=learn-more', 'unactioned', '', NULL, NULL),
(411, 18, 'dismiss', 'Dismiss', '', 'actioned', '', NULL, NULL),
(412, 19, 'learn-more', 'Learn more', 'https://woo.com/posts/critical-vulnerability-detected-july-2021/?utm_source=inbox_note&utm_medium=product&utm_campaign=learn-more', 'unactioned', '', NULL, NULL),
(413, 19, 'dismiss', 'Dismiss', '', 'actioned', '', NULL, NULL),
(414, 20, 'learn-more', 'Learn more', 'https://woo.com/posts/critical-vulnerability-detected-july-2021/?utm_source=inbox_note&utm_medium=product&utm_campaign=learn-more', 'unactioned', '', NULL, NULL),
(415, 20, 'dismiss', 'Dismiss', '', 'actioned', '', NULL, NULL),
(416, 21, 'share-feedback', 'Share feedback', 'https://automattic.survey.fm/store-management', 'unactioned', '', NULL, NULL),
(417, 22, 'learn-more', 'Learn more', 'https://developer.woocommerce.com/2022/03/10/woocommerce-3-5-10-6-3-1-security-releases/', 'unactioned', '', NULL, NULL),
(418, 22, 'woocommerce-core-paypal-march-2022-dismiss', 'Dismiss', '', 'actioned', '', NULL, NULL),
(419, 23, 'learn-more', 'Learn more', 'https://developer.woocommerce.com/2022/03/10/woocommerce-3-5-10-6-3-1-security-releases/', 'unactioned', '', NULL, NULL),
(420, 23, 'dismiss', 'Dismiss', '', 'actioned', '', NULL, NULL),
(421, 24, 'pinterest_03_2022_update', 'Update Instructions', 'https://woo.com/document/pinterest-for-woocommerce/?utm_source=inbox_note&utm_medium=product&utm_campaign=pinterest_03_2022_update#section-3', 'actioned', '', NULL, NULL),
(422, 25, 'store_setup_survey_survey_q2_2022_share_your_thoughts', 'Tell us how it’s going', 'https://automattic.survey.fm/store-setup-survey-2022', 'actioned', '', NULL, NULL),
(423, 27, 'learn-more', 'Find out more', 'https://developer.woocommerce.com/2022/08/09/woocommerce-payments-3-9-4-4-5-1-security-releases/', 'unactioned', '', NULL, NULL),
(424, 27, 'dismiss', 'Dismiss', '', 'actioned', '', NULL, NULL),
(425, 28, 'learn-more', 'Find out more', 'https://developer.woocommerce.com/2022/08/09/woocommerce-payments-3-9-4-4-5-1-security-releases/', 'unactioned', '', NULL, NULL),
(426, 28, 'dismiss', 'Dismiss', '', 'actioned', '', NULL, NULL),
(427, 33, 'needs-update-eway-payment-gateway-rin-action-button-2022-12-20', 'See available updates', 'http://localhost/MetroCafe/wp-admin/update-core.php', 'unactioned', '', NULL, NULL),
(428, 33, 'needs-update-eway-payment-gateway-rin-dismiss-button-2022-12-20', 'Dismiss', '#', 'actioned', '', NULL, NULL),
(429, 34, 'updated-eway-payment-gateway-rin-action-button-2022-12-20', 'See all updates', 'http://localhost/MetroCafe/wp-admin/update-core.php', 'unactioned', '', NULL, NULL),
(430, 34, 'updated-eway-payment-gateway-rin-dismiss-button-2022-12-20', 'Dismiss', '#', 'actioned', '', NULL, NULL),
(431, 36, 'share-navigation-survey-feedback', 'Share feedback', 'https://automattic.survey.fm/new-ecommerce-plan-navigation', 'actioned', '', NULL, NULL),
(432, 44, 'woopay-beta-merchantrecruitment-activate-04MAY23', 'Activate WooPay', 'http://localhost/MetroCafe/wp-admin/admin.php?page=wc-settings&tab=checkout&section=woocommerce_payments&method=platform_checkout', 'actioned', '', NULL, NULL),
(433, 44, 'woopay-beta-merchantrecruitment-activate-learnmore-04MAY23', 'Learn More', 'https://woo.com/woopay-businesses/?utm_source=inbox_note&utm_medium=product&utm_campaign=woopay-beta-merchantrecruitment-activate-learnmore-04MAY23', 'unactioned', '', NULL, NULL),
(434, 45, 'woocommerce-wcpay-march-2023-update-needed-button', 'See Blog Post', 'https://developer.woocommerce.com/2023/03/23/critical-vulnerability-detected-in-woocommerce-payments-what-you-need-to-know', 'unactioned', '', NULL, NULL),
(435, 45, 'woocommerce-wcpay-march-2023-update-needed-dismiss-button', 'Dismiss', '#', 'actioned', '', NULL, NULL),
(436, 46, 'tap_to_pay_iphone_q2_2023_no_wcpay', 'Simplify my payments', 'https://woo.com/products/woocommerce-payments/?utm_source=inbox_note&utm_medium=product&utm_campaign=tap_to_pay_iphone_q2_2023_no_wcpay', 'actioned', '', NULL, NULL),
(437, 47, 'extension-settings', 'See available updates', 'http://localhost/MetroCafe/wp-admin/update-core.php', 'unactioned', '', NULL, NULL),
(438, 47, 'dismiss', 'Dismiss', '#', 'actioned', '', NULL, NULL),
(439, 48, 'woopay-beta-merchantrecruitment-update-WCPay-04MAY23', 'Update WooCommerce Payments', 'http://localhost/MetroCafe/wp-admin/plugins.php?plugin_status=all', 'unactioned', '', NULL, NULL),
(440, 48, 'woopay-beta-merchantrecruitment-update-activate-04MAY23', 'Activate WooPay', 'http://localhost/MetroCafe/wp-admin/admin.php?page=wc-settings&tab=checkout&section=woocommerce_payments&method=platform_checkout', 'actioned', '', NULL, NULL),
(441, 49, 'woopay-beta-existingmerchants-noaction-documentation-27APR23', 'Documentation', 'https://woo.com/document/woopay-merchant-documentation/?utm_source=inbox_note&utm_medium=product&utm_campaign=woopay-beta-existingmerchants-noaction-documentation-27APR23', 'actioned', '', NULL, NULL),
(442, 50, 'woopay-beta-existingmerchants-update-WCPay-27APR23', 'Update WooCommerce Payments', 'http://localhost/MetroCafe/wp-admin/plugins.php?plugin_status=all', 'actioned', '', NULL, NULL),
(443, 51, 'woopay-beta-merchantrecruitment-short-activate-04MAY23', 'Activate WooPay', 'http://localhost/MetroCafe/wp-admin/admin.php?page=wc-settings&tab=checkout&section=woocommerce_payments&method=platform_checkout', 'actioned', '', NULL, NULL),
(444, 51, 'woopay-beta-merchantrecruitment-short-activate-learnmore-04MAY23', 'Learn More', 'https://woo.com/woopay-businesses/?utm_source=inbox_note&utm_medium=product&utm_campaign=woopay-beta-merchantrecruitment-short-activate-learnmore-04MAY23', 'actioned', '', NULL, NULL),
(445, 52, 'woopay-beta-merchantrecruitment-short-update-WCPay-04MAY23', 'Update WooCommerce Payments', 'http://localhost/MetroCafe/wp-admin/plugins.php?plugin_status=all', 'unactioned', '', NULL, NULL),
(446, 52, 'woopay-beta-merchantrecruitment-short-update-activate-04MAY23', 'Activate WooPay', 'http://localhost/MetroCafe/wp-admin/admin.php?page=wc-settings&tab=checkout&section=woocommerce_payments&method=platform_checkout', 'actioned', '', NULL, NULL),
(447, 53, 'woopay-beta-merchantrecruitment-short-activate-06MAY23-TESTA', 'Activate WooPay Test A', 'http://localhost/MetroCafe/wp-admin/admin.php?page=wc-settings&tab=checkout&section=woocommerce_payments&method=platform_checkout', 'unactioned', '', NULL, NULL),
(448, 53, 'woopay-beta-merchantrecruitment-short-activate-learnmore-06MAY23-TESTA', 'Learn More', 'https://woo.com/woopay-businesses/?utm_source=inbox_note&utm_medium=product&utm_campaign=woopay-beta-merchantrecruitment-short-activate-learnmore-06MAY23-TESTA', 'unactioned', '', NULL, NULL),
(449, 54, 'woopay-beta-merchantrecruitment-short-activate-06MAY23-TESTB', 'Activate WooPay Test B', 'http://localhost/MetroCafe/wp-admin/admin.php?page=wc-settings&tab=checkout&section=woocommerce_payments&method=platform_checkout', 'unactioned', '', NULL, NULL),
(450, 54, 'woopay-beta-merchantrecruitment-short-activate-learnmore-06MAY23-TESTA', 'Learn More', 'https://woo.com/woopay-businesses/?utm_source=inbox_note&utm_medium=product&utm_campaign=woopay-beta-merchantrecruitment-short-activate-learnmore-06MAY23-TESTA', 'unactioned', '', NULL, NULL),
(451, 55, 'woopay-beta-merchantrecruitment-short-activate-06MAY23-TESTC', 'Activate WooPay Test C', 'http://localhost/MetroCafe/wp-admin/admin.php?page=wc-settings&tab=checkout&section=woocommerce_payments&method=platform_checkout', 'unactioned', '', NULL, NULL),
(452, 55, 'woopay-beta-merchantrecruitment-short-activate-learnmore-06MAY23-TESTC', 'Learn More', 'https://woo.com/woopay-businesses/?utm_source=inbox_note&utm_medium=product&utm_campaign=woopay-beta-merchantrecruitment-short-activate-learnmore-06MAY23-TESTC', 'unactioned', '', NULL, NULL),
(453, 56, 'woopay-beta-merchantrecruitment-short-activate-06MAY23-TESTD', 'Activate WooPay Test D', 'http://localhost/MetroCafe/wp-admin/admin.php?page=wc-settings&tab=checkout&section=woocommerce_payments&method=platform_checkout', 'unactioned', '', NULL, NULL),
(454, 56, 'woopay-beta-merchantrecruitment-short-activate-learnmore-06MAY23-TESTD', 'Learn More', 'https://woo.com/woopay-businesses/?utm_source=inbox_note&utm_medium=product&utm_campaign=woopay-beta-merchantrecruitment-short-activate-learnmore-06MAY23-TESTD', 'unactioned', '', NULL, NULL),
(455, 57, 'woopay-beta-merchantrecruitment-short-activate-button-09MAY23', 'Activate WooPay', 'http://localhost/MetroCafe/wp-admin/admin.php?page=wc-settings&tab=checkout&section=woocommerce_payments&method=platform_checkout', 'unactioned', '', NULL, NULL),
(456, 57, 'woopay-beta-merchantrecruitment-short-activate-learnmore-button2-09MAY23', 'Learn More', 'https://woo.com/woopay-businesses/?utm_source=inbox_note&utm_medium=product&utm_campaign=woopay-beta-merchantrecruitment-short-activate-learnmore-button2-09MAY23', 'unactioned', '', NULL, NULL),
(457, 58, 'woopay-beta-merchantrecruitment-short-update-WCPay-09MAY23', 'Update WooCommerce Payments', 'http://localhost/MetroCafe/wp-admin/plugins.php?plugin_status=all', 'unactioned', '', NULL, NULL),
(458, 58, 'woopay-beta-merchantrecruitment-short-update-activate-09MAY23', 'Activate WooPay', 'http://localhost/MetroCafe/wp-admin/admin.php?page=wc-settings&tab=checkout&section=woocommerce_payments&method=platform_checkout', 'unactioned', '', NULL, NULL),
(459, 59, 'woocommerce-WCStripe-May-2023-updated-needed-Plugin-Settings', 'See available updates', 'http://localhost/MetroCafe/wp-admin/plugins.php?plugin_status=all', 'unactioned', '', NULL, NULL),
(460, 59, 'woocommerce-WCStripe-May-2023-updated-needed-Plugin-Settings-dismiss', 'Dismiss', '#', 'actioned', '', NULL, NULL),
(461, 60, 'woocommerce-WCPayments-June-2023-updated-needed-Plugin-Settings', 'See available updates', 'http://localhost/MetroCafe/wp-admin/plugins.php?plugin_status=all', 'unactioned', '', NULL, NULL),
(462, 60, 'woocommerce-WCPayments-June-2023-updated-needed-Dismiss', 'Dismiss', '#', 'actioned', '', NULL, NULL),
(463, 61, 'woocommerce-WCSubscriptions-June-2023-updated-needed-Plugin-Settings', 'See available updates', 'http://localhost/MetroCafe/wp-admin/plugins.php?plugin_status=all', 'unactioned', '', NULL, NULL),
(464, 61, 'woocommerce-WCSubscriptions-June-2023-updated-needed-dismiss', 'Dismiss', '#', 'actioned', '', NULL, NULL),
(465, 62, 'woocommerce-WCReturnsWarranty-June-2023-updated-needed', 'See available updates', 'http://localhost/MetroCafe/wp-admin/plugins.php?plugin_status=all', 'unactioned', '', NULL, NULL),
(466, 62, 'woocommerce-WCReturnsWarranty-June-2023-updated-needed', 'Dismiss', '#', 'actioned', '', NULL, NULL),
(467, 63, 'woocommerce-WCOPC-June-2023-updated-needed', 'See available updates', 'http://localhost/MetroCafe/wp-admin/plugins.php?plugin_status=all', 'actioned', '', NULL, NULL),
(468, 63, 'woocommerce-WCOPC-June-2023-updated-needed', 'Dismiss', 'http://localhost/MetroCafe/wp-admin/#', 'actioned', '', NULL, NULL),
(469, 64, 'woocommerce-WCGC-July-2023-update-needed', 'See available updates', 'http://localhost/MetroCafe/wp-admin/plugins.php?plugin_status=all', 'unactioned', '', NULL, NULL),
(470, 64, 'woocommerce-WCGC-July-2023-update-needed', 'Dismiss', '#', 'actioned', '', NULL, NULL),
(471, 65, 'learn-more', 'Learn more', 'https://woo.com/document/fedex/?utm_medium=product&utm_source=inbox_note&utm_campaign=learn-more#july-2023-api-outage', 'unactioned', '', NULL, NULL),
(472, 66, 'plugin-list', 'See available updates', 'http://localhost/MetroCafe/wp-admin/plugins.php?plugin_status=all', 'unactioned', '', NULL, NULL),
(473, 66, 'dismiss', 'Dismiss', 'http://localhost/MetroCafe/wp-admin/admin.php?page=wc-admin', 'actioned', '', NULL, NULL),
(474, 67, 'woocommerce-WCStripe-Aug-2023-update-needed', 'See available updates', 'http://localhost/MetroCafe/wp-admin/update-core.php?', 'unactioned', '', NULL, NULL),
(475, 67, 'dismiss', 'Dismiss', '#', 'actioned', '', NULL, NULL),
(476, 68, 'dismiss', 'Dismiss', '#', 'actioned', '', NULL, NULL),
(477, 69, 'woocommerce-WooPayments-Aug-2023-update-needed', 'See available updates', 'http://localhost/MetroCafe/wp-admin/update-core.php?', 'unactioned', '', NULL, NULL),
(478, 69, 'dismiss', 'Dismiss', '#', 'actioned', '', NULL, NULL),
(479, 70, 'dismiss', 'Dismiss', '#', 'actioned', '', NULL, NULL),
(480, 71, 'avalara_q3-2023_noAvaTax', 'Automate my sales tax', 'https://woo.com/products/woocommerce-avatax/?utm_source=inbox_note&utm_medium=product&utm_campaign=avalara_q3-2023_noAvaTax', 'unactioned', '', NULL, NULL),
(481, 72, 'woo-activation-survey-blockers-survey-button-22AUG23', 'Take our short survey', 'https://woocommerce.survey.fm/getting-started-with-woo', 'unactioned', '', NULL, NULL),
(482, 73, 'woocommerce-usermeta-Sept2023-productvendors', 'See available updates', 'http://localhost/MetroCafe/wp-admin/plugins.php', 'unactioned', '', NULL, NULL),
(483, 73, 'dismiss', 'Dismiss', 'http://localhost/MetroCafe/wp-admin/#', 'actioned', '', NULL, NULL),
(484, 74, 'woocommerce-STRIPE-Oct-2023-update-needed', 'See available updates', 'http://localhost/MetroCafe/wp-admin/update-core.php', 'unactioned', '', NULL, NULL),
(485, 74, 'dismiss', 'Dismiss', '#', 'actioned', '', NULL, NULL);

-- --------------------------------------------------------

--
-- Table structure for table `wp_mcafewc_category_lookup`
--

CREATE TABLE `wp_mcafewc_category_lookup` (
  `category_tree_id` bigint(20) UNSIGNED NOT NULL,
  `category_id` bigint(20) UNSIGNED NOT NULL
) ENGINE=InnoDB DEFAULT CHARSET=utf8mb4 COLLATE=utf8mb4_unicode_520_ci;

--
-- Dumping data for table `wp_mcafewc_category_lookup`
--

INSERT INTO `wp_mcafewc_category_lookup` (`category_tree_id`, `category_id`) VALUES
(17, 17),
(19, 19),
(20, 20);

-- --------------------------------------------------------

--
-- Table structure for table `wp_mcafewc_customer_lookup`
--

CREATE TABLE `wp_mcafewc_customer_lookup` (
  `customer_id` bigint(20) UNSIGNED NOT NULL,
  `user_id` bigint(20) UNSIGNED DEFAULT NULL,
  `username` varchar(60) NOT NULL DEFAULT '',
  `first_name` varchar(255) NOT NULL,
  `last_name` varchar(255) NOT NULL,
  `email` varchar(100) DEFAULT NULL,
  `date_last_active` timestamp NULL DEFAULT NULL,
  `date_registered` timestamp NULL DEFAULT NULL,
  `country` char(2) NOT NULL DEFAULT '',
  `postcode` varchar(20) NOT NULL DEFAULT '',
  `city` varchar(100) NOT NULL DEFAULT '',
  `state` varchar(100) NOT NULL DEFAULT ''
) ENGINE=InnoDB DEFAULT CHARSET=utf8mb4 COLLATE=utf8mb4_unicode_520_ci;

-- --------------------------------------------------------

--
-- Table structure for table `wp_mcafewc_download_log`
--

CREATE TABLE `wp_mcafewc_download_log` (
  `download_log_id` bigint(20) UNSIGNED NOT NULL,
  `timestamp` datetime NOT NULL,
  `permission_id` bigint(20) UNSIGNED NOT NULL,
  `user_id` bigint(20) UNSIGNED DEFAULT NULL,
  `user_ip_address` varchar(100) DEFAULT ''
) ENGINE=InnoDB DEFAULT CHARSET=utf8mb4 COLLATE=utf8mb4_unicode_520_ci;

-- --------------------------------------------------------

--
-- Table structure for table `wp_mcafewc_order_coupon_lookup`
--

CREATE TABLE `wp_mcafewc_order_coupon_lookup` (
  `order_id` bigint(20) UNSIGNED NOT NULL,
  `coupon_id` bigint(20) NOT NULL,
  `date_created` datetime NOT NULL DEFAULT '0000-00-00 00:00:00',
  `discount_amount` double NOT NULL DEFAULT 0
) ENGINE=InnoDB DEFAULT CHARSET=utf8mb4 COLLATE=utf8mb4_unicode_520_ci;

-- --------------------------------------------------------

--
-- Table structure for table `wp_mcafewc_order_product_lookup`
--

CREATE TABLE `wp_mcafewc_order_product_lookup` (
  `order_item_id` bigint(20) UNSIGNED NOT NULL,
  `order_id` bigint(20) UNSIGNED NOT NULL,
  `product_id` bigint(20) UNSIGNED NOT NULL,
  `variation_id` bigint(20) UNSIGNED NOT NULL,
  `customer_id` bigint(20) UNSIGNED DEFAULT NULL,
  `date_created` datetime NOT NULL DEFAULT '0000-00-00 00:00:00',
  `product_qty` int(11) NOT NULL,
  `product_net_revenue` double NOT NULL DEFAULT 0,
  `product_gross_revenue` double NOT NULL DEFAULT 0,
  `coupon_amount` double NOT NULL DEFAULT 0,
  `tax_amount` double NOT NULL DEFAULT 0,
  `shipping_amount` double NOT NULL DEFAULT 0,
  `shipping_tax_amount` double NOT NULL DEFAULT 0
) ENGINE=InnoDB DEFAULT CHARSET=utf8mb4 COLLATE=utf8mb4_unicode_520_ci;

-- --------------------------------------------------------

--
-- Table structure for table `wp_mcafewc_order_stats`
--

CREATE TABLE `wp_mcafewc_order_stats` (
  `order_id` bigint(20) UNSIGNED NOT NULL,
  `parent_id` bigint(20) UNSIGNED NOT NULL DEFAULT 0,
  `date_created` datetime NOT NULL DEFAULT '0000-00-00 00:00:00',
  `date_created_gmt` datetime NOT NULL DEFAULT '0000-00-00 00:00:00',
  `num_items_sold` int(11) NOT NULL DEFAULT 0,
  `total_sales` double NOT NULL DEFAULT 0,
  `tax_total` double NOT NULL DEFAULT 0,
  `shipping_total` double NOT NULL DEFAULT 0,
  `net_total` double NOT NULL DEFAULT 0,
  `returning_customer` tinyint(1) DEFAULT NULL,
  `status` varchar(200) NOT NULL,
  `customer_id` bigint(20) UNSIGNED NOT NULL
) ENGINE=InnoDB DEFAULT CHARSET=utf8mb4 COLLATE=utf8mb4_unicode_520_ci;

-- --------------------------------------------------------

--
-- Table structure for table `wp_mcafewc_order_tax_lookup`
--

CREATE TABLE `wp_mcafewc_order_tax_lookup` (
  `order_id` bigint(20) UNSIGNED NOT NULL,
  `tax_rate_id` bigint(20) UNSIGNED NOT NULL,
  `date_created` datetime NOT NULL DEFAULT '0000-00-00 00:00:00',
  `shipping_tax` double NOT NULL DEFAULT 0,
  `order_tax` double NOT NULL DEFAULT 0,
  `total_tax` double NOT NULL DEFAULT 0
) ENGINE=InnoDB DEFAULT CHARSET=utf8mb4 COLLATE=utf8mb4_unicode_520_ci;

-- --------------------------------------------------------

--
-- Table structure for table `wp_mcafewc_product_attributes_lookup`
--

CREATE TABLE `wp_mcafewc_product_attributes_lookup` (
  `product_id` bigint(20) NOT NULL,
  `product_or_parent_id` bigint(20) NOT NULL,
  `taxonomy` varchar(32) NOT NULL,
  `term_id` bigint(20) NOT NULL,
  `is_variation_attribute` tinyint(1) NOT NULL,
  `in_stock` tinyint(1) NOT NULL
) ENGINE=InnoDB DEFAULT CHARSET=utf8mb4 COLLATE=utf8mb4_unicode_520_ci;

-- --------------------------------------------------------

--
-- Table structure for table `wp_mcafewc_product_download_directories`
--

CREATE TABLE `wp_mcafewc_product_download_directories` (
  `url_id` bigint(20) UNSIGNED NOT NULL,
  `url` varchar(256) NOT NULL,
  `enabled` tinyint(1) NOT NULL DEFAULT 0
) ENGINE=InnoDB DEFAULT CHARSET=utf8mb4 COLLATE=utf8mb4_unicode_520_ci;

--
-- Dumping data for table `wp_mcafewc_product_download_directories`
--

INSERT INTO `wp_mcafewc_product_download_directories` (`url_id`, `url`, `enabled`) VALUES
(1, 'file://C:/xampp/htdocs/MetroCafe/wp-content/uploads/woocommerce_uploads/', 1),
(2, 'http://localhost/MetroCafe/wp-content/uploads/woocommerce_uploads/', 1);

-- --------------------------------------------------------

--
-- Table structure for table `wp_mcafewc_product_meta_lookup`
--

CREATE TABLE `wp_mcafewc_product_meta_lookup` (
  `product_id` bigint(20) NOT NULL,
  `sku` varchar(100) DEFAULT '',
  `virtual` tinyint(1) DEFAULT 0,
  `downloadable` tinyint(1) DEFAULT 0,
  `min_price` decimal(19,4) DEFAULT NULL,
  `max_price` decimal(19,4) DEFAULT NULL,
  `onsale` tinyint(1) DEFAULT 0,
  `stock_quantity` double DEFAULT NULL,
  `stock_status` varchar(100) DEFAULT 'instock',
  `rating_count` bigint(20) DEFAULT 0,
  `average_rating` decimal(3,2) DEFAULT 0.00,
  `total_sales` bigint(20) DEFAULT 0,
  `tax_status` varchar(100) DEFAULT 'taxable',
  `tax_class` varchar(100) DEFAULT ''
) ENGINE=InnoDB DEFAULT CHARSET=utf8mb4 COLLATE=utf8mb4_unicode_520_ci;

--
-- Dumping data for table `wp_mcafewc_product_meta_lookup`
--

INSERT INTO `wp_mcafewc_product_meta_lookup` (`product_id`, `sku`, `virtual`, `downloadable`, `min_price`, `max_price`, `onsale`, `stock_quantity`, `stock_status`, `rating_count`, `average_rating`, `total_sales`, `tax_status`, `tax_class`) VALUES
(1034, '', 0, 0, 250.0000, 250.0000, 0, NULL, 'instock', 0, 0.00, 2, 'taxable', ''),
(1035, '', 0, 0, 200.0000, 200.0000, 0, NULL, 'instock', 0, 0.00, 0, 'taxable', '');

-- --------------------------------------------------------

--
-- Table structure for table `wp_mcafewc_rate_limits`
--

CREATE TABLE `wp_mcafewc_rate_limits` (
  `rate_limit_id` bigint(20) UNSIGNED NOT NULL,
  `rate_limit_key` varchar(200) NOT NULL,
  `rate_limit_expiry` bigint(20) UNSIGNED NOT NULL,
  `rate_limit_remaining` smallint(10) NOT NULL DEFAULT 0
) ENGINE=InnoDB DEFAULT CHARSET=utf8mb4 COLLATE=utf8mb4_unicode_520_ci;

-- --------------------------------------------------------

--
-- Table structure for table `wp_mcafewc_reserved_stock`
--

CREATE TABLE `wp_mcafewc_reserved_stock` (
  `order_id` bigint(20) NOT NULL,
  `product_id` bigint(20) NOT NULL,
  `stock_quantity` double NOT NULL DEFAULT 0,
  `timestamp` datetime NOT NULL DEFAULT '0000-00-00 00:00:00',
  `expires` datetime NOT NULL DEFAULT '0000-00-00 00:00:00'
) ENGINE=InnoDB DEFAULT CHARSET=utf8mb4 COLLATE=utf8mb4_unicode_520_ci;

-- --------------------------------------------------------

--
-- Table structure for table `wp_mcafewc_tax_rate_classes`
--

CREATE TABLE `wp_mcafewc_tax_rate_classes` (
  `tax_rate_class_id` bigint(20) UNSIGNED NOT NULL,
  `name` varchar(200) NOT NULL DEFAULT '',
  `slug` varchar(200) NOT NULL DEFAULT ''
) ENGINE=InnoDB DEFAULT CHARSET=utf8mb4 COLLATE=utf8mb4_unicode_520_ci;

--
-- Dumping data for table `wp_mcafewc_tax_rate_classes`
--

INSERT INTO `wp_mcafewc_tax_rate_classes` (`tax_rate_class_id`, `name`, `slug`) VALUES
(1, 'Reduced rate', 'reduced-rate'),
(2, 'Zero rate', 'zero-rate');

-- --------------------------------------------------------

--
-- Table structure for table `wp_mcafewc_webhooks`
--

CREATE TABLE `wp_mcafewc_webhooks` (
  `webhook_id` bigint(20) UNSIGNED NOT NULL,
  `status` varchar(200) NOT NULL,
  `name` text NOT NULL,
  `user_id` bigint(20) UNSIGNED NOT NULL,
  `delivery_url` text NOT NULL,
  `secret` text NOT NULL,
  `topic` varchar(200) NOT NULL,
  `date_created` datetime NOT NULL DEFAULT '0000-00-00 00:00:00',
  `date_created_gmt` datetime NOT NULL DEFAULT '0000-00-00 00:00:00',
  `date_modified` datetime NOT NULL DEFAULT '0000-00-00 00:00:00',
  `date_modified_gmt` datetime NOT NULL DEFAULT '0000-00-00 00:00:00',
  `api_version` smallint(4) NOT NULL,
  `failure_count` smallint(10) NOT NULL DEFAULT 0,
  `pending_delivery` tinyint(1) NOT NULL DEFAULT 0
) ENGINE=InnoDB DEFAULT CHARSET=utf8mb4 COLLATE=utf8mb4_unicode_520_ci;

-- --------------------------------------------------------

--
-- Table structure for table `wp_mcafewoocommerce_api_keys`
--

CREATE TABLE `wp_mcafewoocommerce_api_keys` (
  `key_id` bigint(20) UNSIGNED NOT NULL,
  `user_id` bigint(20) UNSIGNED NOT NULL,
  `description` varchar(200) DEFAULT NULL,
  `permissions` varchar(10) NOT NULL,
  `consumer_key` char(64) NOT NULL,
  `consumer_secret` char(43) NOT NULL,
  `nonces` longtext DEFAULT NULL,
  `truncated_key` char(7) NOT NULL,
  `last_access` datetime DEFAULT NULL
) ENGINE=InnoDB DEFAULT CHARSET=utf8mb4 COLLATE=utf8mb4_unicode_520_ci;

-- --------------------------------------------------------

--
-- Table structure for table `wp_mcafewoocommerce_attribute_taxonomies`
--

CREATE TABLE `wp_mcafewoocommerce_attribute_taxonomies` (
  `attribute_id` bigint(20) UNSIGNED NOT NULL,
  `attribute_name` varchar(200) NOT NULL,
  `attribute_label` varchar(200) DEFAULT NULL,
  `attribute_type` varchar(20) NOT NULL,
  `attribute_orderby` varchar(20) NOT NULL,
  `attribute_public` int(1) NOT NULL DEFAULT 1
) ENGINE=InnoDB DEFAULT CHARSET=utf8mb4 COLLATE=utf8mb4_unicode_520_ci;

-- --------------------------------------------------------

--
-- Table structure for table `wp_mcafewoocommerce_downloadable_product_permissions`
--

CREATE TABLE `wp_mcafewoocommerce_downloadable_product_permissions` (
  `permission_id` bigint(20) UNSIGNED NOT NULL,
  `download_id` varchar(36) NOT NULL,
  `product_id` bigint(20) UNSIGNED NOT NULL,
  `order_id` bigint(20) UNSIGNED NOT NULL DEFAULT 0,
  `order_key` varchar(200) NOT NULL,
  `user_email` varchar(200) NOT NULL,
  `user_id` bigint(20) UNSIGNED DEFAULT NULL,
  `downloads_remaining` varchar(9) DEFAULT NULL,
  `access_granted` datetime NOT NULL DEFAULT '0000-00-00 00:00:00',
  `access_expires` datetime DEFAULT NULL,
  `download_count` bigint(20) UNSIGNED NOT NULL DEFAULT 0
) ENGINE=InnoDB DEFAULT CHARSET=utf8mb4 COLLATE=utf8mb4_unicode_520_ci;

-- --------------------------------------------------------

--
-- Table structure for table `wp_mcafewoocommerce_log`
--

CREATE TABLE `wp_mcafewoocommerce_log` (
  `log_id` bigint(20) UNSIGNED NOT NULL,
  `timestamp` datetime NOT NULL,
  `level` smallint(4) NOT NULL,
  `source` varchar(200) NOT NULL,
  `message` longtext NOT NULL,
  `context` longtext DEFAULT NULL
) ENGINE=InnoDB DEFAULT CHARSET=utf8mb4 COLLATE=utf8mb4_unicode_520_ci;

-- --------------------------------------------------------

--
-- Table structure for table `wp_mcafewoocommerce_order_itemmeta`
--

CREATE TABLE `wp_mcafewoocommerce_order_itemmeta` (
  `meta_id` bigint(20) UNSIGNED NOT NULL,
  `order_item_id` bigint(20) UNSIGNED NOT NULL,
  `meta_key` varchar(255) DEFAULT NULL,
  `meta_value` longtext DEFAULT NULL
) ENGINE=InnoDB DEFAULT CHARSET=utf8mb4 COLLATE=utf8mb4_unicode_520_ci;

-- --------------------------------------------------------

--
-- Table structure for table `wp_mcafewoocommerce_order_items`
--

CREATE TABLE `wp_mcafewoocommerce_order_items` (
  `order_item_id` bigint(20) UNSIGNED NOT NULL,
  `order_item_name` text NOT NULL,
  `order_item_type` varchar(200) NOT NULL DEFAULT '',
  `order_id` bigint(20) UNSIGNED NOT NULL
) ENGINE=InnoDB DEFAULT CHARSET=utf8mb4 COLLATE=utf8mb4_unicode_520_ci;

-- --------------------------------------------------------

--
-- Table structure for table `wp_mcafewoocommerce_payment_tokenmeta`
--

CREATE TABLE `wp_mcafewoocommerce_payment_tokenmeta` (
  `meta_id` bigint(20) UNSIGNED NOT NULL,
  `payment_token_id` bigint(20) UNSIGNED NOT NULL,
  `meta_key` varchar(255) DEFAULT NULL,
  `meta_value` longtext DEFAULT NULL
) ENGINE=InnoDB DEFAULT CHARSET=utf8mb4 COLLATE=utf8mb4_unicode_520_ci;

-- --------------------------------------------------------

--
-- Table structure for table `wp_mcafewoocommerce_payment_tokens`
--

CREATE TABLE `wp_mcafewoocommerce_payment_tokens` (
  `token_id` bigint(20) UNSIGNED NOT NULL,
  `gateway_id` varchar(200) NOT NULL,
  `token` text NOT NULL,
  `user_id` bigint(20) UNSIGNED NOT NULL DEFAULT 0,
  `type` varchar(200) NOT NULL,
  `is_default` tinyint(1) NOT NULL DEFAULT 0
) ENGINE=InnoDB DEFAULT CHARSET=utf8mb4 COLLATE=utf8mb4_unicode_520_ci;

-- --------------------------------------------------------

--
-- Table structure for table `wp_mcafewoocommerce_sessions`
--

CREATE TABLE `wp_mcafewoocommerce_sessions` (
  `session_id` bigint(20) UNSIGNED NOT NULL,
  `session_key` char(32) NOT NULL,
  `session_value` longtext NOT NULL,
  `session_expiry` bigint(20) UNSIGNED NOT NULL
) ENGINE=InnoDB DEFAULT CHARSET=utf8mb4 COLLATE=utf8mb4_unicode_520_ci;

--
-- Dumping data for table `wp_mcafewoocommerce_sessions`
--

INSERT INTO `wp_mcafewoocommerce_sessions` (`session_id`, `session_key`, `session_value`, `session_expiry`) VALUES
(32, '1', 'a:12:{s:4:\"cart\";s:414:\"a:1:{s:32:\"bdb106a0560c4e46ccc488ef010af787\";a:11:{s:3:\"key\";s:32:\"bdb106a0560c4e46ccc488ef010af787\";s:10:\"product_id\";i:1034;s:12:\"variation_id\";i:0;s:9:\"variation\";a:0:{}s:8:\"quantity\";i:1;s:9:\"data_hash\";s:32:\"b5c1d5ca8bae6d4896cf1807cdf763f0\";s:13:\"line_tax_data\";a:2:{s:8:\"subtotal\";a:0:{}s:5:\"total\";a:0:{}}s:13:\"line_subtotal\";d:250;s:17:\"line_subtotal_tax\";i:0;s:10:\"line_total\";d:250;s:8:\"line_tax\";i:0;}}\";s:11:\"cart_totals\";s:396:\"a:15:{s:8:\"subtotal\";s:3:\"250\";s:12:\"subtotal_tax\";i:0;s:14:\"shipping_total\";s:1:\"0\";s:12:\"shipping_tax\";i:0;s:14:\"shipping_taxes\";a:0:{}s:14:\"discount_total\";i:0;s:12:\"discount_tax\";i:0;s:19:\"cart_contents_total\";s:3:\"250\";s:17:\"cart_contents_tax\";i:0;s:19:\"cart_contents_taxes\";a:0:{}s:9:\"fee_total\";s:1:\"0\";s:7:\"fee_tax\";i:0;s:9:\"fee_taxes\";a:0:{}s:5:\"total\";s:6:\"250.00\";s:9:\"total_tax\";d:0;}\";s:15:\"applied_coupons\";s:6:\"a:0:{}\";s:22:\"coupon_discount_totals\";s:6:\"a:0:{}\";s:26:\"coupon_discount_tax_totals\";s:6:\"a:0:{}\";s:21:\"removed_cart_contents\";s:6:\"a:0:{}\";s:8:\"customer\";s:949:\"a:27:{s:2:\"id\";s:1:\"1\";s:13:\"date_modified\";s:25:\"2023-01-22T06:24:14+00:00\";s:8:\"postcode\";s:5:\"45210\";s:4:\"city\";s:6:\"Banepa\";s:9:\"address_1\";s:21:\"Banepa-06, Gairi Marg\";s:7:\"address\";s:21:\"Banepa-06, Gairi Marg\";s:9:\"address_2\";s:0:\"\";s:5:\"state\";s:3:\"BAG\";s:7:\"country\";s:2:\"NP\";s:17:\"shipping_postcode\";s:5:\"45210\";s:13:\"shipping_city\";s:6:\"Banepa\";s:18:\"shipping_address_1\";s:21:\"Banepa-06, Gairi Marg\";s:16:\"shipping_address\";s:21:\"Banepa-06, Gairi Marg\";s:18:\"shipping_address_2\";s:0:\"\";s:14:\"shipping_state\";s:3:\"BAG\";s:16:\"shipping_country\";s:2:\"NP\";s:13:\"is_vat_exempt\";s:0:\"\";s:19:\"calculated_shipping\";s:1:\"1\";s:10:\"first_name\";s:6:\"Yogesh\";s:9:\"last_name\";s:5:\"Suwal\";s:7:\"company\";s:16:\"Tech Deals Nepal\";s:5:\"phone\";s:10:\"9860653358\";s:5:\"email\";s:22:\"honeysuwal88@gmail.com\";s:19:\"shipping_first_name\";s:6:\"Yogesh\";s:18:\"shipping_last_name\";s:5:\"Suwal\";s:16:\"shipping_company\";s:16:\"Tech Deals Nepal\";s:14:\"shipping_phone\";s:0:\"\";}\";s:22:\"shipping_for_package_0\";s:398:\"a:2:{s:12:\"package_hash\";s:40:\"wc_ship_200fa2dfba337de65c77fbb405b74ad9\";s:5:\"rates\";a:1:{s:15:\"free_shipping:1\";O:16:\"WC_Shipping_Rate\":2:{s:7:\"\0*\0data\";a:6:{s:2:\"id\";s:15:\"free_shipping:1\";s:9:\"method_id\";s:13:\"free_shipping\";s:11:\"instance_id\";i:1;s:5:\"label\";s:13:\"Free shipping\";s:4:\"cost\";s:4:\"0.00\";s:5:\"taxes\";a:0:{}}s:12:\"\0*\0meta_data\";a:1:{s:5:\"Items\";s:24:\"Classic Burger &times; 1\";}}}}\";s:25:\"previous_shipping_methods\";s:43:\"a:1:{i:0;a:1:{i:0;s:15:\"free_shipping:1\";}}\";s:23:\"chosen_shipping_methods\";s:33:\"a:1:{i:0;s:15:\"free_shipping:1\";}\";s:22:\"shipping_method_counts\";s:14:\"a:1:{i:0;i:1;}\";s:21:\"chosen_payment_method\";s:3:\"cod\";}', 1701154859);

-- --------------------------------------------------------

--
-- Table structure for table `wp_mcafewoocommerce_shipping_zones`
--

CREATE TABLE `wp_mcafewoocommerce_shipping_zones` (
  `zone_id` bigint(20) UNSIGNED NOT NULL,
  `zone_name` varchar(200) NOT NULL,
  `zone_order` bigint(20) UNSIGNED NOT NULL
) ENGINE=InnoDB DEFAULT CHARSET=utf8mb4 COLLATE=utf8mb4_unicode_520_ci;

--
-- Dumping data for table `wp_mcafewoocommerce_shipping_zones`
--

INSERT INTO `wp_mcafewoocommerce_shipping_zones` (`zone_id`, `zone_name`, `zone_order`) VALUES
(1, 'Nepal', 0);

-- --------------------------------------------------------

--
-- Table structure for table `wp_mcafewoocommerce_shipping_zone_locations`
--

CREATE TABLE `wp_mcafewoocommerce_shipping_zone_locations` (
  `location_id` bigint(20) UNSIGNED NOT NULL,
  `zone_id` bigint(20) UNSIGNED NOT NULL,
  `location_code` varchar(200) NOT NULL,
  `location_type` varchar(40) NOT NULL
) ENGINE=InnoDB DEFAULT CHARSET=utf8mb4 COLLATE=utf8mb4_unicode_520_ci;

--
-- Dumping data for table `wp_mcafewoocommerce_shipping_zone_locations`
--

INSERT INTO `wp_mcafewoocommerce_shipping_zone_locations` (`location_id`, `zone_id`, `location_code`, `location_type`) VALUES
(1, 1, 'NP', 'country');

-- --------------------------------------------------------

--
-- Table structure for table `wp_mcafewoocommerce_shipping_zone_methods`
--

CREATE TABLE `wp_mcafewoocommerce_shipping_zone_methods` (
  `zone_id` bigint(20) UNSIGNED NOT NULL,
  `instance_id` bigint(20) UNSIGNED NOT NULL,
  `method_id` varchar(200) NOT NULL,
  `method_order` bigint(20) UNSIGNED NOT NULL,
  `is_enabled` tinyint(1) NOT NULL DEFAULT 1
) ENGINE=InnoDB DEFAULT CHARSET=utf8mb4 COLLATE=utf8mb4_unicode_520_ci;

--
-- Dumping data for table `wp_mcafewoocommerce_shipping_zone_methods`
--

INSERT INTO `wp_mcafewoocommerce_shipping_zone_methods` (`zone_id`, `instance_id`, `method_id`, `method_order`, `is_enabled`) VALUES
(1, 1, 'free_shipping', 1, 1);

-- --------------------------------------------------------

--
-- Table structure for table `wp_mcafewoocommerce_tax_rates`
--

CREATE TABLE `wp_mcafewoocommerce_tax_rates` (
  `tax_rate_id` bigint(20) UNSIGNED NOT NULL,
  `tax_rate_country` varchar(2) NOT NULL DEFAULT '',
  `tax_rate_state` varchar(200) NOT NULL DEFAULT '',
  `tax_rate` varchar(8) NOT NULL DEFAULT '',
  `tax_rate_name` varchar(200) NOT NULL DEFAULT '',
  `tax_rate_priority` bigint(20) UNSIGNED NOT NULL,
  `tax_rate_compound` int(1) NOT NULL DEFAULT 0,
  `tax_rate_shipping` int(1) NOT NULL DEFAULT 1,
  `tax_rate_order` bigint(20) UNSIGNED NOT NULL,
  `tax_rate_class` varchar(200) NOT NULL DEFAULT ''
) ENGINE=InnoDB DEFAULT CHARSET=utf8mb4 COLLATE=utf8mb4_unicode_520_ci;

-- --------------------------------------------------------

--
-- Table structure for table `wp_mcafewoocommerce_tax_rate_locations`
--

CREATE TABLE `wp_mcafewoocommerce_tax_rate_locations` (
  `location_id` bigint(20) UNSIGNED NOT NULL,
  `location_code` varchar(200) NOT NULL,
  `tax_rate_id` bigint(20) UNSIGNED NOT NULL,
  `location_type` varchar(40) NOT NULL
) ENGINE=InnoDB DEFAULT CHARSET=utf8mb4 COLLATE=utf8mb4_unicode_520_ci;

-- --------------------------------------------------------

--
-- Table structure for table `wp_mcafewpforms_tasks_meta`
--

CREATE TABLE `wp_mcafewpforms_tasks_meta` (
  `id` bigint(20) NOT NULL,
  `action` varchar(255) NOT NULL,
  `data` longtext NOT NULL,
  `date` datetime NOT NULL
) ENGINE=InnoDB DEFAULT CHARSET=utf8mb4 COLLATE=utf8mb4_unicode_520_ci;

--
-- Dumping data for table `wp_mcafewpforms_tasks_meta`
--

INSERT INTO `wp_mcafewpforms_tasks_meta` (`id`, `action`, `data`, `date`) VALUES
(1, 'wpforms_process_forms_locator_scan', 'W10=', '2023-01-16 15:19:40'),
(2, 'wpforms_admin_addons_cache_update', 'W10=', '2023-01-16 15:19:40'),
(3, 'wpforms_admin_builder_templates_cache_update', 'W10=', '2023-01-16 15:19:40');

--
-- Indexes for dumped tables
--

--
-- Indexes for table `wp_mcafeactionscheduler_actions`
--
ALTER TABLE `wp_mcafeactionscheduler_actions`
  ADD PRIMARY KEY (`action_id`),
  ADD KEY `hook` (`hook`),
  ADD KEY `status` (`status`),
  ADD KEY `scheduled_date_gmt` (`scheduled_date_gmt`),
  ADD KEY `args` (`args`),
  ADD KEY `group_id` (`group_id`),
  ADD KEY `last_attempt_gmt` (`last_attempt_gmt`),
  ADD KEY `claim_id_status_scheduled_date_gmt` (`claim_id`,`status`,`scheduled_date_gmt`);

--
-- Indexes for table `wp_mcafeactionscheduler_claims`
--
ALTER TABLE `wp_mcafeactionscheduler_claims`
  ADD PRIMARY KEY (`claim_id`),
  ADD KEY `date_created_gmt` (`date_created_gmt`);

--
-- Indexes for table `wp_mcafeactionscheduler_groups`
--
ALTER TABLE `wp_mcafeactionscheduler_groups`
  ADD PRIMARY KEY (`group_id`),
  ADD KEY `slug` (`slug`(191));

--
-- Indexes for table `wp_mcafeactionscheduler_logs`
--
ALTER TABLE `wp_mcafeactionscheduler_logs`
  ADD PRIMARY KEY (`log_id`),
  ADD KEY `action_id` (`action_id`),
  ADD KEY `log_date_gmt` (`log_date_gmt`);

--
-- Indexes for table `wp_mcafecommentmeta`
--
ALTER TABLE `wp_mcafecommentmeta`
  ADD PRIMARY KEY (`meta_id`),
  ADD KEY `comment_id` (`comment_id`),
  ADD KEY `meta_key` (`meta_key`(191));

--
-- Indexes for table `wp_mcafecomments`
--
ALTER TABLE `wp_mcafecomments`
  ADD PRIMARY KEY (`comment_ID`),
  ADD KEY `comment_post_ID` (`comment_post_ID`),
  ADD KEY `comment_approved_date_gmt` (`comment_approved`,`comment_date_gmt`),
  ADD KEY `comment_date_gmt` (`comment_date_gmt`),
  ADD KEY `comment_parent` (`comment_parent`),
  ADD KEY `comment_author_email` (`comment_author_email`(10)),
  ADD KEY `woo_idx_comment_type` (`comment_type`);

--
-- Indexes for table `wp_mcafee_events`
--
ALTER TABLE `wp_mcafee_events`
  ADD PRIMARY KEY (`id`),
  ADD KEY `created_at_index` (`created_at`);

--
-- Indexes for table `wp_mcafelinks`
--
ALTER TABLE `wp_mcafelinks`
  ADD PRIMARY KEY (`link_id`),
  ADD KEY `link_visible` (`link_visible`);

--
-- Indexes for table `wp_mcafeoptions`
--
ALTER TABLE `wp_mcafeoptions`
  ADD PRIMARY KEY (`option_id`),
  ADD UNIQUE KEY `option_name` (`option_name`),
  ADD KEY `autoload` (`autoload`);

--
-- Indexes for table `wp_mcafepostmeta`
--
ALTER TABLE `wp_mcafepostmeta`
  ADD PRIMARY KEY (`meta_id`),
  ADD KEY `post_id` (`post_id`),
  ADD KEY `meta_key` (`meta_key`(191));

--
-- Indexes for table `wp_mcafeposts`
--
ALTER TABLE `wp_mcafeposts`
  ADD PRIMARY KEY (`ID`),
  ADD KEY `post_name` (`post_name`(191)),
  ADD KEY `type_status_date` (`post_type`,`post_status`,`post_date`,`ID`),
  ADD KEY `post_parent` (`post_parent`),
  ADD KEY `post_author` (`post_author`);

--
-- Indexes for table `wp_mcafetermmeta`
--
ALTER TABLE `wp_mcafetermmeta`
  ADD PRIMARY KEY (`meta_id`),
  ADD KEY `term_id` (`term_id`),
  ADD KEY `meta_key` (`meta_key`(191));

--
-- Indexes for table `wp_mcafeterms`
--
ALTER TABLE `wp_mcafeterms`
  ADD PRIMARY KEY (`term_id`),
  ADD KEY `slug` (`slug`(191)),
  ADD KEY `name` (`name`(191));

--
-- Indexes for table `wp_mcafeterm_relationships`
--
ALTER TABLE `wp_mcafeterm_relationships`
  ADD PRIMARY KEY (`object_id`,`term_taxonomy_id`),
  ADD KEY `term_taxonomy_id` (`term_taxonomy_id`);

--
-- Indexes for table `wp_mcafeterm_taxonomy`
--
ALTER TABLE `wp_mcafeterm_taxonomy`
  ADD PRIMARY KEY (`term_taxonomy_id`),
  ADD UNIQUE KEY `term_id_taxonomy` (`term_id`,`taxonomy`),
  ADD KEY `taxonomy` (`taxonomy`);

--
-- Indexes for table `wp_mcafeusermeta`
--
ALTER TABLE `wp_mcafeusermeta`
  ADD PRIMARY KEY (`umeta_id`),
  ADD KEY `user_id` (`user_id`),
  ADD KEY `meta_key` (`meta_key`(191));

--
-- Indexes for table `wp_mcafeusers`
--
ALTER TABLE `wp_mcafeusers`
  ADD PRIMARY KEY (`ID`),
  ADD KEY `user_login_key` (`user_login`),
  ADD KEY `user_nicename` (`user_nicename`),
  ADD KEY `user_email` (`user_email`);

--
-- Indexes for table `wp_mcafewc_admin_notes`
--
ALTER TABLE `wp_mcafewc_admin_notes`
  ADD PRIMARY KEY (`note_id`);

--
-- Indexes for table `wp_mcafewc_admin_note_actions`
--
ALTER TABLE `wp_mcafewc_admin_note_actions`
  ADD PRIMARY KEY (`action_id`),
  ADD KEY `note_id` (`note_id`);

--
-- Indexes for table `wp_mcafewc_category_lookup`
--
ALTER TABLE `wp_mcafewc_category_lookup`
  ADD PRIMARY KEY (`category_tree_id`,`category_id`);

--
-- Indexes for table `wp_mcafewc_customer_lookup`
--
ALTER TABLE `wp_mcafewc_customer_lookup`
  ADD PRIMARY KEY (`customer_id`),
  ADD UNIQUE KEY `user_id` (`user_id`),
  ADD KEY `email` (`email`);

--
-- Indexes for table `wp_mcafewc_download_log`
--
ALTER TABLE `wp_mcafewc_download_log`
  ADD PRIMARY KEY (`download_log_id`),
  ADD KEY `permission_id` (`permission_id`),
  ADD KEY `timestamp` (`timestamp`);

--
-- Indexes for table `wp_mcafewc_order_coupon_lookup`
--
ALTER TABLE `wp_mcafewc_order_coupon_lookup`
  ADD PRIMARY KEY (`order_id`,`coupon_id`),
  ADD KEY `coupon_id` (`coupon_id`),
  ADD KEY `date_created` (`date_created`);

--
-- Indexes for table `wp_mcafewc_order_product_lookup`
--
ALTER TABLE `wp_mcafewc_order_product_lookup`
  ADD PRIMARY KEY (`order_item_id`),
  ADD KEY `order_id` (`order_id`),
  ADD KEY `product_id` (`product_id`),
  ADD KEY `customer_id` (`customer_id`),
  ADD KEY `date_created` (`date_created`);

--
-- Indexes for table `wp_mcafewc_order_stats`
--
ALTER TABLE `wp_mcafewc_order_stats`
  ADD PRIMARY KEY (`order_id`),
  ADD KEY `date_created` (`date_created`),
  ADD KEY `customer_id` (`customer_id`),
  ADD KEY `status` (`status`(191));

--
-- Indexes for table `wp_mcafewc_order_tax_lookup`
--
ALTER TABLE `wp_mcafewc_order_tax_lookup`
  ADD PRIMARY KEY (`order_id`,`tax_rate_id`),
  ADD KEY `tax_rate_id` (`tax_rate_id`),
  ADD KEY `date_created` (`date_created`);

--
-- Indexes for table `wp_mcafewc_product_attributes_lookup`
--
ALTER TABLE `wp_mcafewc_product_attributes_lookup`
  ADD PRIMARY KEY (`product_or_parent_id`,`term_id`,`product_id`,`taxonomy`),
  ADD KEY `is_variation_attribute_term_id` (`is_variation_attribute`,`term_id`);

--
-- Indexes for table `wp_mcafewc_product_download_directories`
--
ALTER TABLE `wp_mcafewc_product_download_directories`
  ADD PRIMARY KEY (`url_id`),
  ADD KEY `url` (`url`(191));

--
-- Indexes for table `wp_mcafewc_product_meta_lookup`
--
ALTER TABLE `wp_mcafewc_product_meta_lookup`
  ADD PRIMARY KEY (`product_id`),
  ADD KEY `virtual` (`virtual`),
  ADD KEY `downloadable` (`downloadable`),
  ADD KEY `stock_status` (`stock_status`),
  ADD KEY `stock_quantity` (`stock_quantity`),
  ADD KEY `onsale` (`onsale`),
  ADD KEY `min_max_price` (`min_price`,`max_price`);

--
-- Indexes for table `wp_mcafewc_rate_limits`
--
ALTER TABLE `wp_mcafewc_rate_limits`
  ADD PRIMARY KEY (`rate_limit_id`),
  ADD UNIQUE KEY `rate_limit_key` (`rate_limit_key`(191));

--
-- Indexes for table `wp_mcafewc_reserved_stock`
--
ALTER TABLE `wp_mcafewc_reserved_stock`
  ADD PRIMARY KEY (`order_id`,`product_id`);

--
-- Indexes for table `wp_mcafewc_tax_rate_classes`
--
ALTER TABLE `wp_mcafewc_tax_rate_classes`
  ADD PRIMARY KEY (`tax_rate_class_id`),
  ADD UNIQUE KEY `slug` (`slug`(191));

--
-- Indexes for table `wp_mcafewc_webhooks`
--
ALTER TABLE `wp_mcafewc_webhooks`
  ADD PRIMARY KEY (`webhook_id`),
  ADD KEY `user_id` (`user_id`);

--
-- Indexes for table `wp_mcafewoocommerce_api_keys`
--
ALTER TABLE `wp_mcafewoocommerce_api_keys`
  ADD PRIMARY KEY (`key_id`),
  ADD KEY `consumer_key` (`consumer_key`),
  ADD KEY `consumer_secret` (`consumer_secret`);

--
-- Indexes for table `wp_mcafewoocommerce_attribute_taxonomies`
--
ALTER TABLE `wp_mcafewoocommerce_attribute_taxonomies`
  ADD PRIMARY KEY (`attribute_id`),
  ADD KEY `attribute_name` (`attribute_name`(20));

--
-- Indexes for table `wp_mcafewoocommerce_downloadable_product_permissions`
--
ALTER TABLE `wp_mcafewoocommerce_downloadable_product_permissions`
  ADD PRIMARY KEY (`permission_id`),
  ADD KEY `download_order_key_product` (`product_id`,`order_id`,`order_key`(16),`download_id`),
  ADD KEY `download_order_product` (`download_id`,`order_id`,`product_id`),
  ADD KEY `order_id` (`order_id`),
  ADD KEY `user_order_remaining_expires` (`user_id`,`order_id`,`downloads_remaining`,`access_expires`);

--
-- Indexes for table `wp_mcafewoocommerce_log`
--
ALTER TABLE `wp_mcafewoocommerce_log`
  ADD PRIMARY KEY (`log_id`),
  ADD KEY `level` (`level`);

--
-- Indexes for table `wp_mcafewoocommerce_order_itemmeta`
--
ALTER TABLE `wp_mcafewoocommerce_order_itemmeta`
  ADD PRIMARY KEY (`meta_id`),
  ADD KEY `order_item_id` (`order_item_id`),
  ADD KEY `meta_key` (`meta_key`(32));

--
-- Indexes for table `wp_mcafewoocommerce_order_items`
--
ALTER TABLE `wp_mcafewoocommerce_order_items`
  ADD PRIMARY KEY (`order_item_id`),
  ADD KEY `order_id` (`order_id`);

--
-- Indexes for table `wp_mcafewoocommerce_payment_tokenmeta`
--
ALTER TABLE `wp_mcafewoocommerce_payment_tokenmeta`
  ADD PRIMARY KEY (`meta_id`),
  ADD KEY `payment_token_id` (`payment_token_id`),
  ADD KEY `meta_key` (`meta_key`(32));

--
-- Indexes for table `wp_mcafewoocommerce_payment_tokens`
--
ALTER TABLE `wp_mcafewoocommerce_payment_tokens`
  ADD PRIMARY KEY (`token_id`),
  ADD KEY `user_id` (`user_id`);

--
-- Indexes for table `wp_mcafewoocommerce_sessions`
--
ALTER TABLE `wp_mcafewoocommerce_sessions`
  ADD PRIMARY KEY (`session_id`),
  ADD UNIQUE KEY `session_key` (`session_key`);

--
-- Indexes for table `wp_mcafewoocommerce_shipping_zones`
--
ALTER TABLE `wp_mcafewoocommerce_shipping_zones`
  ADD PRIMARY KEY (`zone_id`);

--
-- Indexes for table `wp_mcafewoocommerce_shipping_zone_locations`
--
ALTER TABLE `wp_mcafewoocommerce_shipping_zone_locations`
  ADD PRIMARY KEY (`location_id`),
  ADD KEY `location_id` (`location_id`),
  ADD KEY `location_type_code` (`location_type`(10),`location_code`(20));

--
-- Indexes for table `wp_mcafewoocommerce_shipping_zone_methods`
--
ALTER TABLE `wp_mcafewoocommerce_shipping_zone_methods`
  ADD PRIMARY KEY (`instance_id`);

--
-- Indexes for table `wp_mcafewoocommerce_tax_rates`
--
ALTER TABLE `wp_mcafewoocommerce_tax_rates`
  ADD PRIMARY KEY (`tax_rate_id`),
  ADD KEY `tax_rate_country` (`tax_rate_country`),
  ADD KEY `tax_rate_state` (`tax_rate_state`(2)),
  ADD KEY `tax_rate_class` (`tax_rate_class`(10)),
  ADD KEY `tax_rate_priority` (`tax_rate_priority`);

--
-- Indexes for table `wp_mcafewoocommerce_tax_rate_locations`
--
ALTER TABLE `wp_mcafewoocommerce_tax_rate_locations`
  ADD PRIMARY KEY (`location_id`),
  ADD KEY `tax_rate_id` (`tax_rate_id`),
  ADD KEY `location_type_code` (`location_type`(10),`location_code`(20));

--
-- Indexes for table `wp_mcafewpforms_tasks_meta`
--
ALTER TABLE `wp_mcafewpforms_tasks_meta`
  ADD PRIMARY KEY (`id`);

--
-- AUTO_INCREMENT for dumped tables
--

--
-- AUTO_INCREMENT for table `wp_mcafeactionscheduler_actions`
--
ALTER TABLE `wp_mcafeactionscheduler_actions`
  MODIFY `action_id` bigint(20) UNSIGNED NOT NULL AUTO_INCREMENT, AUTO_INCREMENT=49;

--
-- AUTO_INCREMENT for table `wp_mcafeactionscheduler_claims`
--
ALTER TABLE `wp_mcafeactionscheduler_claims`
  MODIFY `claim_id` bigint(20) UNSIGNED NOT NULL AUTO_INCREMENT, AUTO_INCREMENT=1364;

--
-- AUTO_INCREMENT for table `wp_mcafeactionscheduler_groups`
--
ALTER TABLE `wp_mcafeactionscheduler_groups`
  MODIFY `group_id` bigint(20) UNSIGNED NOT NULL AUTO_INCREMENT, AUTO_INCREMENT=5;

--
-- AUTO_INCREMENT for table `wp_mcafeactionscheduler_logs`
--
ALTER TABLE `wp_mcafeactionscheduler_logs`
  MODIFY `log_id` bigint(20) UNSIGNED NOT NULL AUTO_INCREMENT, AUTO_INCREMENT=117;

--
-- AUTO_INCREMENT for table `wp_mcafecommentmeta`
--
ALTER TABLE `wp_mcafecommentmeta`
  MODIFY `meta_id` bigint(20) UNSIGNED NOT NULL AUTO_INCREMENT;

--
-- AUTO_INCREMENT for table `wp_mcafecomments`
--
ALTER TABLE `wp_mcafecomments`
  MODIFY `comment_ID` bigint(20) UNSIGNED NOT NULL AUTO_INCREMENT, AUTO_INCREMENT=4;

--
-- AUTO_INCREMENT for table `wp_mcafee_events`
--
ALTER TABLE `wp_mcafee_events`
  MODIFY `id` bigint(20) UNSIGNED NOT NULL AUTO_INCREMENT;

--
-- AUTO_INCREMENT for table `wp_mcafelinks`
--
ALTER TABLE `wp_mcafelinks`
  MODIFY `link_id` bigint(20) UNSIGNED NOT NULL AUTO_INCREMENT;

--
-- AUTO_INCREMENT for table `wp_mcafeoptions`
--
ALTER TABLE `wp_mcafeoptions`
  MODIFY `option_id` bigint(20) UNSIGNED NOT NULL AUTO_INCREMENT, AUTO_INCREMENT=3500;

--
-- AUTO_INCREMENT for table `wp_mcafepostmeta`
--
ALTER TABLE `wp_mcafepostmeta`
  MODIFY `meta_id` bigint(20) UNSIGNED NOT NULL AUTO_INCREMENT, AUTO_INCREMENT=5783;

--
-- AUTO_INCREMENT for table `wp_mcafeposts`
--
ALTER TABLE `wp_mcafeposts`
  MODIFY `ID` bigint(20) UNSIGNED NOT NULL AUTO_INCREMENT, AUTO_INCREMENT=1205;

--
-- AUTO_INCREMENT for table `wp_mcafetermmeta`
--
ALTER TABLE `wp_mcafetermmeta`
  MODIFY `meta_id` bigint(20) UNSIGNED NOT NULL AUTO_INCREMENT, AUTO_INCREMENT=12;

--
-- AUTO_INCREMENT for table `wp_mcafeterms`
--
ALTER TABLE `wp_mcafeterms`
  MODIFY `term_id` bigint(20) UNSIGNED NOT NULL AUTO_INCREMENT, AUTO_INCREMENT=21;

--
-- AUTO_INCREMENT for table `wp_mcafeterm_taxonomy`
--
ALTER TABLE `wp_mcafeterm_taxonomy`
  MODIFY `term_taxonomy_id` bigint(20) UNSIGNED NOT NULL AUTO_INCREMENT, AUTO_INCREMENT=21;

--
-- AUTO_INCREMENT for table `wp_mcafeusermeta`
--
ALTER TABLE `wp_mcafeusermeta`
  MODIFY `umeta_id` bigint(20) UNSIGNED NOT NULL AUTO_INCREMENT, AUTO_INCREMENT=63;

--
-- AUTO_INCREMENT for table `wp_mcafeusers`
--
ALTER TABLE `wp_mcafeusers`
  MODIFY `ID` bigint(20) UNSIGNED NOT NULL AUTO_INCREMENT, AUTO_INCREMENT=2;

--
-- AUTO_INCREMENT for table `wp_mcafewc_admin_notes`
--
ALTER TABLE `wp_mcafewc_admin_notes`
  MODIFY `note_id` bigint(20) UNSIGNED NOT NULL AUTO_INCREMENT, AUTO_INCREMENT=75;

--
-- AUTO_INCREMENT for table `wp_mcafewc_admin_note_actions`
--
ALTER TABLE `wp_mcafewc_admin_note_actions`
  MODIFY `action_id` bigint(20) UNSIGNED NOT NULL AUTO_INCREMENT, AUTO_INCREMENT=486;

--
-- AUTO_INCREMENT for table `wp_mcafewc_customer_lookup`
--
ALTER TABLE `wp_mcafewc_customer_lookup`
  MODIFY `customer_id` bigint(20) UNSIGNED NOT NULL AUTO_INCREMENT, AUTO_INCREMENT=2;

--
-- AUTO_INCREMENT for table `wp_mcafewc_download_log`
--
ALTER TABLE `wp_mcafewc_download_log`
  MODIFY `download_log_id` bigint(20) UNSIGNED NOT NULL AUTO_INCREMENT;

--
-- AUTO_INCREMENT for table `wp_mcafewc_product_download_directories`
--
ALTER TABLE `wp_mcafewc_product_download_directories`
  MODIFY `url_id` bigint(20) UNSIGNED NOT NULL AUTO_INCREMENT, AUTO_INCREMENT=3;

--
-- AUTO_INCREMENT for table `wp_mcafewc_rate_limits`
--
ALTER TABLE `wp_mcafewc_rate_limits`
  MODIFY `rate_limit_id` bigint(20) UNSIGNED NOT NULL AUTO_INCREMENT;

--
-- AUTO_INCREMENT for table `wp_mcafewc_tax_rate_classes`
--
ALTER TABLE `wp_mcafewc_tax_rate_classes`
  MODIFY `tax_rate_class_id` bigint(20) UNSIGNED NOT NULL AUTO_INCREMENT, AUTO_INCREMENT=3;

--
-- AUTO_INCREMENT for table `wp_mcafewc_webhooks`
--
ALTER TABLE `wp_mcafewc_webhooks`
  MODIFY `webhook_id` bigint(20) UNSIGNED NOT NULL AUTO_INCREMENT;

--
-- AUTO_INCREMENT for table `wp_mcafewoocommerce_api_keys`
--
ALTER TABLE `wp_mcafewoocommerce_api_keys`
  MODIFY `key_id` bigint(20) UNSIGNED NOT NULL AUTO_INCREMENT;

--
-- AUTO_INCREMENT for table `wp_mcafewoocommerce_attribute_taxonomies`
--
ALTER TABLE `wp_mcafewoocommerce_attribute_taxonomies`
  MODIFY `attribute_id` bigint(20) UNSIGNED NOT NULL AUTO_INCREMENT;

--
-- AUTO_INCREMENT for table `wp_mcafewoocommerce_downloadable_product_permissions`
--
ALTER TABLE `wp_mcafewoocommerce_downloadable_product_permissions`
  MODIFY `permission_id` bigint(20) UNSIGNED NOT NULL AUTO_INCREMENT;

--
-- AUTO_INCREMENT for table `wp_mcafewoocommerce_log`
--
ALTER TABLE `wp_mcafewoocommerce_log`
  MODIFY `log_id` bigint(20) UNSIGNED NOT NULL AUTO_INCREMENT;

--
-- AUTO_INCREMENT for table `wp_mcafewoocommerce_order_itemmeta`
--
ALTER TABLE `wp_mcafewoocommerce_order_itemmeta`
  MODIFY `meta_id` bigint(20) UNSIGNED NOT NULL AUTO_INCREMENT, AUTO_INCREMENT=16;

--
-- AUTO_INCREMENT for table `wp_mcafewoocommerce_order_items`
--
ALTER TABLE `wp_mcafewoocommerce_order_items`
  MODIFY `order_item_id` bigint(20) UNSIGNED NOT NULL AUTO_INCREMENT, AUTO_INCREMENT=3;

--
-- AUTO_INCREMENT for table `wp_mcafewoocommerce_payment_tokenmeta`
--
ALTER TABLE `wp_mcafewoocommerce_payment_tokenmeta`
  MODIFY `meta_id` bigint(20) UNSIGNED NOT NULL AUTO_INCREMENT;

--
-- AUTO_INCREMENT for table `wp_mcafewoocommerce_payment_tokens`
--
ALTER TABLE `wp_mcafewoocommerce_payment_tokens`
  MODIFY `token_id` bigint(20) UNSIGNED NOT NULL AUTO_INCREMENT;

--
-- AUTO_INCREMENT for table `wp_mcafewoocommerce_sessions`
--
ALTER TABLE `wp_mcafewoocommerce_sessions`
  MODIFY `session_id` bigint(20) UNSIGNED NOT NULL AUTO_INCREMENT, AUTO_INCREMENT=36;

--
-- AUTO_INCREMENT for table `wp_mcafewoocommerce_shipping_zones`
--
ALTER TABLE `wp_mcafewoocommerce_shipping_zones`
  MODIFY `zone_id` bigint(20) UNSIGNED NOT NULL AUTO_INCREMENT, AUTO_INCREMENT=2;

--
-- AUTO_INCREMENT for table `wp_mcafewoocommerce_shipping_zone_locations`
--
ALTER TABLE `wp_mcafewoocommerce_shipping_zone_locations`
  MODIFY `location_id` bigint(20) UNSIGNED NOT NULL AUTO_INCREMENT, AUTO_INCREMENT=2;

--
-- AUTO_INCREMENT for table `wp_mcafewoocommerce_shipping_zone_methods`
--
ALTER TABLE `wp_mcafewoocommerce_shipping_zone_methods`
  MODIFY `instance_id` bigint(20) UNSIGNED NOT NULL AUTO_INCREMENT, AUTO_INCREMENT=2;

--
-- AUTO_INCREMENT for table `wp_mcafewoocommerce_tax_rates`
--
ALTER TABLE `wp_mcafewoocommerce_tax_rates`
  MODIFY `tax_rate_id` bigint(20) UNSIGNED NOT NULL AUTO_INCREMENT;

--
-- AUTO_INCREMENT for table `wp_mcafewoocommerce_tax_rate_locations`
--
ALTER TABLE `wp_mcafewoocommerce_tax_rate_locations`
  MODIFY `location_id` bigint(20) UNSIGNED NOT NULL AUTO_INCREMENT;

--
-- AUTO_INCREMENT for table `wp_mcafewpforms_tasks_meta`
--
ALTER TABLE `wp_mcafewpforms_tasks_meta`
  MODIFY `id` bigint(20) NOT NULL AUTO_INCREMENT, AUTO_INCREMENT=15;
COMMIT;

